{"id":1050435,"date":"2022-07-22T18:18:41","date_gmt":"2022-07-22T17:18:41","guid":{"rendered":"https:\/\/theinvisiblecollection.com\/?post_type=product&#038;p=1050435"},"modified":"2026-05-01T07:38:34","modified_gmt":"2026-05-01T07:38:34","slug":"francesco-balzano-table-basse-swan-laque-vert","status":"publish","type":"product","link":"https:\/\/theinvisiblecollection.com\/fr\/produit\/francesco-balzano-table-basse-swan-laque-vert\/","title":{"rendered":"Table Basse Swan Laque Vert"},"content":{"rendered":"<p style=\"text-align: justify;\"><span class=\"TextRun SCXW169848063 BCX0\" lang=\"EN-GB\" xml:lang=\"EN-GB\" data-contrast=\"auto\"><span class=\"NormalTextRun SCXW169848063 BCX0\">La Table Basse Swan, <\/span><span class=\"NormalTextRun SpellingErrorV2Themed SCXW169848063 BCX0\">appartenant<\/span><span class=\"NormalTextRun SCXW169848063 BCX0\"> \u00e0 la collection Swan II,<\/span><\/span><span class=\"TextRun SCXW169848063 BCX0\" lang=\"EN-GB\" xml:lang=\"EN-GB\" data-contrast=\"none\"> <span class=\"NormalTextRun SpellingErrorV2Themed SCXW169848063 BCX0\">est<\/span><span class=\"NormalTextRun SCXW169848063 BCX0\"> le <\/span><span class=\"NormalTextRun SpellingErrorV2Themed SCXW169848063 BCX0\">prolongement<\/span><span class=\"NormalTextRun SCXW169848063 BCX0\"> des deux premi\u00e8res collections<\/span><\/span><span class=\"TextRun SCXW169848063 BCX0\" lang=\"EN-GB\" xml:lang=\"EN-GB\" data-contrast=\"auto\"><span class=\"NormalTextRun SCXW169848063 BCX0\">\u00a0Swan I <\/span><span class=\"NormalTextRun ContextualSpellingAndGrammarErrorV2Themed SCXW169848063 BCX0\">et<\/span><span class=\"NormalTextRun SCXW169848063 BCX0\"> Swan III, <\/span><\/span><span class=\"TextRun SCXW169848063 BCX0\" lang=\"EN-GB\" xml:lang=\"EN-GB\" data-contrast=\"none\"><span class=\"NormalTextRun SpellingErrorV2Themed SCXW169848063 BCX0\">con\u00e7us<\/span> <span class=\"NormalTextRun SpellingErrorV2Themed SCXW169848063 BCX0\">en<\/span> <span class=\"NormalTextRun SpellingErrorV2Themed SCXW169848063 BCX0\">hommage<\/span><span class=\"NormalTextRun SCXW169848063 BCX0\"> au Lac des Cygnes, le ballet de <\/span><span class=\"NormalTextRun SpellingErrorV2Themed SCXW169848063 BCX0\">Tcha\u00efkovski<\/span><\/span><span class=\"TextRun SCXW169848063 BCX0\" lang=\"EN-GB\" xml:lang=\"EN-GB\" data-contrast=\"auto\"><span class=\"NormalTextRun SCXW169848063 BCX0\">. <\/span><span class=\"NormalTextRun SpellingErrorV2Themed SCXW169848063 BCX0\">Ces<\/span> <span class=\"NormalTextRun SpellingErrorV2Themed SCXW169848063 BCX0\">lignes<\/span> <span class=\"NormalTextRun SpellingErrorV2Themed SCXW169848063 BCX0\">subtiles<\/span><span class=\"NormalTextRun SCXW169848063 BCX0\"> et <\/span><span class=\"NormalTextRun SpellingErrorV2Themed SCXW169848063 BCX0\">\u00e9pur\u00e9es<\/span> <span class=\"NormalTextRun SpellingErrorV2Themed SCXW169848063 BCX0\">incarnent<\/span><span class=\"NormalTextRun SCXW169848063 BCX0\"> la vision <\/span><span class=\"NormalTextRun SpellingErrorV2Themed SCXW169848063 BCX0\">avant-gardiste<\/span><span class=\"NormalTextRun SCXW169848063 BCX0\"> de Francesco Balzano, qui <\/span><span class=\"NormalTextRun SpellingErrorV2Themed SCXW169848063 BCX0\">apporte<\/span><span class=\"NormalTextRun SCXW169848063 BCX0\"> sophistication et <\/span><span class=\"NormalTextRun SpellingErrorV2Themed SCXW169848063 BCX0\">raffinement<\/span><span class=\"NormalTextRun SCXW169848063 BCX0\"> \u00e0 <\/span><span class=\"NormalTextRun SpellingErrorV2Themed SCXW169848063 BCX0\">ses<\/span> <span class=\"NormalTextRun SpellingErrorV2Themed SCXW169848063 BCX0\">pi\u00e8ces<\/span> <span class=\"NormalTextRun SpellingErrorV2Themed SCXW169848063 BCX0\">en<\/span> <span class=\"NormalTextRun SpellingErrorV2Themed SCXW169848063 BCX0\">bois<\/span> <span class=\"NormalTextRun SpellingErrorV2Themed SCXW169848063 BCX0\">laqu\u00e9es<\/span><span class=\"NormalTextRun SCXW169848063 BCX0\">.\u00a0\u00a0 <\/span><\/span><span class=\"EOP SCXW169848063 BCX0\" data-ccp-props=\"{&quot;201341983&quot;:0,&quot;335559740&quot;:259}\">\u00a0<\/span><\/p>\n","protected":false},"excerpt":{"rendered":"<p>\u00c9dition limit\u00e9e de 12 pi\u00e8ces, sign\u00e9es et num\u00e9rot\u00e9es par couleur<br \/>\nTable Basse en bois laqu\u00e9, photographi\u00e9e en couleur vert<br \/>\n\u00c9galement disponible en laque couleur <a href=\"https:\/\/theinvisiblecollection.com\/fr\/produit\/francesco-balzano-table-basse-swan-laque\/\" target=\"_blank\" rel=\"noopener\"><span style=\"text-decoration: underline;\">bordeaux<\/span><\/a>\u00a0et <a href=\"https:\/\/theinvisiblecollection.com\/fr\/produit\/francesco-balzano-table-basse-swan-laque-ivoire\/\" target=\"_blank\" rel=\"noopener\"><span style=\"text-decoration: underline;\">ivoire<\/span><\/a><br \/>\n\u00c9galement disponible en <a href=\"https:\/\/theinvisiblecollection.com\/fr\/produit\/francesco-balzano-table-basse-swan-3-onyx\/\" target=\"_blank\" rel=\"noopener\"><span style=\"text-decoration: underline;\">onyx blanc<\/span><\/a> et en <a href=\"https:\/\/theinvisiblecollection.com\/?post_type=product&amp;p=5867071\" target=\"_blank\" rel=\"noopener\"><span style=\"text-decoration: underline;\">marbre<\/span><\/a><br \/>\nDimensions et mat\u00e9riaux sur-mesure sur demande<\/p>\n<p>L 150 x l 66 x H 30 cm<\/p>\n<p class=\"p1\">Fabriqu\u00e9e \u00e0 la main en France<br \/>\nD\u00e9lais de fabrication : 12 &#8211; 14 semaines<\/p>\n<p class=\"p2\"><span style=\"text-decoration: underline;\"><span class=\"s1\"><a href=\"https:\/\/www.theinvisiblecollection.com\/fr\/demande-de-devis\/?product_id=1050435\" target=\"_blank\" rel=\"noopener\">Contactez-nous pour toute demande de devis ou de renseignements<\/a><\/span><\/span><\/p>\n","protected":false},"featured_media":1050469,"template":"","meta":{"_acf_changed":false,"content-type":"","_themeisle_gutenberg_block_has_review":false},"product_brand":[],"product_cat":[7509,12503],"product_tag":[31477,33319],"product_designer":[9965],"comfabric":[],"manufacturer":[16842],"reporting_designer":[37822],"samplecomfabric":[],"designer_clubroom":[],"class_list":{"0":"post-1050435","1":"product","2":"type-product","3":"status-publish","4":"has-post-thumbnail","6":"product_cat-tables-basses-dappoint","7":"product_cat-tables-fr","8":"product_tag-st-curvy-fr","9":"product_tag-edition-limitee","10":"product_designer-francesco-balzano-fr","11":"manufacturer-ateliers-saint-jacques-fonderie-de-coubertin-fr","12":"reporting_designer-francesco-balzano","14":"first","15":"instock","16":"taxable","17":"shipping-taxable","18":"purchasable","19":"product-type-variable"},"acf":[],"_links":{"self":[{"href":"https:\/\/theinvisiblecollection.com\/fr\/wp-json\/wp\/v2\/product\/1050435","targetHints":{"allow":["GET"]}}],"collection":[{"href":"https:\/\/theinvisiblecollection.com\/fr\/wp-json\/wp\/v2\/product"}],"about":[{"href":"https:\/\/theinvisiblecollection.com\/fr\/wp-json\/wp\/v2\/types\/product"}],"wp:featuredmedia":[{"embeddable":true,"href":"https:\/\/theinvisiblecollection.com\/fr\/wp-json\/wp\/v2\/media\/1050469"}],"wp:attachment":[{"href":"https:\/\/theinvisiblecollection.com\/fr\/wp-json\/wp\/v2\/media?parent=1050435"}],"wp:term":[{"taxonomy":"product_brand","embeddable":true,"href":"https:\/\/theinvisiblecollection.com\/fr\/wp-json\/wp\/v2\/product_brand?post=1050435"},{"taxonomy":"product_cat","embeddable":true,"href":"https:\/\/theinvisiblecollection.com\/fr\/wp-json\/wp\/v2\/product_cat?post=1050435"},{"taxonomy":"product_tag","embeddable":true,"href":"https:\/\/theinvisiblecollection.com\/fr\/wp-json\/wp\/v2\/product_tag?post=1050435"},{"taxonomy":"product_designer","embeddable":true,"href":"https:\/\/theinvisiblecollection.com\/fr\/wp-json\/wp\/v2\/product_designer?post=1050435"},{"taxonomy":"comfabric","embeddable":true,"href":"https:\/\/theinvisiblecollection.com\/fr\/wp-json\/wp\/v2\/comfabric?post=1050435"},{"taxonomy":"manufacturer","embeddable":true,"href":"https:\/\/theinvisiblecollection.com\/fr\/wp-json\/wp\/v2\/manufacturer?post=1050435"},{"taxonomy":"reporting_designer","embeddable":true,"href":"https:\/\/theinvisiblecollection.com\/fr\/wp-json\/wp\/v2\/reporting_designer?post=1050435"},{"taxonomy":"samplecomfabric","embeddable":true,"href":"https:\/\/theinvisiblecollection.com\/fr\/wp-json\/wp\/v2\/samplecomfabric?post=1050435"},{"taxonomy":"clubroom_product_designer","embeddable":true,"href":"https:\/\/theinvisiblecollection.com\/fr\/wp-json\/wp\/v2\/designer_clubroom?post=1050435"}],"curies":[{"name":"wp","href":"https:\/\/api.w.org\/{rel}","templated":true}]}}

<p style="text-align: justify;"><span class="TextRun SCXW169848063 BCX0" lang="EN-GB" xml:lang="EN-GB" data-contrast="auto"><span class="NormalTextRun SCXW169848063 BCX0">La Table Basse Swan, </span><span class="NormalTextRun SpellingErrorV2Themed SCXW169848063 BCX0">appartenant</span><span class="NormalTextRun SCXW169848063 BCX0"> à la collection Swan II,</span></span><span class="TextRun SCXW169848063 BCX0" lang="EN-GB" xml:lang="EN-GB" data-contrast="none"> <span class="NormalTextRun SpellingErrorV2Themed SCXW169848063 BCX0">est</span><span class="NormalTextRun SCXW169848063 BCX0"> le </span><span class="NormalTextRun SpellingErrorV2Themed SCXW169848063 BCX0">prolongement</span><span class="NormalTextRun SCXW169848063 BCX0"> des deux premières collections</span></span><span class="TextRun SCXW169848063 BCX0" lang="EN-GB" xml:lang="EN-GB" data-contrast="auto"><span class="NormalTextRun SCXW169848063 BCX0"> Swan I </span><span class="NormalTextRun ContextualSpellingAndGrammarErrorV2Themed SCXW169848063 BCX0">et</span><span class="NormalTextRun SCXW169848063 BCX0"> Swan III, </span></span><span class="TextRun SCXW169848063 BCX0" lang="EN-GB" xml:lang="EN-GB" data-contrast="none"><span class="NormalTextRun SpellingErrorV2Themed SCXW169848063 BCX0">conçus</span> <span class="NormalTextRun SpellingErrorV2Themed SCXW169848063 BCX0">en</span> <span class="NormalTextRun SpellingErrorV2Themed SCXW169848063 BCX0">hommage</span><span class="NormalTextRun SCXW169848063 BCX0"> au Lac des Cygnes, le ballet de </span><span class="NormalTextRun SpellingErrorV2Themed SCXW169848063 BCX0">Tchaïkovski</span></span><span class="TextRun SCXW169848063 BCX0" lang="EN-GB" xml:lang="EN-GB" data-contrast="auto"><span class="NormalTextRun SCXW169848063 BCX0">. </span><span class="NormalTextRun SpellingErrorV2Themed SCXW169848063 BCX0">Ces</span> <span class="NormalTextRun SpellingErrorV2Themed SCXW169848063 BCX0">lignes</span> <span class="NormalTextRun SpellingErrorV2Themed SCXW169848063 BCX0">subtiles</span><span class="NormalTextRun SCXW169848063 BCX0"> et </span><span class="NormalTextRun SpellingErrorV2Themed SCXW169848063 BCX0">épurées</span> <span class="NormalTextRun SpellingErrorV2Themed SCXW169848063 BCX0">incarnent</span><span class="NormalTextRun SCXW169848063 BCX0"> la vision </span><span class="NormalTextRun SpellingErrorV2Themed SCXW169848063 BCX0">avant-gardiste</span><span class="NormalTextRun SCXW169848063 BCX0"> de Francesco Balzano, qui </span><span class="NormalTextRun SpellingErrorV2Themed SCXW169848063 BCX0">apporte</span><span class="NormalTextRun SCXW169848063 BCX0"> sophistication et </span><span class="NormalTextRun SpellingErrorV2Themed SCXW169848063 BCX0">raffinement</span><span class="NormalTextRun SCXW169848063 BCX0"> à </span><span class="NormalTextRun SpellingErrorV2Themed SCXW169848063 BCX0">ses</span> <span class="NormalTextRun SpellingErrorV2Themed SCXW169848063 BCX0">pièces</span> <span class="NormalTextRun SpellingErrorV2Themed SCXW169848063 BCX0">en</span> <span class="NormalTextRun SpellingErrorV2Themed SCXW169848063 BCX0">bois</span> <span class="NormalTextRun SpellingErrorV2Themed SCXW169848063 BCX0">laquées</span><span class="NormalTextRun SCXW169848063 BCX0">.   </span></span><span class="EOP SCXW169848063 BCX0" data-ccp-props="{&quot;201341983&quot;:0,&quot;335559740&quot;:259}"> </span></p>

<p>Édition limitée de 12 pièces, signées et numérotées par couleur<br />
Table Basse en bois laqué, photographiée en couleur vert<br />
Également disponible en laque couleur <a href="https://theinvisiblecollection.com/fr/produit/francesco-balzano-table-basse-swan-laque/" target="_blank" rel="noopener"><span style="text-decoration: underline;">bordeaux</span></a> et <a href="https://theinvisiblecollection.com/fr/produit/francesco-balzano-table-basse-swan-laque-ivoire/" target="_blank" rel="noopener"><span style="text-decoration: underline;">ivoire</span></a><br />
Également disponible en <a href="https://theinvisiblecollection.com/fr/produit/francesco-balzano-table-basse-swan-3-onyx/" target="_blank" rel="noopener"><span style="text-decoration: underline;">onyx blanc</span></a> et en <a href="https://theinvisiblecollection.com/?post_type=product&amp;p=5867071" target="_blank" rel="noopener"><span style="text-decoration: underline;">marbre</span></a><br />
Dimensions et matériaux sur-mesure sur demande</p>
<p>L 150 x l 66 x H 30 cm</p>
<p class="p1">Fabriquée à la main en France<br />
Délais de fabrication : 12 &#8211; 14 semaines</p>
<p class="p2"><span style="text-decoration: underline;"><span class="s1"><a href="https://www.theinvisiblecollection.com/fr/demande-de-devis/?product_id=1050435" target="_blank" rel="noopener">Contactez-nous pour toute demande de devis ou de renseignements</a></span></span></p>
