{"id":111030,"date":"2021-12-23T11:04:34","date_gmt":"2021-12-23T10:04:34","guid":{"rendered":"https:\/\/theinvisiblecollection.com\/?post_type=product&#038;p=111030"},"modified":"2026-05-01T07:39:04","modified_gmt":"2026-05-01T07:39:04","slug":"pierre-bonnefille-table-basse-stone-cuprite-deau","status":"publish","type":"product","link":"https:\/\/theinvisiblecollection.com\/fr\/produit\/pierre-bonnefille-table-basse-stone-cuprite-deau\/","title":{"rendered":"Table Basse Stone A Cuprite d&#8217;Eau"},"content":{"rendered":"<p style=\"text-align: justify;\">Pierre Bonnefille a imagin\u00e9 et pr\u00e9sent\u00e9 cette table basse \u00e0 l&#8217;occasion de son exposition au Mus\u00e9e national des arts asiatiques &#8211; Guimet \u00e0 Paris, en septembre 2021. Allusion po\u00e9tique aux voyages d\u2019exploration de l\u2019artiste, cette table basse est infus\u00e9e de pigments rouges et bronzes et recouverte d&#8217;une r\u00e9sine transparente. Celle-ci est r\u00e9alis\u00e9e \u00e0 la main dans l\u2019atelier de l\u2019artiste \u00e0 Paris en \u00e9dition limit\u00e9e de 8 pi\u00e8ces et 2 \u00e9preuves d&#8217;artiste. L&#8217;\u00e9dition 1\/8 fait d\u00e9sormais partie des collections du MNAAG.<\/p>\n","protected":false},"excerpt":{"rendered":"<p>\u00c9dition limit\u00e9e : 8 pi\u00e8ces + 2 \u00e9preuves d&#8217;artiste<br \/>\nPlateau r\u00e9alis\u00e9 avec une technique mixte sur bois et r\u00e9sine<br \/>\nBase en laiton patin\u00e9<br \/>\n<a href=\"https:\/\/theinvisiblecollection.com\/wp-content\/uploads\/2021\/12\/TheInvisibleCollection_Pierre_Bonnefille_Finishes_Selection_Culprite_D_Eau.pdf\" target=\"_blank\" rel=\"noopener\"><span style=\"text-decoration: underline;\">D\u00e9couvrez la s\u00e9lection de finitions ici<\/span><\/a><br \/>\nDimensions sur-mesure sur demande<\/p>\n<p>Disponible en deux dimensions :<br \/>\nMoyenne : L 130 x l 89 x H 41 cm<br \/>\nGrande : L 170 x l 118 x H 41 cm<\/p>\n<p>Fabriqu\u00e9e \u00e0 la main en France<br \/>\nD\u00e9lais de fabrication : 12 semaines<\/p>\n<p class=\"p1\"><span style=\"text-decoration: underline;\"><span class=\"s1\"><a href=\"https:\/\/www.theinvisiblecollection.com\/fr\/demande-de-devis\/?product_id=111030\" target=\"_blank\" rel=\"noopener\">Contactez-nous pour toute demande de devis ou de renseignements<\/a><\/span><\/span><\/p>\n","protected":false},"featured_media":111045,"template":"","meta":{"_acf_changed":false,"content-type":"","_themeisle_gutenberg_block_has_review":false},"product_brand":[],"product_cat":[7509,12503],"product_tag":[31477,33319,8993,9066,9456,12268,12274,14844,14845,22790],"product_designer":[12266],"comfabric":[],"manufacturer":[16741],"reporting_designer":[37578],"samplecomfabric":[],"designer_clubroom":[],"class_list":{"0":"post-111030","1":"product","2":"type-product","3":"status-publish","4":"has-post-thumbnail","6":"product_cat-tables-basses-dappoint","7":"product_cat-tables-fr","8":"product_tag-st-curvy-fr","9":"product_tag-edition-limitee","10":"product_tag-salon","11":"product_tag-table-basse","12":"product_tag-cabinet","13":"product_tag-atelier-pierre-bonnefille-fr","14":"product_tag-bloc-carbone-fr","15":"product_tag-hpsa-fr","16":"product_tag-hptm-fr","17":"product_tag-disponible-immediatement","18":"pa_size-grand-fr","19":"pa_size-moyenne-l-70-x-l-82-x-h-41-cm","20":"product_designer-pierre-bonnefille-fr","21":"manufacturer-pierre-bonnefille-atelier-1-fr","22":"reporting_designer-pierre-bonnefille","24":"first","25":"instock","26":"taxable","27":"shipping-taxable","28":"purchasable","29":"product-type-variable"},"acf":[],"_links":{"self":[{"href":"https:\/\/theinvisiblecollection.com\/fr\/wp-json\/wp\/v2\/product\/111030","targetHints":{"allow":["GET"]}}],"collection":[{"href":"https:\/\/theinvisiblecollection.com\/fr\/wp-json\/wp\/v2\/product"}],"about":[{"href":"https:\/\/theinvisiblecollection.com\/fr\/wp-json\/wp\/v2\/types\/product"}],"wp:featuredmedia":[{"embeddable":true,"href":"https:\/\/theinvisiblecollection.com\/fr\/wp-json\/wp\/v2\/media\/111045"}],"wp:attachment":[{"href":"https:\/\/theinvisiblecollection.com\/fr\/wp-json\/wp\/v2\/media?parent=111030"}],"wp:term":[{"taxonomy":"product_brand","embeddable":true,"href":"https:\/\/theinvisiblecollection.com\/fr\/wp-json\/wp\/v2\/product_brand?post=111030"},{"taxonomy":"product_cat","embeddable":true,"href":"https:\/\/theinvisiblecollection.com\/fr\/wp-json\/wp\/v2\/product_cat?post=111030"},{"taxonomy":"product_tag","embeddable":true,"href":"https:\/\/theinvisiblecollection.com\/fr\/wp-json\/wp\/v2\/product_tag?post=111030"},{"taxonomy":"product_designer","embeddable":true,"href":"https:\/\/theinvisiblecollection.com\/fr\/wp-json\/wp\/v2\/product_designer?post=111030"},{"taxonomy":"comfabric","embeddable":true,"href":"https:\/\/theinvisiblecollection.com\/fr\/wp-json\/wp\/v2\/comfabric?post=111030"},{"taxonomy":"manufacturer","embeddable":true,"href":"https:\/\/theinvisiblecollection.com\/fr\/wp-json\/wp\/v2\/manufacturer?post=111030"},{"taxonomy":"reporting_designer","embeddable":true,"href":"https:\/\/theinvisiblecollection.com\/fr\/wp-json\/wp\/v2\/reporting_designer?post=111030"},{"taxonomy":"samplecomfabric","embeddable":true,"href":"https:\/\/theinvisiblecollection.com\/fr\/wp-json\/wp\/v2\/samplecomfabric?post=111030"},{"taxonomy":"clubroom_product_designer","embeddable":true,"href":"https:\/\/theinvisiblecollection.com\/fr\/wp-json\/wp\/v2\/designer_clubroom?post=111030"}],"curies":[{"name":"wp","href":"https:\/\/api.w.org\/{rel}","templated":true}]}}

<p style="text-align: justify;">Pierre Bonnefille a imaginé et présenté cette table basse à l&#8217;occasion de son exposition au Musée national des arts asiatiques &#8211; Guimet à Paris, en septembre 2021. Allusion poétique aux voyages d’exploration de l’artiste, cette table basse est infusée de pigments rouges et bronzes et recouverte d&#8217;une résine transparente. Celle-ci est réalisée à la main dans l’atelier de l’artiste à Paris en édition limitée de 8 pièces et 2 épreuves d&#8217;artiste. L&#8217;édition 1/8 fait désormais partie des collections du MNAAG.</p>

<p>Édition limitée : 8 pièces + 2 épreuves d&#8217;artiste<br />
Plateau réalisé avec une technique mixte sur bois et résine<br />
Base en laiton patiné<br />
<a href="https://theinvisiblecollection.com/wp-content/uploads/2021/12/TheInvisibleCollection_Pierre_Bonnefille_Finishes_Selection_Culprite_D_Eau.pdf" target="_blank" rel="noopener"><span style="text-decoration: underline;">Découvrez la sélection de finitions ici</span></a><br />
Dimensions sur-mesure sur demande</p>
<p>Disponible en deux dimensions :<br />
Moyenne : L 130 x l 89 x H 41 cm<br />
Grande : L 170 x l 118 x H 41 cm</p>
<p>Fabriquée à la main en France<br />
Délais de fabrication : 12 semaines</p>
<p class="p1"><span style="text-decoration: underline;"><span class="s1"><a href="https://www.theinvisiblecollection.com/fr/demande-de-devis/?product_id=111030" target="_blank" rel="noopener">Contactez-nous pour toute demande de devis ou de renseignements</a></span></span></p>
