{"id":1117468,"date":"2022-11-09T19:02:12","date_gmt":"2022-11-09T18:02:12","guid":{"rendered":"https:\/\/theinvisiblecollection.com\/?post_type=product&#038;p=1117468"},"modified":"2026-05-01T07:38:34","modified_gmt":"2026-05-01T07:38:34","slug":"alexandre-labruyere-table-a-manger-floa","status":"publish","type":"product","link":"https:\/\/theinvisiblecollection.com\/fr\/produit\/alexandre-labruyere-table-a-manger-floa\/","title":{"rendered":"Table \u00e0 Manger Floa"},"content":{"rendered":"<p style=\"text-align: justify;\"><span data-contrast=\"auto\">La Floa Table d&#8217;Alexandre Labruy\u00e8re, tient son nom du mot anglais floating<\/span><span data-ccp-props=\"{&quot;201341983&quot;:0,&quot;335559740&quot;:259}\">\u00a0<\/span><span data-contrast=\"auto\">en r\u00e9f\u00e9rence \u00e0 la l\u00e9g\u00e8ret\u00e9 d&#8217;un \u00e9l\u00e9ment en l\u00e9vitation : &#8220;Comme en apesanteur, la forme cherche \u00e0 s&#8217;\u00e9manciper de sa fonction pour exprimer la l\u00e9g\u00e8ret\u00e9&#8221;, explique Alexandre Labruy\u00e8re. Le plateau semble flotter au-dessus d&#8217;une autre surface, cr\u00e9ant ainsi un espace vide entre eux. Le contraste des couleurs renforce l&#8217;impression de suspension, et soulignant son extr\u00eame l\u00e9g\u00e8ret\u00e9.<\/span><span data-ccp-props=\"{&quot;201341983&quot;:0,&quot;335559740&quot;:259}\">\u00a0<\/span><span data-contrast=\"auto\">\u00c9quilibrant finesse et solidit\u00e9, la table Floa est enti\u00e8rement sculpt\u00e9e \u00e0 la main. <\/span><span data-contrast=\"auto\">Chaque meuble est fabriqu\u00e9 sur commande et sur mesure. Les mat\u00e9riaux &#8211; ch\u00eane, fr\u00eane, sycomore et ch\u00eane rouge &#8211; proviennent d&#8217;une s\u00e9lection rigoureuse d&#8217;arbres choisis dans une scierie fran\u00e7aise g\u00e9r\u00e9e de mani\u00e8re responsable.<\/span><span data-ccp-props=\"{&quot;201341983&quot;:0,&quot;335559740&quot;:259}\">\u00a0<\/span><\/p>\n","protected":false},"excerpt":{"rendered":"<p>Table en ch\u00eane massif avec huile naturelle<br \/>\nPlateau inf\u00e9rieur en huile teint\u00e9e noir profond<br \/>\nFinition en cire d&#8217;abeille<br \/>\nPi\u00e8ce num\u00e9rot\u00e9e et sign\u00e9e<br \/>\nMat\u00e9riaux, dimensions et finitions sur-mesure sur demande<\/p>\n<p>L 190 x l 90 x H 75 cm<\/p>\n<p>Fabriqu\u00e9e \u00e0 la main en France<br \/>\nD\u00e9lais de fabrication : 6 &#8211; 8 semaines<\/p>\n<p><span style=\"text-decoration: underline;\"><span class=\"s1\"><a href=\"https:\/\/www.theinvisiblecollection.com\/fr\/contact-produit\/?product_id=1117468\">Contactez-nous pour toute demande de devis ou de renseignement<\/a><\/span><\/span><\/p>\n","protected":false},"featured_media":1117931,"template":"","meta":{"_acf_changed":false,"content-type":"","_themeisle_gutenberg_block_has_review":false},"product_brand":[],"product_cat":[8977,12503],"product_tag":[11335,31477],"product_designer":[19922],"comfabric":[],"manufacturer":[19920],"reporting_designer":[37636],"samplecomfabric":[],"designer_clubroom":[],"class_list":{"0":"post-1117468","1":"product","2":"type-product","3":"status-publish","4":"has-post-thumbnail","6":"product_cat-tables-salle-a-manger","7":"product_cat-tables-fr","8":"product_tag-eco-design","9":"product_tag-st-curvy-fr","10":"pa_wood-frene-brule","11":"pa_wood-noyer","12":"product_designer-alexandre-labruyere-fr","13":"manufacturer-alexandre-labruyre-atelier-la-cofabrik-fr","14":"reporting_designer-alexandre-labruyere","16":"first","17":"instock","18":"taxable","19":"shipping-taxable","20":"purchasable","21":"product-type-simple"},"acf":[],"_links":{"self":[{"href":"https:\/\/theinvisiblecollection.com\/fr\/wp-json\/wp\/v2\/product\/1117468","targetHints":{"allow":["GET"]}}],"collection":[{"href":"https:\/\/theinvisiblecollection.com\/fr\/wp-json\/wp\/v2\/product"}],"about":[{"href":"https:\/\/theinvisiblecollection.com\/fr\/wp-json\/wp\/v2\/types\/product"}],"wp:featuredmedia":[{"embeddable":true,"href":"https:\/\/theinvisiblecollection.com\/fr\/wp-json\/wp\/v2\/media\/1117931"}],"wp:attachment":[{"href":"https:\/\/theinvisiblecollection.com\/fr\/wp-json\/wp\/v2\/media?parent=1117468"}],"wp:term":[{"taxonomy":"product_brand","embeddable":true,"href":"https:\/\/theinvisiblecollection.com\/fr\/wp-json\/wp\/v2\/product_brand?post=1117468"},{"taxonomy":"product_cat","embeddable":true,"href":"https:\/\/theinvisiblecollection.com\/fr\/wp-json\/wp\/v2\/product_cat?post=1117468"},{"taxonomy":"product_tag","embeddable":true,"href":"https:\/\/theinvisiblecollection.com\/fr\/wp-json\/wp\/v2\/product_tag?post=1117468"},{"taxonomy":"product_designer","embeddable":true,"href":"https:\/\/theinvisiblecollection.com\/fr\/wp-json\/wp\/v2\/product_designer?post=1117468"},{"taxonomy":"comfabric","embeddable":true,"href":"https:\/\/theinvisiblecollection.com\/fr\/wp-json\/wp\/v2\/comfabric?post=1117468"},{"taxonomy":"manufacturer","embeddable":true,"href":"https:\/\/theinvisiblecollection.com\/fr\/wp-json\/wp\/v2\/manufacturer?post=1117468"},{"taxonomy":"reporting_designer","embeddable":true,"href":"https:\/\/theinvisiblecollection.com\/fr\/wp-json\/wp\/v2\/reporting_designer?post=1117468"},{"taxonomy":"samplecomfabric","embeddable":true,"href":"https:\/\/theinvisiblecollection.com\/fr\/wp-json\/wp\/v2\/samplecomfabric?post=1117468"},{"taxonomy":"clubroom_product_designer","embeddable":true,"href":"https:\/\/theinvisiblecollection.com\/fr\/wp-json\/wp\/v2\/designer_clubroom?post=1117468"}],"curies":[{"name":"wp","href":"https:\/\/api.w.org\/{rel}","templated":true}]}}

Table à Manger Floa

<p style="text-align: justify;"><span data-contrast="auto">La Floa Table d&#8217;Alexandre Labruyère, tient son nom du mot anglais floating</span><span data-ccp-props="{&quot;201341983&quot;:0,&quot;335559740&quot;:259}"> </span><span data-contrast="auto">en référence à la légèreté d&#8217;un élément en lévitation : &#8220;Comme en apesanteur, la forme cherche à s&#8217;émanciper de sa fonction pour exprimer la légèreté&#8221;, explique Alexandre Labruyère. Le plateau semble flotter au-dessus d&#8217;une autre surface, créant ainsi un espace vide entre eux. Le contraste des couleurs renforce l&#8217;impression de suspension, et soulignant son extrême légèreté.</span><span data-ccp-props="{&quot;201341983&quot;:0,&quot;335559740&quot;:259}"> </span><span data-contrast="auto">Équilibrant finesse et solidité, la table Floa est entièrement sculptée à la main. </span><span data-contrast="auto">Chaque meuble est fabriqué sur commande et sur mesure. Les matériaux &#8211; chêne, frêne, sycomore et chêne rouge &#8211; proviennent d&#8217;une sélection rigoureuse d&#8217;arbres choisis dans une scierie française gérée de manière responsable.</span><span data-ccp-props="{&quot;201341983&quot;:0,&quot;335559740&quot;:259}"> </span></p>

<p>Table en chêne massif avec huile naturelle<br />
Plateau inférieur en huile teintée noir profond<br />
Finition en cire d&#8217;abeille<br />
Pièce numérotée et signée<br />
Matériaux, dimensions et finitions sur-mesure sur demande</p>
<p>L 190 x l 90 x H 75 cm</p>
<p>Fabriquée à la main en France<br />
Délais de fabrication : 6 &#8211; 8 semaines</p>
<p><span style="text-decoration: underline;"><span class="s1"><a href="https://www.theinvisiblecollection.com/fr/contact-produit/?product_id=1117468">Contactez-nous pour toute demande de devis ou de renseignement</a></span></span></p>
