{"id":120242,"date":"2022-02-21T17:42:22","date_gmt":"2022-02-21T16:42:22","guid":{"rendered":"https:\/\/theinvisiblecollection.com\/?post_type=product&#038;p=120242"},"modified":"2026-05-01T07:38:59","modified_gmt":"2026-05-01T07:38:59","slug":"michel-daniel-bismut-bibliotheque-cubes","status":"publish","type":"product","link":"https:\/\/theinvisiblecollection.com\/fr\/produit\/michel-daniel-bismut-bibliotheque-cubes\/","title":{"rendered":"Biblioth\u00e8que Cubes"},"content":{"rendered":"","protected":false},"excerpt":{"rendered":"<p>Biblioth\u00e8que avec \u00e9tag\u00e8res en marbre Br\u00e8che de M\u00e9dicis<br \/>\nStructure en acier patin\u00e9 anthracite<br \/>\nDimensions sur-mesure sur demande<\/p>\n<p>L 380 x l 75 x H 325 cm<\/p>\n<p>Fabriqu\u00e9e \u00e0 la main en France<br \/>\nD\u00e9lais de fabrication : 9 \u2013 14 semaines<br \/>\n<span style=\"text-decoration: underline;\"><a href=\"https:\/\/theinvisiblecollection.com\/fr\/nous-contacter\/?product_id=120242\" target=\"_blank\" rel=\"noopener\">Contactez-nous pour toute demande de devis ou de renseignements<\/a><\/span><\/p>\n<div class=\"pro-desc-sec\">\n<div class=\"pro-download-btn\"><\/div>\n<\/div>\n","protected":false},"featured_media":121527,"template":"","meta":{"_acf_changed":false,"content-type":"","_themeisle_gutenberg_block_has_review":false},"product_brand":[],"product_cat":[8956,12505],"product_tag":[],"product_designer":[8904],"comfabric":[],"manufacturer":[19999],"reporting_designer":[37761],"samplecomfabric":[],"designer_clubroom":[],"class_list":{"0":"post-120242","1":"product","2":"type-product","3":"status-publish","4":"has-post-thumbnail","6":"product_cat-bibliotheques","7":"product_cat-rangements","8":"product_designer-bismut-bismut-fr","9":"manufacturer-kubic-massimo-fr","10":"reporting_designer-bismut-bismut","12":"first","13":"instock","14":"taxable","15":"shipping-taxable","16":"purchasable","17":"product-type-simple"},"acf":[],"_links":{"self":[{"href":"https:\/\/theinvisiblecollection.com\/fr\/wp-json\/wp\/v2\/product\/120242","targetHints":{"allow":["GET"]}}],"collection":[{"href":"https:\/\/theinvisiblecollection.com\/fr\/wp-json\/wp\/v2\/product"}],"about":[{"href":"https:\/\/theinvisiblecollection.com\/fr\/wp-json\/wp\/v2\/types\/product"}],"wp:featuredmedia":[{"embeddable":true,"href":"https:\/\/theinvisiblecollection.com\/fr\/wp-json\/wp\/v2\/media\/121527"}],"wp:attachment":[{"href":"https:\/\/theinvisiblecollection.com\/fr\/wp-json\/wp\/v2\/media?parent=120242"}],"wp:term":[{"taxonomy":"product_brand","embeddable":true,"href":"https:\/\/theinvisiblecollection.com\/fr\/wp-json\/wp\/v2\/product_brand?post=120242"},{"taxonomy":"product_cat","embeddable":true,"href":"https:\/\/theinvisiblecollection.com\/fr\/wp-json\/wp\/v2\/product_cat?post=120242"},{"taxonomy":"product_tag","embeddable":true,"href":"https:\/\/theinvisiblecollection.com\/fr\/wp-json\/wp\/v2\/product_tag?post=120242"},{"taxonomy":"product_designer","embeddable":true,"href":"https:\/\/theinvisiblecollection.com\/fr\/wp-json\/wp\/v2\/product_designer?post=120242"},{"taxonomy":"comfabric","embeddable":true,"href":"https:\/\/theinvisiblecollection.com\/fr\/wp-json\/wp\/v2\/comfabric?post=120242"},{"taxonomy":"manufacturer","embeddable":true,"href":"https:\/\/theinvisiblecollection.com\/fr\/wp-json\/wp\/v2\/manufacturer?post=120242"},{"taxonomy":"reporting_designer","embeddable":true,"href":"https:\/\/theinvisiblecollection.com\/fr\/wp-json\/wp\/v2\/reporting_designer?post=120242"},{"taxonomy":"samplecomfabric","embeddable":true,"href":"https:\/\/theinvisiblecollection.com\/fr\/wp-json\/wp\/v2\/samplecomfabric?post=120242"},{"taxonomy":"clubroom_product_designer","embeddable":true,"href":"https:\/\/theinvisiblecollection.com\/fr\/wp-json\/wp\/v2\/designer_clubroom?post=120242"}],"curies":[{"name":"wp","href":"https:\/\/api.w.org\/{rel}","templated":true}]}}

Bibliothèque Cubes

<p>Bibliothèque avec étagères en marbre Brèche de Médicis<br />
Structure en acier patiné anthracite<br />
Dimensions sur-mesure sur demande</p>
<p>L 380 x l 75 x H 325 cm</p>
<p>Fabriquée à la main en France<br />
Délais de fabrication : 9 – 14 semaines<br />
<span style="text-decoration: underline;"><a href="https://theinvisiblecollection.com/fr/nous-contacter/?product_id=120242" target="_blank" rel="noopener">Contactez-nous pour toute demande de devis ou de renseignements</a></span></p>
<div class="pro-desc-sec">
<div class="pro-download-btn"></div>
</div>
