{"id":1204463,"date":"2025-02-25T13:52:59","date_gmt":"2025-02-25T13:52:59","guid":{"rendered":"https:\/\/theinvisiblecollection.com\/?post_type=product&#038;p=1204463"},"modified":"2026-05-01T07:38:27","modified_gmt":"2026-05-01T07:38:27","slug":"flores-design-table-dappoint-pouf-ocre","status":"publish","type":"product","link":"https:\/\/theinvisiblecollection.com\/fr\/produit\/flores-design-table-dappoint-pouf-ocre\/","title":{"rendered":"Table D&#8217;Appoint Pouf Ocre"},"content":{"rendered":"","protected":false},"excerpt":{"rendered":"<p>\u00c9dition limit\u00e9e de 5 pi\u00e8ces<br \/>\nTable d&#8217;appoint pouf en c\u00e9ramique avec une finition \u00e9maill\u00e9e<br \/>\nPhotographi\u00e9 ici dans des tons ocres<br \/>\n\u00c9galement disponible dans des <a href=\"https:\/\/theinvisiblecollection.com\/product\/flores-design-side-table-pouf-dark-blue\/\" target=\"_blank\" rel=\"noopener\">tons bleus fonc\u00e9s<\/a><br \/>\nChaque pi\u00e8ce est unique et pr\u00e9sente des variations uniques dans les finitions et les dimensions dues au processus de fabrication \u00e0 la main<\/p>\n<p>L 39 x l 38 x H 30.5 cm<\/p>\n<p>Fabriqu\u00e9e \u00e0 la main en Europe<br \/>\nD\u00e9lais de fabrication : 16 semaines<\/p>\n<p class=\"p1\"><span style=\"text-decoration: underline;\"><span class=\"s1\"><a href=\"https:\/\/www.theinvisiblecollection.com\/fr\/demande-de-devis\/?product_id=1204463\" target=\"_blank\" rel=\"noopener\">Contactez-nous pour toute demande de devis ou de renseignements<\/a><\/span><\/span><\/p>\n","protected":false},"featured_media":5055069,"template":"","meta":{"_acf_changed":false,"content-type":"","_themeisle_gutenberg_block_has_review":false},"product_brand":[],"product_cat":[10549,12332,12503,12514],"product_tag":[10140,31475,31477,35206],"product_designer":[17938],"comfabric":[],"manufacturer":[17936],"reporting_designer":[37836],"samplecomfabric":[],"designer_clubroom":[],"class_list":{"0":"post-1204463","1":"product","2":"type-product","3":"status-publish","4":"has-post-thumbnail","6":"product_cat-mobilier-dexterieur","7":"product_cat-tables-dappoint","8":"product_cat-tables-fr","9":"product_cat-tables-de-chevet","10":"product_tag-mobilier-exterieur-fr","11":"product_tag-st-ceramic-fr","12":"product_tag-st-curvy-fr","13":"product_tag-exclusive-fr","14":"pa_size-option-a-fr","15":"pa_size-option-b-fr","16":"pa_size-option-c-fr","17":"product_designer-flores-design","18":"manufacturer-flores-design","19":"reporting_designer-flores","21":"first","22":"instock","23":"featured","24":"taxable","25":"shipping-taxable","26":"purchasable","27":"product-type-variable"},"acf":[],"_links":{"self":[{"href":"https:\/\/theinvisiblecollection.com\/fr\/wp-json\/wp\/v2\/product\/1204463","targetHints":{"allow":["GET"]}}],"collection":[{"href":"https:\/\/theinvisiblecollection.com\/fr\/wp-json\/wp\/v2\/product"}],"about":[{"href":"https:\/\/theinvisiblecollection.com\/fr\/wp-json\/wp\/v2\/types\/product"}],"wp:featuredmedia":[{"embeddable":true,"href":"https:\/\/theinvisiblecollection.com\/fr\/wp-json\/wp\/v2\/media\/5055069"}],"wp:attachment":[{"href":"https:\/\/theinvisiblecollection.com\/fr\/wp-json\/wp\/v2\/media?parent=1204463"}],"wp:term":[{"taxonomy":"product_brand","embeddable":true,"href":"https:\/\/theinvisiblecollection.com\/fr\/wp-json\/wp\/v2\/product_brand?post=1204463"},{"taxonomy":"product_cat","embeddable":true,"href":"https:\/\/theinvisiblecollection.com\/fr\/wp-json\/wp\/v2\/product_cat?post=1204463"},{"taxonomy":"product_tag","embeddable":true,"href":"https:\/\/theinvisiblecollection.com\/fr\/wp-json\/wp\/v2\/product_tag?post=1204463"},{"taxonomy":"product_designer","embeddable":true,"href":"https:\/\/theinvisiblecollection.com\/fr\/wp-json\/wp\/v2\/product_designer?post=1204463"},{"taxonomy":"comfabric","embeddable":true,"href":"https:\/\/theinvisiblecollection.com\/fr\/wp-json\/wp\/v2\/comfabric?post=1204463"},{"taxonomy":"manufacturer","embeddable":true,"href":"https:\/\/theinvisiblecollection.com\/fr\/wp-json\/wp\/v2\/manufacturer?post=1204463"},{"taxonomy":"reporting_designer","embeddable":true,"href":"https:\/\/theinvisiblecollection.com\/fr\/wp-json\/wp\/v2\/reporting_designer?post=1204463"},{"taxonomy":"samplecomfabric","embeddable":true,"href":"https:\/\/theinvisiblecollection.com\/fr\/wp-json\/wp\/v2\/samplecomfabric?post=1204463"},{"taxonomy":"clubroom_product_designer","embeddable":true,"href":"https:\/\/theinvisiblecollection.com\/fr\/wp-json\/wp\/v2\/designer_clubroom?post=1204463"}],"curies":[{"name":"wp","href":"https:\/\/api.w.org\/{rel}","templated":true}]}}

<p>Édition limitée de 5 pièces<br />
Table d&#8217;appoint pouf en céramique avec une finition émaillée<br />
Photographié ici dans des tons ocres<br />
Également disponible dans des <a href="https://theinvisiblecollection.com/product/flores-design-side-table-pouf-dark-blue/" target="_blank" rel="noopener">tons bleus foncés</a><br />
Chaque pièce est unique et présente des variations uniques dans les finitions et les dimensions dues au processus de fabrication à la main</p>
<p>L 39 x l 38 x H 30.5 cm</p>
<p>Fabriquée à la main en Europe<br />
Délais de fabrication : 16 semaines</p>
<p class="p1"><span style="text-decoration: underline;"><span class="s1"><a href="https://www.theinvisiblecollection.com/fr/demande-de-devis/?product_id=1204463" target="_blank" rel="noopener">Contactez-nous pour toute demande de devis ou de renseignements</a></span></span></p>
