{"id":123652,"date":"2022-03-11T17:18:08","date_gmt":"2022-03-11T16:18:08","guid":{"rendered":"https:\/\/theinvisiblecollection.com\/?post_type=product&#038;p=123652"},"modified":"2026-05-01T07:38:59","modified_gmt":"2026-05-01T07:38:59","slug":"victoria-maria-geyer-canape-wenceslas","status":"publish","type":"product","link":"https:\/\/theinvisiblecollection.com\/fr\/produit\/victoria-maria-geyer-canape-wenceslas\/","title":{"rendered":"Canap\u00e9 Wenceslas"},"content":{"rendered":"","protected":false},"excerpt":{"rendered":"<p>Canap\u00e9 photographi\u00e9 ici en tissu Aeneas de Jim Thompson, couleur carnival<br \/>\n<span style=\"text-decoration: underline;\"><a href=\"https:\/\/theinvisiblecollection.com\/wp-content\/uploads\/2022\/03\/TheInvisibleCollection_PierreFrey_FabricSelection_wenceslas_.pdf\" target=\"_blank\" rel=\"noopener\">D\u00e9couvrez la s\u00e9lection de tissus ici<\/a><\/span><br \/>\nTissus et dimensions sur-mesure sur demande<\/p>\n<p>L 220 x l 85 x H 70 cm<br \/>\nHauteur d&#8217;assise : 38 cm<br \/>\nTissu requis : 15 m<\/p>\n<p><p class=\"p1\">Fabriqu\u00e9 \u00e0 la main au Portugal<br \/>\nD\u00e9lais de fabrication : 8 semaines<\/p>\n<p class=\"p2\"><span class=\"s1\"><a href=\"https:\/\/www.theinvisiblecollection.com\/demande-de-devis\/?product_id=123652\" target=\"_blank\" rel=\"noopener\">Contactez-nous pour toute demande de devis ou de renseignements<\/a><\/span><\/p><\/p>\n","protected":false},"featured_media":123595,"template":"","meta":{"_acf_changed":false,"content-type":"","_themeisle_gutenberg_block_has_review":false},"product_brand":[],"product_cat":[12499,8976],"product_tag":[35326,31477],"product_designer":[8920],"comfabric":[],"manufacturer":[33446],"reporting_designer":[37355],"samplecomfabric":[],"designer_clubroom":[],"class_list":{"0":"post-123652","1":"product","2":"type-product","3":"status-publish","4":"has-post-thumbnail","6":"product_cat-assises","7":"product_cat-canapes","8":"product_tag-st-scandinavian-fr","9":"product_tag-st-curvy-fr","10":"pa_fabric-en-blanc-sans-tissu-fr","11":"pa_fabric-jim-thompson-tissu-aeneas","12":"pa_fabric-pierre-frey-tissu-collobrieres","13":"pa_fabric-pierre-frey-tissu-esteban","14":"pa_fabric-pierre-frey-teddy-mohair-fr","15":"product_designer-victoria-maria-geyer-fr","16":"manufacturer-jos-manuel-leite-de-castro-fr","17":"reporting_designer-victoria-maria-geyer","19":"first","20":"instock","21":"taxable","22":"shipping-taxable","23":"purchasable","24":"product-type-variable"},"acf":[],"_links":{"self":[{"href":"https:\/\/theinvisiblecollection.com\/fr\/wp-json\/wp\/v2\/product\/123652","targetHints":{"allow":["GET"]}}],"collection":[{"href":"https:\/\/theinvisiblecollection.com\/fr\/wp-json\/wp\/v2\/product"}],"about":[{"href":"https:\/\/theinvisiblecollection.com\/fr\/wp-json\/wp\/v2\/types\/product"}],"wp:featuredmedia":[{"embeddable":true,"href":"https:\/\/theinvisiblecollection.com\/fr\/wp-json\/wp\/v2\/media\/123595"}],"wp:attachment":[{"href":"https:\/\/theinvisiblecollection.com\/fr\/wp-json\/wp\/v2\/media?parent=123652"}],"wp:term":[{"taxonomy":"product_brand","embeddable":true,"href":"https:\/\/theinvisiblecollection.com\/fr\/wp-json\/wp\/v2\/product_brand?post=123652"},{"taxonomy":"product_cat","embeddable":true,"href":"https:\/\/theinvisiblecollection.com\/fr\/wp-json\/wp\/v2\/product_cat?post=123652"},{"taxonomy":"product_tag","embeddable":true,"href":"https:\/\/theinvisiblecollection.com\/fr\/wp-json\/wp\/v2\/product_tag?post=123652"},{"taxonomy":"product_designer","embeddable":true,"href":"https:\/\/theinvisiblecollection.com\/fr\/wp-json\/wp\/v2\/product_designer?post=123652"},{"taxonomy":"comfabric","embeddable":true,"href":"https:\/\/theinvisiblecollection.com\/fr\/wp-json\/wp\/v2\/comfabric?post=123652"},{"taxonomy":"manufacturer","embeddable":true,"href":"https:\/\/theinvisiblecollection.com\/fr\/wp-json\/wp\/v2\/manufacturer?post=123652"},{"taxonomy":"reporting_designer","embeddable":true,"href":"https:\/\/theinvisiblecollection.com\/fr\/wp-json\/wp\/v2\/reporting_designer?post=123652"},{"taxonomy":"samplecomfabric","embeddable":true,"href":"https:\/\/theinvisiblecollection.com\/fr\/wp-json\/wp\/v2\/samplecomfabric?post=123652"},{"taxonomy":"clubroom_product_designer","embeddable":true,"href":"https:\/\/theinvisiblecollection.com\/fr\/wp-json\/wp\/v2\/designer_clubroom?post=123652"}],"curies":[{"name":"wp","href":"https:\/\/api.w.org\/{rel}","templated":true}]}}

Canapé Wenceslas

<p>Canapé photographié ici en tissu Aeneas de Jim Thompson, couleur carnival<br />
<span style="text-decoration: underline;"><a href="https://theinvisiblecollection.com/wp-content/uploads/2022/03/TheInvisibleCollection_PierreFrey_FabricSelection_wenceslas_.pdf" target="_blank" rel="noopener">Découvrez la sélection de tissus ici</a></span><br />
Tissus et dimensions sur-mesure sur demande</p>
<p>L 220 x l 85 x H 70 cm<br />
Hauteur d&#8217;assise : 38 cm<br />
Tissu requis : 15 m</p>
<p><p class="p1">Fabriqué à la main au Portugal<br />
Délais de fabrication : 8 semaines</p>
<p class="p2"><span class="s1"><a href="https://www.theinvisiblecollection.com/demande-de-devis/?product_id=123652" target="_blank" rel="noopener">Contactez-nous pour toute demande de devis ou de renseignements</a></span></p></p>
