{"id":124345,"date":"2022-03-16T12:26:24","date_gmt":"2022-03-16T11:26:24","guid":{"rendered":"https:\/\/theinvisiblecollection.com\/?post_type=product&#038;p=124345"},"modified":"2026-05-01T07:38:57","modified_gmt":"2026-05-01T07:38:57","slug":"duvelleroy-eventail-plumes-graphiques-asymetrique-dore","status":"publish","type":"product","link":"https:\/\/theinvisiblecollection.com\/fr\/produit\/duvelleroy-eventail-plumes-graphiques-asymetrique-dore\/","title":{"rendered":"\u00c9ventail Plumes Graphiques Asym\u00e9trique Dor\u00e9"},"content":{"rendered":"<p style=\"text-align: justify;\">Con\u00e7u par Duvelleroy<\/p>\n<p style=\"text-align: justify;\"><span data-contrast=\"auto\"><em>Inspiration<\/em> : ce mod\u00e8le est inspir\u00e9 des coiffes am\u00e9rindiennes et d\u2019un classique du patrimoine de la maison originelle Duvelleroy, l\u2019Aigle de Hongrie. Ces cr\u00e9ations mettent \u00e0 l\u2019honneur la plume et son dessin, son graphisme naturel. Pour ce mod\u00e8le, l\u2019accent est mis sur la taille d\u00e9croissante des plumes.<\/span><span data-ccp-props=\"{&quot;201341983&quot;:0,&quot;335559740&quot;:259}\">\u00a0<\/span><\/p>\n<p style=\"text-align: justify;\"><span data-contrast=\"auto\"><em>Savoir-faire :<\/em> Cette cr\u00e9ation requiert un long travail de tri des plumes afin de les appairer et de les agencer au mieux. La monture de cette cr\u00e9ation est sp\u00e9cifique de par sa mati\u00e8re, la Galalithe, litt\u00e9ralement \u00ab pierre de lait \u00bb, mat\u00e9riau artificiel tout en \u00e9tant enti\u00e8rement biod\u00e9gradable remis au go\u00fbt du jour par la maison.<\/span><span data-ccp-props=\"{&quot;201341983&quot;:0,&quot;335559740&quot;:259}\">\u00a0<\/span><\/p>\n","protected":false},"excerpt":{"rendered":"<p>Duvelleroy<\/p>\n<p>Soie et plumes de cygne<br \/>\nMonture en galalithe<br \/>\nDisponible en or, rouge ou bleu<\/p>\n<p>L 42 x H 24 cm<\/p>\n<p>Fabriqu\u00e9 \u00e0 la main en France<br \/>\nD\u00e9lai de production : 3 semaines minimum<\/p>\n<p class=\"p1\"><span style=\"text-decoration: underline;\"><span class=\"s1\"><a href=\"https:\/\/www.theinvisiblecollection.com\/fr\/contact-produit\/?product_id=124345\" target=\"_blank\" rel=\"noopener\">Contactez-nous pour toute demande de devis ou de renseignements<\/a><\/span><\/span><\/p><\/p>\n","protected":false},"featured_media":124452,"template":"","meta":{"_acf_changed":false,"content-type":"","_themeisle_gutenberg_block_has_review":false},"product_brand":[],"product_cat":[7517,12531],"product_tag":[9157,11664,11665,11666],"product_designer":[8894,8906],"comfabric":[],"manufacturer":[16670],"reporting_designer":[37521],"samplecomfabric":[],"designer_clubroom":[],"class_list":{"0":"post-124345","1":"product","2":"type-product","3":"status-publish","4":"has-post-thumbnail","6":"product_cat-deco-fr","7":"product_cat-objets-de-decoration","8":"product_tag-soie","9":"product_tag-duvelleroy-fr","10":"product_tag-hand-fan-fr","11":"product_tag-mayaro-fr-fr","12":"pa_color-bleu-fr","13":"pa_color-rouge-fr","14":"product_designer-mayaro-editions-fr","15":"product_designer-duvelleroy-fr","16":"manufacturer-duvelleroy-fr","17":"reporting_designer-duvelleroy","19":"first","20":"instock","21":"taxable","22":"shipping-taxable","23":"purchasable","24":"product-type-simple"},"acf":[],"_links":{"self":[{"href":"https:\/\/theinvisiblecollection.com\/fr\/wp-json\/wp\/v2\/product\/124345","targetHints":{"allow":["GET"]}}],"collection":[{"href":"https:\/\/theinvisiblecollection.com\/fr\/wp-json\/wp\/v2\/product"}],"about":[{"href":"https:\/\/theinvisiblecollection.com\/fr\/wp-json\/wp\/v2\/types\/product"}],"wp:featuredmedia":[{"embeddable":true,"href":"https:\/\/theinvisiblecollection.com\/fr\/wp-json\/wp\/v2\/media\/124452"}],"wp:attachment":[{"href":"https:\/\/theinvisiblecollection.com\/fr\/wp-json\/wp\/v2\/media?parent=124345"}],"wp:term":[{"taxonomy":"product_brand","embeddable":true,"href":"https:\/\/theinvisiblecollection.com\/fr\/wp-json\/wp\/v2\/product_brand?post=124345"},{"taxonomy":"product_cat","embeddable":true,"href":"https:\/\/theinvisiblecollection.com\/fr\/wp-json\/wp\/v2\/product_cat?post=124345"},{"taxonomy":"product_tag","embeddable":true,"href":"https:\/\/theinvisiblecollection.com\/fr\/wp-json\/wp\/v2\/product_tag?post=124345"},{"taxonomy":"product_designer","embeddable":true,"href":"https:\/\/theinvisiblecollection.com\/fr\/wp-json\/wp\/v2\/product_designer?post=124345"},{"taxonomy":"comfabric","embeddable":true,"href":"https:\/\/theinvisiblecollection.com\/fr\/wp-json\/wp\/v2\/comfabric?post=124345"},{"taxonomy":"manufacturer","embeddable":true,"href":"https:\/\/theinvisiblecollection.com\/fr\/wp-json\/wp\/v2\/manufacturer?post=124345"},{"taxonomy":"reporting_designer","embeddable":true,"href":"https:\/\/theinvisiblecollection.com\/fr\/wp-json\/wp\/v2\/reporting_designer?post=124345"},{"taxonomy":"samplecomfabric","embeddable":true,"href":"https:\/\/theinvisiblecollection.com\/fr\/wp-json\/wp\/v2\/samplecomfabric?post=124345"},{"taxonomy":"clubroom_product_designer","embeddable":true,"href":"https:\/\/theinvisiblecollection.com\/fr\/wp-json\/wp\/v2\/designer_clubroom?post=124345"}],"curies":[{"name":"wp","href":"https:\/\/api.w.org\/{rel}","templated":true}]}}

Éventail Plumes Graphiques Asymétrique Doré

<p style="text-align: justify;">Conçu par Duvelleroy</p>
<p style="text-align: justify;"><span data-contrast="auto"><em>Inspiration</em> : ce modèle est inspiré des coiffes amérindiennes et d’un classique du patrimoine de la maison originelle Duvelleroy, l’Aigle de Hongrie. Ces créations mettent à l’honneur la plume et son dessin, son graphisme naturel. Pour ce modèle, l’accent est mis sur la taille décroissante des plumes.</span><span data-ccp-props="{&quot;201341983&quot;:0,&quot;335559740&quot;:259}"> </span></p>
<p style="text-align: justify;"><span data-contrast="auto"><em>Savoir-faire :</em> Cette création requiert un long travail de tri des plumes afin de les appairer et de les agencer au mieux. La monture de cette création est spécifique de par sa matière, la Galalithe, littéralement « pierre de lait », matériau artificiel tout en étant entièrement biodégradable remis au goût du jour par la maison.</span><span data-ccp-props="{&quot;201341983&quot;:0,&quot;335559740&quot;:259}"> </span></p>

<p>Duvelleroy</p>
<p>Soie et plumes de cygne<br />
Monture en galalithe<br />
Disponible en or, rouge ou bleu</p>
<p>L 42 x H 24 cm</p>
<p>Fabriqué à la main en France<br />
Délai de production : 3 semaines minimum</p>
<p class="p1"><span style="text-decoration: underline;"><span class="s1"><a href="https://www.theinvisiblecollection.com/fr/contact-produit/?product_id=124345" target="_blank" rel="noopener">Contactez-nous pour toute demande de devis ou de renseignements</a></span></span></p></p>
