{"id":126514,"date":"2022-04-06T16:55:21","date_gmt":"2022-04-06T15:55:21","guid":{"rendered":"https:\/\/theinvisiblecollection.com\/?post_type=product&#038;p=126514"},"modified":"2026-05-01T07:38:57","modified_gmt":"2026-05-01T07:38:57","slug":"table-salute-l-blanc-et-cuivre","status":"publish","type":"product","link":"https:\/\/theinvisiblecollection.com\/fr\/produit\/table-salute-l-blanc-et-cuivre\/","title":{"rendered":"Table Salute L Blanc &#038; Cuivre"},"content":{"rendered":"<p style=\"text-align: justify;\">Salute est une famille de tables d\u2019appoint m\u00ealant marbre et m\u00e9tal. Utilis\u00e9e seule, sa forte pr\u00e9sence visuelle en fait le compagnon id\u00e9al de votre fauteuil ou canap\u00e9 iconique. En associant plusieurs tables en jouant avec les hauteurs et les finitions, Salute devient une grande table basse.<\/p>\n","protected":false},"excerpt":{"rendered":"<p>Dessin\u00e9 par Sebastian Herkner<br \/>\nGu\u00e9ridon avec colonne en marbre blanc Pele de Tigre<br \/>\nPlateau en cuivre<\/p>\n<p>\u00d8 32 x H 57 cm<\/p>\n<p>&nbsp;<\/p>\n<p><p>Fabriqu\u00e9 \u00e0 la main en Europe<br \/>D\u00e9lais de fabrication : 12 semaines<\/p>\n<p><span style=\"text-decoration: underline\" data-mce-style=\"text-decoration: underline;\"><a href=\"https:\/\/www.theinvisiblecollection.com\/fr\/demande-de-devis\/?product_id=126514\" target=\"_blank\" rel=\"noopener\" data-mce-href=\"https:\/\/www.theinvisiblecollection.com\/fr\/demande-de-devis\/?product_id=126514\">Contactez-nous pour toute demande de devis ou de renseignements<\/a><\/span><\/p>\n<p><\/p><\/p>\n","protected":false},"featured_media":126576,"template":"","meta":{"_acf_changed":false,"content-type":"","_themeisle_gutenberg_block_has_review":false},"product_brand":[],"product_cat":[12332,12503,12514],"product_tag":[9431],"product_designer":[13254],"comfabric":[],"manufacturer":[21949],"reporting_designer":[37467],"samplecomfabric":[],"designer_clubroom":[],"class_list":{"0":"post-126514","1":"product","2":"type-product","3":"status-publish","4":"has-post-thumbnail","6":"product_cat-tables-dappoint","7":"product_cat-tables-fr","8":"product_cat-tables-de-chevet","9":"product_tag-gueridon-fr-3","10":"product_designer-la-chance-fr","11":"manufacturer-shipea-chez-sylvania-fr","12":"reporting_designer-la-chance","14":"first","15":"instock","16":"taxable","17":"shipping-taxable","18":"purchasable","19":"product-type-simple"},"acf":[],"_links":{"self":[{"href":"https:\/\/theinvisiblecollection.com\/fr\/wp-json\/wp\/v2\/product\/126514","targetHints":{"allow":["GET"]}}],"collection":[{"href":"https:\/\/theinvisiblecollection.com\/fr\/wp-json\/wp\/v2\/product"}],"about":[{"href":"https:\/\/theinvisiblecollection.com\/fr\/wp-json\/wp\/v2\/types\/product"}],"wp:featuredmedia":[{"embeddable":true,"href":"https:\/\/theinvisiblecollection.com\/fr\/wp-json\/wp\/v2\/media\/126576"}],"wp:attachment":[{"href":"https:\/\/theinvisiblecollection.com\/fr\/wp-json\/wp\/v2\/media?parent=126514"}],"wp:term":[{"taxonomy":"product_brand","embeddable":true,"href":"https:\/\/theinvisiblecollection.com\/fr\/wp-json\/wp\/v2\/product_brand?post=126514"},{"taxonomy":"product_cat","embeddable":true,"href":"https:\/\/theinvisiblecollection.com\/fr\/wp-json\/wp\/v2\/product_cat?post=126514"},{"taxonomy":"product_tag","embeddable":true,"href":"https:\/\/theinvisiblecollection.com\/fr\/wp-json\/wp\/v2\/product_tag?post=126514"},{"taxonomy":"product_designer","embeddable":true,"href":"https:\/\/theinvisiblecollection.com\/fr\/wp-json\/wp\/v2\/product_designer?post=126514"},{"taxonomy":"comfabric","embeddable":true,"href":"https:\/\/theinvisiblecollection.com\/fr\/wp-json\/wp\/v2\/comfabric?post=126514"},{"taxonomy":"manufacturer","embeddable":true,"href":"https:\/\/theinvisiblecollection.com\/fr\/wp-json\/wp\/v2\/manufacturer?post=126514"},{"taxonomy":"reporting_designer","embeddable":true,"href":"https:\/\/theinvisiblecollection.com\/fr\/wp-json\/wp\/v2\/reporting_designer?post=126514"},{"taxonomy":"samplecomfabric","embeddable":true,"href":"https:\/\/theinvisiblecollection.com\/fr\/wp-json\/wp\/v2\/samplecomfabric?post=126514"},{"taxonomy":"clubroom_product_designer","embeddable":true,"href":"https:\/\/theinvisiblecollection.com\/fr\/wp-json\/wp\/v2\/designer_clubroom?post=126514"}],"curies":[{"name":"wp","href":"https:\/\/api.w.org\/{rel}","templated":true}]}}

<p style="text-align: justify;">Salute est une famille de tables d’appoint mêlant marbre et métal. Utilisée seule, sa forte présence visuelle en fait le compagnon idéal de votre fauteuil ou canapé iconique. En associant plusieurs tables en jouant avec les hauteurs et les finitions, Salute devient une grande table basse.</p>

<p>Dessiné par Sebastian Herkner<br />
Guéridon avec colonne en marbre blanc Pele de Tigre<br />
Plateau en cuivre</p>
<p>Ø 32 x H 57 cm</p>
<p>&nbsp;</p>
<p><p>Fabriqué à la main en Europe<br />Délais de fabrication : 12 semaines</p>
<p><span style="text-decoration: underline" data-mce-style="text-decoration: underline;"><a href="https://www.theinvisiblecollection.com/fr/demande-de-devis/?product_id=126514" target="_blank" rel="noopener" data-mce-href="https://www.theinvisiblecollection.com/fr/demande-de-devis/?product_id=126514">Contactez-nous pour toute demande de devis ou de renseignements</a></span></p>
<p></p></p>
