{"id":129692,"date":"2022-04-29T14:52:43","date_gmt":"2022-04-29T13:52:43","guid":{"rendered":"https:\/\/theinvisiblecollection.com\/?post_type=product&#038;p=129692"},"modified":"2026-05-01T07:38:54","modified_gmt":"2026-05-01T07:38:54","slug":"etel-oscar-niemeyer-banc-marquesa","status":"publish","type":"product","link":"https:\/\/theinvisiblecollection.com\/fr\/produit\/etel-oscar-niemeyer-banc-marquesa\/","title":{"rendered":"Banc Marquesa"},"content":{"rendered":"<p style=\"text-align: justify;\"><span data-contrast=\"auto\">Le banc Marquesa d&#8217;Oscar Niemeyer et de sa fille Anna Maria Niemeyer a \u00e9t\u00e9 con\u00e7u \u00e0 l&#8217;origine en 1974. Ce design iconique illustre l\u2019attachement aux les courbes et aux formes sinueuses de Niemeyer qui ont d\u00e9fini son architecture moderne.<\/span><span data-ccp-props=\"{&quot;201341983&quot;:0,&quot;335551550&quot;:0,&quot;335551620&quot;:0,&quot;335559740&quot;:259}\">\u00a0<\/span><span data-contrast=\"auto\">Ce banc \u00e0 volutes est dot\u00e9 d\u2019un sceau qui certifie son authenticit\u00e9 par la Fondation Oscar Niemeyer.<\/span><span data-ccp-props=\"{&quot;201341983&quot;:0,&quot;335551550&quot;:0,&quot;335551620&quot;:0,&quot;335559740&quot;:259}\">\u00a0<\/span><\/p>\n","protected":false},"excerpt":{"rendered":"<p>Dessin\u00e9 par Oscar Niemeyer<br \/>\nR\u00e9\u00e9dit\u00e9 par ETEL<br \/>\nBanc en bois laqu\u00e9 noir et rotin<\/p>\n<p>L 240 x P 55 x H 80 cm<\/p>\n<p class=\"p1\" style=\"text-align: justify;\">Cette pi\u00e8ce est r\u00e9alis\u00e9e \u00e0 la main au Br\u00e9sil, a partir de bois provenant de for\u00eats faisant l\u2019objet d\u2019une gestion durable. Ainsi, nous ne pouvons pas garantir de d\u00e9lais de production actuellement. La production pourrait prendre jusqu\u2019\u00e0 une ann\u00e9e enti\u00e8re. Commandez maintenant pour vous placer en haut de la liste d\u2019attente ou\u00a0<a class=\"notion-link-token notion-enable-hover\" href=\"https:\/\/www.theinvisiblecollection.com\/fr\/demande-de-devis\/?product_id=12692\" target=\"_blank\" rel=\"noopener noreferrer\" data-token-index=\"1\" data-reactroot=\"\"><span class=\"link-annotation-unknown-block-id--18333092\">contactez-nous pour recevoir d\u2019autres propositions.<\/span><\/a><\/p>\n","protected":false},"featured_media":129691,"template":"","meta":{"_acf_changed":false,"content-type":"","_themeisle_gutenberg_block_has_review":false},"product_brand":[],"product_cat":[8947,12499],"product_tag":[31477,11235,11335],"product_designer":[8866,17242],"comfabric":[28854],"manufacturer":[16878],"reporting_designer":[37381],"samplecomfabric":[30448],"designer_clubroom":[],"class_list":{"0":"post-129692","1":"product","2":"type-product","3":"status-publish","4":"has-post-thumbnail","6":"product_cat-bancs","7":"product_cat-assises","8":"product_tag-st-curvy-fr","9":"product_tag-reedition-fr-fr","10":"product_tag-eco-design","11":"product_designer-etel-fr","12":"product_designer-oscar-niemeyer-par-etel","13":"comfabric-etel-atelier-1-fr","14":"manufacturer-etel-atelier-1-fr","15":"reporting_designer-etel","16":"samplecomfabric-etel-fr","18":"first","19":"instock","20":"taxable","21":"shipping-taxable","22":"purchasable","23":"product-type-simple"},"acf":[],"_links":{"self":[{"href":"https:\/\/theinvisiblecollection.com\/fr\/wp-json\/wp\/v2\/product\/129692","targetHints":{"allow":["GET"]}}],"collection":[{"href":"https:\/\/theinvisiblecollection.com\/fr\/wp-json\/wp\/v2\/product"}],"about":[{"href":"https:\/\/theinvisiblecollection.com\/fr\/wp-json\/wp\/v2\/types\/product"}],"wp:featuredmedia":[{"embeddable":true,"href":"https:\/\/theinvisiblecollection.com\/fr\/wp-json\/wp\/v2\/media\/129691"}],"wp:attachment":[{"href":"https:\/\/theinvisiblecollection.com\/fr\/wp-json\/wp\/v2\/media?parent=129692"}],"wp:term":[{"taxonomy":"product_brand","embeddable":true,"href":"https:\/\/theinvisiblecollection.com\/fr\/wp-json\/wp\/v2\/product_brand?post=129692"},{"taxonomy":"product_cat","embeddable":true,"href":"https:\/\/theinvisiblecollection.com\/fr\/wp-json\/wp\/v2\/product_cat?post=129692"},{"taxonomy":"product_tag","embeddable":true,"href":"https:\/\/theinvisiblecollection.com\/fr\/wp-json\/wp\/v2\/product_tag?post=129692"},{"taxonomy":"product_designer","embeddable":true,"href":"https:\/\/theinvisiblecollection.com\/fr\/wp-json\/wp\/v2\/product_designer?post=129692"},{"taxonomy":"comfabric","embeddable":true,"href":"https:\/\/theinvisiblecollection.com\/fr\/wp-json\/wp\/v2\/comfabric?post=129692"},{"taxonomy":"manufacturer","embeddable":true,"href":"https:\/\/theinvisiblecollection.com\/fr\/wp-json\/wp\/v2\/manufacturer?post=129692"},{"taxonomy":"reporting_designer","embeddable":true,"href":"https:\/\/theinvisiblecollection.com\/fr\/wp-json\/wp\/v2\/reporting_designer?post=129692"},{"taxonomy":"samplecomfabric","embeddable":true,"href":"https:\/\/theinvisiblecollection.com\/fr\/wp-json\/wp\/v2\/samplecomfabric?post=129692"},{"taxonomy":"clubroom_product_designer","embeddable":true,"href":"https:\/\/theinvisiblecollection.com\/fr\/wp-json\/wp\/v2\/designer_clubroom?post=129692"}],"curies":[{"name":"wp","href":"https:\/\/api.w.org\/{rel}","templated":true}]}}

<p style="text-align: justify;"><span data-contrast="auto">Le banc Marquesa d&#8217;Oscar Niemeyer et de sa fille Anna Maria Niemeyer a été conçu à l&#8217;origine en 1974. Ce design iconique illustre l’attachement aux les courbes et aux formes sinueuses de Niemeyer qui ont défini son architecture moderne.</span><span data-ccp-props="{&quot;201341983&quot;:0,&quot;335551550&quot;:0,&quot;335551620&quot;:0,&quot;335559740&quot;:259}"> </span><span data-contrast="auto">Ce banc à volutes est doté d’un sceau qui certifie son authenticité par la Fondation Oscar Niemeyer.</span><span data-ccp-props="{&quot;201341983&quot;:0,&quot;335551550&quot;:0,&quot;335551620&quot;:0,&quot;335559740&quot;:259}"> </span></p>

<p>Dessiné par Oscar Niemeyer<br />
Réédité par ETEL<br />
Banc en bois laqué noir et rotin</p>
<p>L 240 x P 55 x H 80 cm</p>
<p class="p1" style="text-align: justify;">Cette pièce est réalisée à la main au Brésil, a partir de bois provenant de forêts faisant l’objet d’une gestion durable. Ainsi, nous ne pouvons pas garantir de délais de production actuellement. La production pourrait prendre jusqu’à une année entière. Commandez maintenant pour vous placer en haut de la liste d’attente ou <a class="notion-link-token notion-enable-hover" href="https://www.theinvisiblecollection.com/fr/demande-de-devis/?product_id=12692" target="_blank" rel="noopener noreferrer" data-token-index="1" data-reactroot=""><span class="link-annotation-unknown-block-id--18333092">contactez-nous pour recevoir d’autres propositions.</span></a></p>
