{"id":130925,"date":"2022-04-27T12:17:47","date_gmt":"2022-04-27T11:17:47","guid":{"rendered":"https:\/\/theinvisiblecollection.com\/?post_type=product&#038;p=130925"},"modified":"2026-05-01T07:38:54","modified_gmt":"2026-05-01T07:38:54","slug":"etel-oscar-niemeyer-fauteuil-modulo-cuir","status":"publish","type":"product","link":"https:\/\/theinvisiblecollection.com\/fr\/produit\/etel-oscar-niemeyer-fauteuil-modulo-cuir\/","title":{"rendered":"Fauteuil Modulo Cuir"},"content":{"rendered":"<p style=\"text-align: justify;\"><span class=\"TextRun SCXW112896395 BCX0\" lang=\"EN-GB\" xml:lang=\"EN-GB\" data-contrast=\"auto\"><span class=\"NormalTextRun SCXW112896395 BCX0\">La chaise <\/span><span class=\"NormalTextRun SpellingErrorV2 SCXW112896395 BCX0\">basse<\/span><span class=\"NormalTextRun SCXW112896395 BCX0\"> et <\/span><span class=\"NormalTextRun SpellingErrorV2 SCXW112896395 BCX0\">l&#8217;ottoman<\/span><span class=\"NormalTextRun SCXW112896395 BCX0\"> Modulo <\/span><span class=\"NormalTextRun SpellingErrorV2 SCXW112896395 BCX0\">d&#8217;Oscar<\/span><span class=\"NormalTextRun SCXW112896395 BCX0\"> Niemeyer portent le nom du magazine <\/span><span class=\"NormalTextRun SpellingErrorV2 SCXW112896395 BCX0\">qu&#8217;il<\/span><span class=\"NormalTextRun SCXW112896395 BCX0\"> a <\/span><span class=\"NormalTextRun SpellingErrorV2 SCXW112896395 BCX0\">fond\u00e9<\/span><span class=\"NormalTextRun SCXW112896395 BCX0\"> dans les <\/span><span class=\"NormalTextRun SpellingErrorV2 SCXW112896395 BCX0\">ann\u00e9es<\/span><span class=\"NormalTextRun SCXW112896395 BCX0\"> 1950.&#8221;M\u00f3dulo&#8221; <\/span><span class=\"NormalTextRun SpellingErrorV2 SCXW112896395 BCX0\">\u00e9tait<\/span> <span class=\"NormalTextRun SpellingErrorV2 SCXW112896395 BCX0\">d\u2019ailleurs<\/span> <span class=\"NormalTextRun SpellingErrorV2 SCXW112896395 BCX0\">l&#8217;une<\/span><span class=\"NormalTextRun SCXW112896395 BCX0\"> des publications les plus <\/span><span class=\"NormalTextRun SpellingErrorV2 SCXW112896395 BCX0\">influentes<\/span><span class=\"NormalTextRun SCXW112896395 BCX0\"> du <\/span><span class=\"NormalTextRun SpellingErrorV2 SCXW112896395 BCX0\">Br\u00e9sil<\/span><span class=\"NormalTextRun SCXW112896395 BCX0\">, <\/span><span class=\"NormalTextRun SpellingErrorV2 SCXW112896395 BCX0\">couvrant<\/span> <span class=\"NormalTextRun SpellingErrorV2 SCXW112896395 BCX0\">une<\/span> <span class=\"NormalTextRun SpellingErrorV2 SCXW112896395 BCX0\">quantit\u00e9<\/span> <span class=\"NormalTextRun SpellingErrorV2 SCXW112896395 BCX0\">incroyable<\/span><span class=\"NormalTextRun SCXW112896395 BCX0\"> de <\/span><span class=\"NormalTextRun SpellingErrorV2 SCXW112896395 BCX0\">sujets<\/span> <span class=\"NormalTextRun SpellingErrorV2 SCXW112896395 BCX0\">allant<\/span><span class=\"NormalTextRun SCXW112896395 BCX0\"> de <\/span><span class=\"NormalTextRun SpellingErrorV2 SCXW112896395 BCX0\">l&#8217;architecture<\/span><span class=\"NormalTextRun SCXW112896395 BCX0\"> au design <\/span><span class=\"NormalTextRun SpellingErrorV2 SCXW112896395 BCX0\">en<\/span><span class=\"NormalTextRun SCXW112896395 BCX0\"> passant par la culture au <\/span><span class=\"NormalTextRun SpellingErrorV2 SCXW112896395 BCX0\">sens<\/span><span class=\"NormalTextRun SCXW112896395 BCX0\"> large. <\/span><span class=\"NormalTextRun SpellingErrorV2 SCXW112896395 BCX0\">Con\u00e7ue<\/span><span class=\"NormalTextRun SCXW112896395 BCX0\"> dans les <\/span><span class=\"NormalTextRun SpellingErrorV2 SCXW112896395 BCX0\">ann\u00e9es<\/span><span class=\"NormalTextRun SCXW112896395 BCX0\"> 1970, la Chaise <\/span><span class=\"NormalTextRun SpellingErrorV2 SCXW112896395 BCX0\">basse<\/span><span class=\"NormalTextRun SCXW112896395 BCX0\"> Modulo <\/span><span class=\"NormalTextRun SpellingErrorV2 SCXW112896395 BCX0\">est<\/span> <span class=\"NormalTextRun SpellingErrorV2 SCXW112896395 BCX0\">une<\/span><span class=\"NormalTextRun SCXW112896395 BCX0\"> pi\u00e8ce tr\u00e8s <\/span><span class=\"NormalTextRun SpellingErrorV2 SCXW112896395 BCX0\">int\u00e9ressante<\/span><span class=\"NormalTextRun SCXW112896395 BCX0\">, qui se <\/span><span class=\"NormalTextRun SpellingErrorV2 SCXW112896395 BCX0\">caract\u00e9rise<\/span><span class=\"NormalTextRun SCXW112896395 BCX0\"> par des <\/span><span class=\"NormalTextRun SpellingErrorV2 SCXW112896395 BCX0\">formes<\/span><span class=\"NormalTextRun SCXW112896395 BCX0\"> \u00e0 la <\/span><span class=\"NormalTextRun SpellingErrorV2 SCXW112896395 BCX0\">fois<\/span> <span class=\"NormalTextRun SpellingErrorV2 SCXW112896395 BCX0\">sophistiqu\u00e9es<\/span><span class=\"NormalTextRun SCXW112896395 BCX0\"> et <\/span><span class=\"NormalTextRun SpellingErrorV2 SCXW112896395 BCX0\">accueillantes<\/span><span class=\"NormalTextRun SCXW112896395 BCX0\">.<\/span><\/span><span class=\"EOP SCXW112896395 BCX0\" data-ccp-props=\"{&quot;201341983&quot;:0,&quot;335551550&quot;:0,&quot;335551620&quot;:0,&quot;335559740&quot;:259}\">\u00a0<\/span><\/p>\n","protected":false},"excerpt":{"rendered":"<p>Dessin\u00e9 par Oscar Niemeyer<br \/>\nR\u00e9\u00e9dit\u00e9 par ETEL<br \/>\nFauteuil photographi\u00e9 ici cuir noir Barcelona Preto<br \/>\n<span style=\"text-decoration: underline;\"><a href=\"https:\/\/theinvisiblecollection.com\/wp-content\/uploads\/2022\/04\/TheInvisibleCollection_Etel_OScar_Niemeyer_Fabric_Selection_Cowhide.pdf\" target=\"_blank\" rel=\"noopener\">D\u00e9couvrez la s\u00e9lection de cuirs ici<\/a><\/span><br \/>\nStructure en bois laqu\u00e9 noir<br \/>\nTissus sur-mesure sur demande<\/p>\n<p>L 112 x P 69 x H 54 cm<br \/>\nTissu requis : 3 m<br \/>\nCuir requis : 5 m<\/p>\n<p style=\"text-align: justify;\">Cette pi\u00e8ce est r\u00e9alis\u00e9e \u00e0 la main au Br\u00e9sil, a partir de bois provenant de for\u00eats faisant l\u2019objet d\u2019une gestion durable. Ainsi, nous ne pouvons pas garantir de d\u00e9lais de production actuellement. La production pourrait prendre jusqu\u2019\u00e0 une ann\u00e9e enti\u00e8re. Commandez maintenant pour vous placer en haut de la liste d\u2019attente ou\u00a0<a class=\"notion-link-token notion-enable-hover\" href=\"https:\/\/www.theinvisiblecollection.com\/fr\/demande-de-devis\/?product_id=37005\" target=\"_blank\" rel=\"noopener noreferrer\" data-token-index=\"1\" data-reactroot=\"\"><span class=\"link-annotation-unknown-block-id--18333092\">contactez-nous pour recevoir d\u2019autres propositions.<\/span><\/a><\/p>\n","protected":false},"featured_media":130947,"template":"","meta":{"_acf_changed":false,"content-type":"","_themeisle_gutenberg_block_has_review":false},"product_brand":[],"product_cat":[8945,12499],"product_tag":[11235],"product_designer":[8866,17242],"comfabric":[28854],"manufacturer":[16878],"reporting_designer":[37381],"samplecomfabric":[30448],"designer_clubroom":[],"class_list":{"0":"post-130925","1":"product","2":"type-product","3":"status-publish","4":"has-post-thumbnail","6":"product_cat-fauteuils","7":"product_cat-assises","8":"product_tag-reedition-fr-fr","9":"product_designer-etel-fr","10":"product_designer-oscar-niemeyer-par-etel","11":"comfabric-etel-atelier-1-fr","12":"manufacturer-etel-atelier-1-fr","13":"reporting_designer-etel","14":"samplecomfabric-etel-fr","16":"first","17":"instock","18":"taxable","19":"shipping-taxable","20":"purchasable","21":"product-type-variable"},"acf":[],"_links":{"self":[{"href":"https:\/\/theinvisiblecollection.com\/fr\/wp-json\/wp\/v2\/product\/130925","targetHints":{"allow":["GET"]}}],"collection":[{"href":"https:\/\/theinvisiblecollection.com\/fr\/wp-json\/wp\/v2\/product"}],"about":[{"href":"https:\/\/theinvisiblecollection.com\/fr\/wp-json\/wp\/v2\/types\/product"}],"wp:featuredmedia":[{"embeddable":true,"href":"https:\/\/theinvisiblecollection.com\/fr\/wp-json\/wp\/v2\/media\/130947"}],"wp:attachment":[{"href":"https:\/\/theinvisiblecollection.com\/fr\/wp-json\/wp\/v2\/media?parent=130925"}],"wp:term":[{"taxonomy":"product_brand","embeddable":true,"href":"https:\/\/theinvisiblecollection.com\/fr\/wp-json\/wp\/v2\/product_brand?post=130925"},{"taxonomy":"product_cat","embeddable":true,"href":"https:\/\/theinvisiblecollection.com\/fr\/wp-json\/wp\/v2\/product_cat?post=130925"},{"taxonomy":"product_tag","embeddable":true,"href":"https:\/\/theinvisiblecollection.com\/fr\/wp-json\/wp\/v2\/product_tag?post=130925"},{"taxonomy":"product_designer","embeddable":true,"href":"https:\/\/theinvisiblecollection.com\/fr\/wp-json\/wp\/v2\/product_designer?post=130925"},{"taxonomy":"comfabric","embeddable":true,"href":"https:\/\/theinvisiblecollection.com\/fr\/wp-json\/wp\/v2\/comfabric?post=130925"},{"taxonomy":"manufacturer","embeddable":true,"href":"https:\/\/theinvisiblecollection.com\/fr\/wp-json\/wp\/v2\/manufacturer?post=130925"},{"taxonomy":"reporting_designer","embeddable":true,"href":"https:\/\/theinvisiblecollection.com\/fr\/wp-json\/wp\/v2\/reporting_designer?post=130925"},{"taxonomy":"samplecomfabric","embeddable":true,"href":"https:\/\/theinvisiblecollection.com\/fr\/wp-json\/wp\/v2\/samplecomfabric?post=130925"},{"taxonomy":"clubroom_product_designer","embeddable":true,"href":"https:\/\/theinvisiblecollection.com\/fr\/wp-json\/wp\/v2\/designer_clubroom?post=130925"}],"curies":[{"name":"wp","href":"https:\/\/api.w.org\/{rel}","templated":true}]}}

<p style="text-align: justify;"><span class="TextRun SCXW112896395 BCX0" lang="EN-GB" xml:lang="EN-GB" data-contrast="auto"><span class="NormalTextRun SCXW112896395 BCX0">La chaise </span><span class="NormalTextRun SpellingErrorV2 SCXW112896395 BCX0">basse</span><span class="NormalTextRun SCXW112896395 BCX0"> et </span><span class="NormalTextRun SpellingErrorV2 SCXW112896395 BCX0">l&#8217;ottoman</span><span class="NormalTextRun SCXW112896395 BCX0"> Modulo </span><span class="NormalTextRun SpellingErrorV2 SCXW112896395 BCX0">d&#8217;Oscar</span><span class="NormalTextRun SCXW112896395 BCX0"> Niemeyer portent le nom du magazine </span><span class="NormalTextRun SpellingErrorV2 SCXW112896395 BCX0">qu&#8217;il</span><span class="NormalTextRun SCXW112896395 BCX0"> a </span><span class="NormalTextRun SpellingErrorV2 SCXW112896395 BCX0">fondé</span><span class="NormalTextRun SCXW112896395 BCX0"> dans les </span><span class="NormalTextRun SpellingErrorV2 SCXW112896395 BCX0">années</span><span class="NormalTextRun SCXW112896395 BCX0"> 1950.&#8221;Módulo&#8221; </span><span class="NormalTextRun SpellingErrorV2 SCXW112896395 BCX0">était</span> <span class="NormalTextRun SpellingErrorV2 SCXW112896395 BCX0">d’ailleurs</span> <span class="NormalTextRun SpellingErrorV2 SCXW112896395 BCX0">l&#8217;une</span><span class="NormalTextRun SCXW112896395 BCX0"> des publications les plus </span><span class="NormalTextRun SpellingErrorV2 SCXW112896395 BCX0">influentes</span><span class="NormalTextRun SCXW112896395 BCX0"> du </span><span class="NormalTextRun SpellingErrorV2 SCXW112896395 BCX0">Brésil</span><span class="NormalTextRun SCXW112896395 BCX0">, </span><span class="NormalTextRun SpellingErrorV2 SCXW112896395 BCX0">couvrant</span> <span class="NormalTextRun SpellingErrorV2 SCXW112896395 BCX0">une</span> <span class="NormalTextRun SpellingErrorV2 SCXW112896395 BCX0">quantité</span> <span class="NormalTextRun SpellingErrorV2 SCXW112896395 BCX0">incroyable</span><span class="NormalTextRun SCXW112896395 BCX0"> de </span><span class="NormalTextRun SpellingErrorV2 SCXW112896395 BCX0">sujets</span> <span class="NormalTextRun SpellingErrorV2 SCXW112896395 BCX0">allant</span><span class="NormalTextRun SCXW112896395 BCX0"> de </span><span class="NormalTextRun SpellingErrorV2 SCXW112896395 BCX0">l&#8217;architecture</span><span class="NormalTextRun SCXW112896395 BCX0"> au design </span><span class="NormalTextRun SpellingErrorV2 SCXW112896395 BCX0">en</span><span class="NormalTextRun SCXW112896395 BCX0"> passant par la culture au </span><span class="NormalTextRun SpellingErrorV2 SCXW112896395 BCX0">sens</span><span class="NormalTextRun SCXW112896395 BCX0"> large. </span><span class="NormalTextRun SpellingErrorV2 SCXW112896395 BCX0">Conçue</span><span class="NormalTextRun SCXW112896395 BCX0"> dans les </span><span class="NormalTextRun SpellingErrorV2 SCXW112896395 BCX0">années</span><span class="NormalTextRun SCXW112896395 BCX0"> 1970, la Chaise </span><span class="NormalTextRun SpellingErrorV2 SCXW112896395 BCX0">basse</span><span class="NormalTextRun SCXW112896395 BCX0"> Modulo </span><span class="NormalTextRun SpellingErrorV2 SCXW112896395 BCX0">est</span> <span class="NormalTextRun SpellingErrorV2 SCXW112896395 BCX0">une</span><span class="NormalTextRun SCXW112896395 BCX0"> pièce très </span><span class="NormalTextRun SpellingErrorV2 SCXW112896395 BCX0">intéressante</span><span class="NormalTextRun SCXW112896395 BCX0">, qui se </span><span class="NormalTextRun SpellingErrorV2 SCXW112896395 BCX0">caractérise</span><span class="NormalTextRun SCXW112896395 BCX0"> par des </span><span class="NormalTextRun SpellingErrorV2 SCXW112896395 BCX0">formes</span><span class="NormalTextRun SCXW112896395 BCX0"> à la </span><span class="NormalTextRun SpellingErrorV2 SCXW112896395 BCX0">fois</span> <span class="NormalTextRun SpellingErrorV2 SCXW112896395 BCX0">sophistiquées</span><span class="NormalTextRun SCXW112896395 BCX0"> et </span><span class="NormalTextRun SpellingErrorV2 SCXW112896395 BCX0">accueillantes</span><span class="NormalTextRun SCXW112896395 BCX0">.</span></span><span class="EOP SCXW112896395 BCX0" data-ccp-props="{&quot;201341983&quot;:0,&quot;335551550&quot;:0,&quot;335551620&quot;:0,&quot;335559740&quot;:259}"> </span></p>

<p>Dessiné par Oscar Niemeyer<br />
Réédité par ETEL<br />
Fauteuil photographié ici cuir noir Barcelona Preto<br />
<span style="text-decoration: underline;"><a href="https://theinvisiblecollection.com/wp-content/uploads/2022/04/TheInvisibleCollection_Etel_OScar_Niemeyer_Fabric_Selection_Cowhide.pdf" target="_blank" rel="noopener">Découvrez la sélection de cuirs ici</a></span><br />
Structure en bois laqué noir<br />
Tissus sur-mesure sur demande</p>
<p>L 112 x P 69 x H 54 cm<br />
Tissu requis : 3 m<br />
Cuir requis : 5 m</p>
<p style="text-align: justify;">Cette pièce est réalisée à la main au Brésil, a partir de bois provenant de forêts faisant l’objet d’une gestion durable. Ainsi, nous ne pouvons pas garantir de délais de production actuellement. La production pourrait prendre jusqu’à une année entière. Commandez maintenant pour vous placer en haut de la liste d’attente ou <a class="notion-link-token notion-enable-hover" href="https://www.theinvisiblecollection.com/fr/demande-de-devis/?product_id=37005" target="_blank" rel="noopener noreferrer" data-token-index="1" data-reactroot=""><span class="link-annotation-unknown-block-id--18333092">contactez-nous pour recevoir d’autres propositions.</span></a></p>
