{"id":131482,"date":"2022-04-29T10:20:50","date_gmt":"2022-04-29T09:20:50","guid":{"rendered":"https:\/\/theinvisiblecollection.com\/?post_type=product&#038;p=131482"},"modified":"2026-05-01T07:38:54","modified_gmt":"2026-05-01T07:38:54","slug":"etel-oscar-niemeyer-fauteuil-lounge-alta-acier","status":"publish","type":"product","link":"https:\/\/theinvisiblecollection.com\/fr\/produit\/etel-oscar-niemeyer-fauteuil-lounge-alta-acier\/","title":{"rendered":"Fauteuil Lounge Alta Acier"},"content":{"rendered":"<p style=\"text-align: justify;\"><span data-contrast=\"auto\">La chaise longue et le pouf Alta, cr\u00e9\u00e9s par Oscar Niemeyer et sa fille<\/span><span data-ccp-props=\"{&quot;201341983&quot;:0,&quot;335551550&quot;:0,&quot;335551620&quot;:0,&quot;335559740&quot;:259}\">\u00a0<\/span><span data-contrast=\"auto\">Anna Maria Niemeyer font parties des premiers meubles qu&#8217;ils ont con\u00e7us ensemble en 1971. Le si\u00e8ge tout en rondeurs est contrebalanc\u00e9 par l&#8217;\u00e9l\u00e9gante courbe m\u00e9tallique qui s\u2019\u00e9tire de la base au dossier, donnant toute sa sp\u00e9cificit\u00e9 \u00e0 cette pi\u00e8ce \u00e9tonnante.<\/span><span data-ccp-props=\"{&quot;201341983&quot;:0,&quot;335551550&quot;:0,&quot;335551620&quot;:0,&quot;335559740&quot;:259}\">\u00a0<\/span><\/p>\n","protected":false},"excerpt":{"rendered":"<p>Dessin\u00e9 par Oscar Niemeyer<br \/>\nR\u00e9\u00e9dit\u00e9 par ETEL<br \/>\nFauteuil photographi\u00e9 ici en tissu boucl\u00e9<br \/>\nTissus sur-mesure sur demande<br \/>\n<span style=\"text-decoration: underline;\"><a href=\"https:\/\/theinvisiblecollection.com\/wp-content\/uploads\/2022\/10\/TheInvisibleCollection_FabricSelection_Alta-chair-and-ottoman-steel.jpg\" target=\"_blank\" rel=\"noopener\">D\u00e9couvrez la s\u00e9lection de tissus ici<\/a><\/span><br \/>\n\u00c9galement disponible en cuir<br \/>\n<a href=\"https:\/\/theinvisiblecollection.com\/wp-content\/uploads\/2022\/10\/TheInvisibleCollection_LeatherSelection_Alta-chair-and-ottoman-Steel.jpg\" target=\"_blank\" rel=\"noopener\"><span style=\"text-decoration: underline;\">D\u00e9couvrez la s\u00e9lection de cuirs ici\u00a0<\/span><\/a><br \/>\nPi\u00e8tement en acier inoxydable<\/p>\n<p>L 102 x P 71 x H 70 cm<br \/>\nHauteur d&#8217;assise : 42 cm<\/p>\n<p style=\"text-align: justify;\">Cette pi\u00e8ce est r\u00e9alis\u00e9e \u00e0 la main au Br\u00e9sil, a partir de bois provenant de for\u00eats faisant l\u2019objet d\u2019une gestion durable. Ainsi, nous ne pouvons pas garantir de d\u00e9lais de production actuellement. La production pourrait prendre jusqu\u2019\u00e0 une ann\u00e9e enti\u00e8re. Commandez maintenant pour vous placer en haut de la liste d\u2019attente ou\u00a0<a class=\"notion-link-token notion-enable-hover\" href=\"https:\/\/www.theinvisiblecollection.com\/fr\/demande-de-devis\/?product_id=37005\" target=\"_blank\" rel=\"noopener noreferrer\" data-token-index=\"1\" data-reactroot=\"\"><span class=\"link-annotation-unknown-block-id--18333092\">contactez-nous pour recevoir d\u2019autres propositions.<\/span><\/a><\/p>\n","protected":false},"featured_media":131503,"template":"","meta":{"_acf_changed":false,"content-type":"","_themeisle_gutenberg_block_has_review":false},"product_brand":[],"product_cat":[8945,12499],"product_tag":[11235],"product_designer":[8866,17242],"comfabric":[28854],"manufacturer":[16878],"reporting_designer":[37381],"samplecomfabric":[30448],"designer_clubroom":[],"class_list":{"0":"post-131482","1":"product","2":"type-product","3":"status-publish","4":"has-post-thumbnail","6":"product_cat-fauteuils","7":"product_cat-assises","8":"product_tag-reedition-fr-fr","9":"product_designer-etel-fr","10":"product_designer-oscar-niemeyer-par-etel","11":"comfabric-etel-atelier-1-fr","12":"manufacturer-etel-atelier-1-fr","13":"reporting_designer-etel","14":"samplecomfabric-etel-fr","16":"first","17":"instock","18":"taxable","19":"shipping-taxable","20":"purchasable","21":"product-type-variable"},"acf":[],"_links":{"self":[{"href":"https:\/\/theinvisiblecollection.com\/fr\/wp-json\/wp\/v2\/product\/131482","targetHints":{"allow":["GET"]}}],"collection":[{"href":"https:\/\/theinvisiblecollection.com\/fr\/wp-json\/wp\/v2\/product"}],"about":[{"href":"https:\/\/theinvisiblecollection.com\/fr\/wp-json\/wp\/v2\/types\/product"}],"wp:featuredmedia":[{"embeddable":true,"href":"https:\/\/theinvisiblecollection.com\/fr\/wp-json\/wp\/v2\/media\/131503"}],"wp:attachment":[{"href":"https:\/\/theinvisiblecollection.com\/fr\/wp-json\/wp\/v2\/media?parent=131482"}],"wp:term":[{"taxonomy":"product_brand","embeddable":true,"href":"https:\/\/theinvisiblecollection.com\/fr\/wp-json\/wp\/v2\/product_brand?post=131482"},{"taxonomy":"product_cat","embeddable":true,"href":"https:\/\/theinvisiblecollection.com\/fr\/wp-json\/wp\/v2\/product_cat?post=131482"},{"taxonomy":"product_tag","embeddable":true,"href":"https:\/\/theinvisiblecollection.com\/fr\/wp-json\/wp\/v2\/product_tag?post=131482"},{"taxonomy":"product_designer","embeddable":true,"href":"https:\/\/theinvisiblecollection.com\/fr\/wp-json\/wp\/v2\/product_designer?post=131482"},{"taxonomy":"comfabric","embeddable":true,"href":"https:\/\/theinvisiblecollection.com\/fr\/wp-json\/wp\/v2\/comfabric?post=131482"},{"taxonomy":"manufacturer","embeddable":true,"href":"https:\/\/theinvisiblecollection.com\/fr\/wp-json\/wp\/v2\/manufacturer?post=131482"},{"taxonomy":"reporting_designer","embeddable":true,"href":"https:\/\/theinvisiblecollection.com\/fr\/wp-json\/wp\/v2\/reporting_designer?post=131482"},{"taxonomy":"samplecomfabric","embeddable":true,"href":"https:\/\/theinvisiblecollection.com\/fr\/wp-json\/wp\/v2\/samplecomfabric?post=131482"},{"taxonomy":"clubroom_product_designer","embeddable":true,"href":"https:\/\/theinvisiblecollection.com\/fr\/wp-json\/wp\/v2\/designer_clubroom?post=131482"}],"curies":[{"name":"wp","href":"https:\/\/api.w.org\/{rel}","templated":true}]}}

<p style="text-align: justify;"><span data-contrast="auto">La chaise longue et le pouf Alta, créés par Oscar Niemeyer et sa fille</span><span data-ccp-props="{&quot;201341983&quot;:0,&quot;335551550&quot;:0,&quot;335551620&quot;:0,&quot;335559740&quot;:259}"> </span><span data-contrast="auto">Anna Maria Niemeyer font parties des premiers meubles qu&#8217;ils ont conçus ensemble en 1971. Le siège tout en rondeurs est contrebalancé par l&#8217;élégante courbe métallique qui s’étire de la base au dossier, donnant toute sa spécificité à cette pièce étonnante.</span><span data-ccp-props="{&quot;201341983&quot;:0,&quot;335551550&quot;:0,&quot;335551620&quot;:0,&quot;335559740&quot;:259}"> </span></p>

<p>Dessiné par Oscar Niemeyer<br />
Réédité par ETEL<br />
Fauteuil photographié ici en tissu bouclé<br />
Tissus sur-mesure sur demande<br />
<span style="text-decoration: underline;"><a href="https://theinvisiblecollection.com/wp-content/uploads/2022/10/TheInvisibleCollection_FabricSelection_Alta-chair-and-ottoman-steel.jpg" target="_blank" rel="noopener">Découvrez la sélection de tissus ici</a></span><br />
Également disponible en cuir<br />
<a href="https://theinvisiblecollection.com/wp-content/uploads/2022/10/TheInvisibleCollection_LeatherSelection_Alta-chair-and-ottoman-Steel.jpg" target="_blank" rel="noopener"><span style="text-decoration: underline;">Découvrez la sélection de cuirs ici </span></a><br />
Piètement en acier inoxydable</p>
<p>L 102 x P 71 x H 70 cm<br />
Hauteur d&#8217;assise : 42 cm</p>
<p style="text-align: justify;">Cette pièce est réalisée à la main au Brésil, a partir de bois provenant de forêts faisant l’objet d’une gestion durable. Ainsi, nous ne pouvons pas garantir de délais de production actuellement. La production pourrait prendre jusqu’à une année entière. Commandez maintenant pour vous placer en haut de la liste d’attente ou <a class="notion-link-token notion-enable-hover" href="https://www.theinvisiblecollection.com/fr/demande-de-devis/?product_id=37005" target="_blank" rel="noopener noreferrer" data-token-index="1" data-reactroot=""><span class="link-annotation-unknown-block-id--18333092">contactez-nous pour recevoir d’autres propositions.</span></a></p>
