{"id":133561,"date":"2022-05-12T13:55:56","date_gmt":"2022-05-12T12:55:56","guid":{"rendered":"https:\/\/theinvisiblecollection.com\/?post_type=product&#038;p=133561"},"modified":"2026-05-01T07:38:51","modified_gmt":"2026-05-01T07:38:51","slug":"sophie-dries-totem-2","status":"publish","type":"product","link":"https:\/\/theinvisiblecollection.com\/fr\/produit\/sophie-dries-totem-2\/","title":{"rendered":"Totem 2"},"content":{"rendered":"<p style=\"text-align: justify;\"><span class=\"TextRun SCXW29600290 BCX0\" lang=\"FR-FR\" xml:lang=\"FR-FR\" data-contrast=\"auto\"><span class=\"NormalTextRun SCXW29600290 BCX0\">L<span class=\"TextRun SCXW260691370 BCX0\" lang=\"FR-FR\" xml:lang=\"FR-FR\" data-contrast=\"auto\"><span class=\"NormalTextRun SCXW260691370 BCX0\">a Collection Totem 1 &amp; 2 par Sophie <\/span><span class=\"NormalTextRun SpellingErrorV2Themed SCXW260691370 BCX0\">Dries<\/span><span class=\"NormalTextRun SCXW260691370 BCX0\">, a \u00e9t\u00e9 sp\u00e9cialement con\u00e7ue pour la premi\u00e8re adresse parisienne de la marque Michel Vivien. Les pi\u00e8ces de cette s\u00e9rie en bois massif peuvent \u00eatre utilis\u00e9es comme si\u00e8ge ou comme table d&#8217;appoint.<\/span><\/span><span class=\"LineBreakBlob BlobObject DragDrop SCXW260691370 BCX0\"><span class=\"SCXW260691370 BCX0\">\u00a0<\/span><br class=\"SCXW260691370 BCX0\" \/><\/span><span class=\"TextRun SCXW260691370 BCX0\" lang=\"FR-FR\" xml:lang=\"FR-FR\" data-contrast=\"auto\"><span class=\"NormalTextRun SCXW260691370 BCX0\">\u00a0<\/span><\/span><\/span><\/span><\/p>\n","protected":false},"excerpt":{"rendered":"<p>Tabouret photographi\u00e9 ici en ch\u00eane massif, couleur naturelle<\/p>\n<p><a href=\"https:\/\/theinvisiblecollection.com\/wp-content\/uploads\/2022\/05\/InvisibleCollection_SophieDries_WoodSelection_Totem-2.pdf\" target=\"_blank\" rel=\"noopener\">D\u00e9couvrez la s\u00e9lection de couleurs ici<\/a><br \/>\n<i>Chaque pi\u00e8ce est unique en raison de sa nature artisanale, les formes et les teintes varient l\u00e9g\u00e8rement<\/i><span style=\"text-decoration: underline;\"><br \/>\n<\/span><\/p>\n<p class=\"p1\">\u00d8 40 x H 45 cm<\/p>\n<p class=\"p1\">Fabriqu\u00e9 \u00e0 la main en France<br \/>\nD\u00e9lais de fabrication : 6 semaines<\/p>\n<p class=\"p2\"><span style=\"text-decoration: underline;\"><span class=\"s1\"><a href=\"https:\/\/www.theinvisiblecollection.com\/demande-de-devis\/?product_id=133517\" target=\"_blank\" rel=\"noopener\">Contactez-nous pour toute demande de devis ou de renseignements<\/a><\/span><\/span><\/p>\n","protected":false},"featured_media":133884,"template":"","meta":{"_acf_changed":false,"content-type":"","_themeisle_gutenberg_block_has_review":false},"product_brand":[],"product_cat":[8969,12332,12503,12514],"product_tag":[22790,31477,35326],"product_designer":[17359],"comfabric":[],"manufacturer":[21196],"reporting_designer":[37325],"samplecomfabric":[],"designer_clubroom":[],"class_list":{"0":"post-133561","1":"product","2":"type-product","3":"status-publish","4":"has-post-thumbnail","6":"product_cat-ottomans-tabourets","7":"product_cat-tables-dappoint","8":"product_cat-tables-fr","9":"product_cat-tables-de-chevet","10":"product_tag-disponible-immediatement","11":"product_tag-st-curvy-fr","12":"product_tag-st-scandinavian-fr","13":"product_designer-sophie-dries-fr","14":"manufacturer-atelier-sophie-dries-bonaventure-touton-fr","15":"reporting_designer-sophie-dries","17":"first","18":"instock","19":"taxable","20":"shipping-taxable","21":"purchasable","22":"product-type-variable"},"acf":[],"_links":{"self":[{"href":"https:\/\/theinvisiblecollection.com\/fr\/wp-json\/wp\/v2\/product\/133561","targetHints":{"allow":["GET"]}}],"collection":[{"href":"https:\/\/theinvisiblecollection.com\/fr\/wp-json\/wp\/v2\/product"}],"about":[{"href":"https:\/\/theinvisiblecollection.com\/fr\/wp-json\/wp\/v2\/types\/product"}],"wp:featuredmedia":[{"embeddable":true,"href":"https:\/\/theinvisiblecollection.com\/fr\/wp-json\/wp\/v2\/media\/133884"}],"wp:attachment":[{"href":"https:\/\/theinvisiblecollection.com\/fr\/wp-json\/wp\/v2\/media?parent=133561"}],"wp:term":[{"taxonomy":"product_brand","embeddable":true,"href":"https:\/\/theinvisiblecollection.com\/fr\/wp-json\/wp\/v2\/product_brand?post=133561"},{"taxonomy":"product_cat","embeddable":true,"href":"https:\/\/theinvisiblecollection.com\/fr\/wp-json\/wp\/v2\/product_cat?post=133561"},{"taxonomy":"product_tag","embeddable":true,"href":"https:\/\/theinvisiblecollection.com\/fr\/wp-json\/wp\/v2\/product_tag?post=133561"},{"taxonomy":"product_designer","embeddable":true,"href":"https:\/\/theinvisiblecollection.com\/fr\/wp-json\/wp\/v2\/product_designer?post=133561"},{"taxonomy":"comfabric","embeddable":true,"href":"https:\/\/theinvisiblecollection.com\/fr\/wp-json\/wp\/v2\/comfabric?post=133561"},{"taxonomy":"manufacturer","embeddable":true,"href":"https:\/\/theinvisiblecollection.com\/fr\/wp-json\/wp\/v2\/manufacturer?post=133561"},{"taxonomy":"reporting_designer","embeddable":true,"href":"https:\/\/theinvisiblecollection.com\/fr\/wp-json\/wp\/v2\/reporting_designer?post=133561"},{"taxonomy":"samplecomfabric","embeddable":true,"href":"https:\/\/theinvisiblecollection.com\/fr\/wp-json\/wp\/v2\/samplecomfabric?post=133561"},{"taxonomy":"clubroom_product_designer","embeddable":true,"href":"https:\/\/theinvisiblecollection.com\/fr\/wp-json\/wp\/v2\/designer_clubroom?post=133561"}],"curies":[{"name":"wp","href":"https:\/\/api.w.org\/{rel}","templated":true}]}}

<p style="text-align: justify;"><span class="TextRun SCXW29600290 BCX0" lang="FR-FR" xml:lang="FR-FR" data-contrast="auto"><span class="NormalTextRun SCXW29600290 BCX0">L<span class="TextRun SCXW260691370 BCX0" lang="FR-FR" xml:lang="FR-FR" data-contrast="auto"><span class="NormalTextRun SCXW260691370 BCX0">a Collection Totem 1 &amp; 2 par Sophie </span><span class="NormalTextRun SpellingErrorV2Themed SCXW260691370 BCX0">Dries</span><span class="NormalTextRun SCXW260691370 BCX0">, a été spécialement conçue pour la première adresse parisienne de la marque Michel Vivien. Les pièces de cette série en bois massif peuvent être utilisées comme siège ou comme table d&#8217;appoint.</span></span><span class="LineBreakBlob BlobObject DragDrop SCXW260691370 BCX0"><span class="SCXW260691370 BCX0"> </span><br class="SCXW260691370 BCX0" /></span><span class="TextRun SCXW260691370 BCX0" lang="FR-FR" xml:lang="FR-FR" data-contrast="auto"><span class="NormalTextRun SCXW260691370 BCX0"> </span></span></span></span></p>

<p>Tabouret photographié ici en chêne massif, couleur naturelle</p>
<p><a href="https://theinvisiblecollection.com/wp-content/uploads/2022/05/InvisibleCollection_SophieDries_WoodSelection_Totem-2.pdf" target="_blank" rel="noopener">Découvrez la sélection de couleurs ici</a><br />
<i>Chaque pièce est unique en raison de sa nature artisanale, les formes et les teintes varient légèrement</i><span style="text-decoration: underline;"><br />
</span></p>
<p class="p1">Ø 40 x H 45 cm</p>
<p class="p1">Fabriqué à la main en France<br />
Délais de fabrication : 6 semaines</p>
<p class="p2"><span style="text-decoration: underline;"><span class="s1"><a href="https://www.theinvisiblecollection.com/demande-de-devis/?product_id=133517" target="_blank" rel="noopener">Contactez-nous pour toute demande de devis ou de renseignements</a></span></span></p>
