{"id":133977,"date":"2022-05-16T14:21:23","date_gmt":"2022-05-16T13:21:23","guid":{"rendered":"https:\/\/theinvisiblecollection.com\/?post_type=product&#038;p=133977"},"modified":"2026-05-01T07:38:51","modified_gmt":"2026-05-01T07:38:51","slug":"sophie-dries-vas-tila","status":"publish","type":"product","link":"https:\/\/theinvisiblecollection.com\/fr\/produit\/sophie-dries-vas-tila\/","title":{"rendered":"Vase Tila"},"content":{"rendered":"<p style=\"text-align: justify;\"><span class=\"NormalTextRun SCXW94905377 BCX0\">Les Vases Traces par Sophie <\/span><span class=\"NormalTextRun SpellingErrorV2Themed SCXW94905377 BCX0\">Dries<\/span><span class=\"NormalTextRun SCXW94905377 BCX0\"> sont des pi\u00e8ces en <\/span><span class=\"NormalTextRun SCXW94905377 BCX0\">c\u00e9ramique<\/span><span class=\"NormalTextRun SCXW94905377 BCX0\"> cr\u00e9\u00e9es avec les <\/span><span class=\"NormalTextRun SCXW94905377 BCX0\">potiers<\/span> <span class=\"NormalTextRun SCXW94905377 BCX0\">fran\u00e7ais<\/span> <span class=\"NormalTextRun SCXW94905377 BCX0\">Thomas <\/span><span class=\"NormalTextRun SCXW94905377 BCX0\">Vivant et F\u00e9lix Galland. La collection <\/span><span class=\"NormalTextRun SCXW94905377 BCX0\">joue<\/span><span class=\"NormalTextRun SCXW94905377 BCX0\"> sur les mati\u00e8res brutes <\/span><span class=\"NormalTextRun SCXW94905377 BCX0\">en<\/span> <span class=\"NormalTextRun SCXW94905377 BCX0\">contraste<\/span><span class=\"NormalTextRun SCXW94905377 BCX0\"> avec des <\/span><span class=\"NormalTextRun SCXW94905377 BCX0\">traitements<\/span> <span class=\"NormalTextRun SCXW94905377 BCX0\">pr\u00e9cieux<\/span><span class=\"NormalTextRun SCXW94905377 BCX0\"> des mati\u00e8res. Le titre Traces tire son nom de <\/span><span class=\"NormalTextRun SCXW94905377 BCX0\">l&#8217;id\u00e9e<\/span><span class=\"NormalTextRun SCXW94905377 BCX0\"> de cicatrices dans la <\/span><span class=\"NormalTextRun SCXW94905377 BCX0\">c\u00e9ramique<\/span><span class=\"NormalTextRun SCXW94905377 BCX0\">, des incisions<\/span><span class=\"NormalTextRun SCXW94905377 BCX0\">\u00a0<\/span><span class=\"NormalTextRun SCXW94905377 BCX0\">que le ma\u00eetre <\/span><span class=\"NormalTextRun SCXW94905377 BCX0\">potier<\/span> <span class=\"NormalTextRun SCXW94905377 BCX0\">r\u00e9alise<\/span><span class=\"NormalTextRun SCXW94905377 BCX0\"> au couteau, <\/span><span class=\"NormalTextRun SCXW94905377 BCX0\">avant<\/span><span class=\"NormalTextRun SCXW94905377 BCX0\"> la <\/span><span class=\"NormalTextRun SCXW94905377 BCX0\">cuisson<\/span><span class=\"NormalTextRun SCXW94905377 BCX0\"> du <\/span><span class=\"NormalTextRun SCXW94905377 BCX0\">gr\u00e8s<\/span><span class=\"NormalTextRun SCXW94905377 BCX0\">.<\/span><\/p>\n","protected":false},"excerpt":{"rendered":"<p>Vase photographi\u00e9 ici en gr\u00e8s fonc\u00e9 avec des projections d\u2019argile blanche<br \/>\n\u00c9dition limit\u00e9e de 8 pi\u00e8ces + 2 preuves d\u2019artiste<br \/>\n<i>Chaque pi\u00e8ce est unique en raison de sa nature artisanale, les formes et les teintes varient l\u00e9g\u00e8rement<\/i><\/p>\n<p>\u00d8 17 x H 13.5cm<\/p>\n<p class=\"p1\">Fabriqu\u00e9 \u00e0 la main en France<br \/>\nD\u00e9lais de fabrication : 6 semaines<\/p>\n<p class=\"p2\"><span style=\"text-decoration: underline;\"><span class=\"s1\"><a href=\"https:\/\/www.theinvisiblecollection.com\/demande-de-devis\/?product_id=133977\" target=\"_blank\" rel=\"noopener\">Contactez-nous pour toute<\/a><\/span><span class=\"s1\"><a href=\"https:\/\/www.theinvisiblecollection.com\/demande-de-devis\/?product_id=133977\" target=\"_blank\" rel=\"noopener\"> demand<\/a><\/span><span class=\"s1\"><a href=\"https:\/\/www.theinvisiblecollection.com\/demande-de-devis\/?product_id=133977\" target=\"_blank\" rel=\"noopener\">e<\/a><\/span><span class=\"s1\"><a href=\"https:\/\/www.theinvisiblecollection.com\/demande-de-devis\/?product_id=133977\" target=\"_blank\" rel=\"noopener\"> de devis ou de renseignements<\/a><\/span><\/span><\/p>\n","protected":false},"featured_media":133991,"template":"","meta":{"_acf_changed":false,"content-type":"","_themeisle_gutenberg_block_has_review":false},"product_brand":[],"product_cat":[7517,12531,12537,16319],"product_tag":[31474,31475,31477,33319],"product_designer":[17359],"comfabric":[],"manufacturer":[21190],"reporting_designer":[37326],"samplecomfabric":[],"designer_clubroom":[],"class_list":{"0":"post-133977","1":"product","2":"type-product","3":"status-publish","4":"has-post-thumbnail","6":"product_cat-deco-fr","7":"product_cat-objets-de-decoration","8":"product_cat-vases","9":"product_cat-cartes-cadeaux","10":"product_tag-co-white-fr","11":"product_tag-st-ceramic-fr","12":"product_tag-st-curvy-fr","13":"product_tag-edition-limitee","14":"product_designer-sophie-dries-fr","15":"manufacturer-atelier-sophie-dries-atelier-g-fr","16":"reporting_designer-sophie-dries","18":"first","19":"instock","20":"taxable","21":"shipping-taxable","22":"purchasable","23":"product-type-variable"},"acf":[],"_links":{"self":[{"href":"https:\/\/theinvisiblecollection.com\/fr\/wp-json\/wp\/v2\/product\/133977","targetHints":{"allow":["GET"]}}],"collection":[{"href":"https:\/\/theinvisiblecollection.com\/fr\/wp-json\/wp\/v2\/product"}],"about":[{"href":"https:\/\/theinvisiblecollection.com\/fr\/wp-json\/wp\/v2\/types\/product"}],"wp:featuredmedia":[{"embeddable":true,"href":"https:\/\/theinvisiblecollection.com\/fr\/wp-json\/wp\/v2\/media\/133991"}],"wp:attachment":[{"href":"https:\/\/theinvisiblecollection.com\/fr\/wp-json\/wp\/v2\/media?parent=133977"}],"wp:term":[{"taxonomy":"product_brand","embeddable":true,"href":"https:\/\/theinvisiblecollection.com\/fr\/wp-json\/wp\/v2\/product_brand?post=133977"},{"taxonomy":"product_cat","embeddable":true,"href":"https:\/\/theinvisiblecollection.com\/fr\/wp-json\/wp\/v2\/product_cat?post=133977"},{"taxonomy":"product_tag","embeddable":true,"href":"https:\/\/theinvisiblecollection.com\/fr\/wp-json\/wp\/v2\/product_tag?post=133977"},{"taxonomy":"product_designer","embeddable":true,"href":"https:\/\/theinvisiblecollection.com\/fr\/wp-json\/wp\/v2\/product_designer?post=133977"},{"taxonomy":"comfabric","embeddable":true,"href":"https:\/\/theinvisiblecollection.com\/fr\/wp-json\/wp\/v2\/comfabric?post=133977"},{"taxonomy":"manufacturer","embeddable":true,"href":"https:\/\/theinvisiblecollection.com\/fr\/wp-json\/wp\/v2\/manufacturer?post=133977"},{"taxonomy":"reporting_designer","embeddable":true,"href":"https:\/\/theinvisiblecollection.com\/fr\/wp-json\/wp\/v2\/reporting_designer?post=133977"},{"taxonomy":"samplecomfabric","embeddable":true,"href":"https:\/\/theinvisiblecollection.com\/fr\/wp-json\/wp\/v2\/samplecomfabric?post=133977"},{"taxonomy":"clubroom_product_designer","embeddable":true,"href":"https:\/\/theinvisiblecollection.com\/fr\/wp-json\/wp\/v2\/designer_clubroom?post=133977"}],"curies":[{"name":"wp","href":"https:\/\/api.w.org\/{rel}","templated":true}]}}

<p style="text-align: justify;"><span class="NormalTextRun SCXW94905377 BCX0">Les Vases Traces par Sophie </span><span class="NormalTextRun SpellingErrorV2Themed SCXW94905377 BCX0">Dries</span><span class="NormalTextRun SCXW94905377 BCX0"> sont des pièces en </span><span class="NormalTextRun SCXW94905377 BCX0">céramique</span><span class="NormalTextRun SCXW94905377 BCX0"> créées avec les </span><span class="NormalTextRun SCXW94905377 BCX0">potiers</span> <span class="NormalTextRun SCXW94905377 BCX0">français</span> <span class="NormalTextRun SCXW94905377 BCX0">Thomas </span><span class="NormalTextRun SCXW94905377 BCX0">Vivant et Félix Galland. La collection </span><span class="NormalTextRun SCXW94905377 BCX0">joue</span><span class="NormalTextRun SCXW94905377 BCX0"> sur les matières brutes </span><span class="NormalTextRun SCXW94905377 BCX0">en</span> <span class="NormalTextRun SCXW94905377 BCX0">contraste</span><span class="NormalTextRun SCXW94905377 BCX0"> avec des </span><span class="NormalTextRun SCXW94905377 BCX0">traitements</span> <span class="NormalTextRun SCXW94905377 BCX0">précieux</span><span class="NormalTextRun SCXW94905377 BCX0"> des matières. Le titre Traces tire son nom de </span><span class="NormalTextRun SCXW94905377 BCX0">l&#8217;idée</span><span class="NormalTextRun SCXW94905377 BCX0"> de cicatrices dans la </span><span class="NormalTextRun SCXW94905377 BCX0">céramique</span><span class="NormalTextRun SCXW94905377 BCX0">, des incisions</span><span class="NormalTextRun SCXW94905377 BCX0"> </span><span class="NormalTextRun SCXW94905377 BCX0">que le maître </span><span class="NormalTextRun SCXW94905377 BCX0">potier</span> <span class="NormalTextRun SCXW94905377 BCX0">réalise</span><span class="NormalTextRun SCXW94905377 BCX0"> au couteau, </span><span class="NormalTextRun SCXW94905377 BCX0">avant</span><span class="NormalTextRun SCXW94905377 BCX0"> la </span><span class="NormalTextRun SCXW94905377 BCX0">cuisson</span><span class="NormalTextRun SCXW94905377 BCX0"> du </span><span class="NormalTextRun SCXW94905377 BCX0">grès</span><span class="NormalTextRun SCXW94905377 BCX0">.</span></p>

<p>Vase photographié ici en grès foncé avec des projections d’argile blanche<br />
Édition limitée de 8 pièces + 2 preuves d’artiste<br />
<i>Chaque pièce est unique en raison de sa nature artisanale, les formes et les teintes varient légèrement</i></p>
<p>Ø 17 x H 13.5cm</p>
<p class="p1">Fabriqué à la main en France<br />
Délais de fabrication : 6 semaines</p>
<p class="p2"><span style="text-decoration: underline;"><span class="s1"><a href="https://www.theinvisiblecollection.com/demande-de-devis/?product_id=133977" target="_blank" rel="noopener">Contactez-nous pour toute</a></span><span class="s1"><a href="https://www.theinvisiblecollection.com/demande-de-devis/?product_id=133977" target="_blank" rel="noopener"> demand</a></span><span class="s1"><a href="https://www.theinvisiblecollection.com/demande-de-devis/?product_id=133977" target="_blank" rel="noopener">e</a></span><span class="s1"><a href="https://www.theinvisiblecollection.com/demande-de-devis/?product_id=133977" target="_blank" rel="noopener"> de devis ou de renseignements</a></span></span></p>
