{"id":3514624,"date":"2023-08-08T10:30:44","date_gmt":"2023-08-08T09:30:44","guid":{"rendered":"https:\/\/theinvisiblecollection.com\/?post_type=product&#038;p=3514624"},"modified":"2026-05-01T07:38:01","modified_gmt":"2026-05-01T07:38:01","slug":"pierre-augustin-rose-table-ovale-pietra","status":"publish","type":"product","link":"https:\/\/theinvisiblecollection.com\/fr\/produit\/pierre-augustin-rose-table-ovale-pietra\/","title":{"rendered":"Table Ovale Pietra Travertin"},"content":{"rendered":"<p style=\"text-align: justify;\">La table ronde Craft tire son nom des traditions artisanales et du savoir-faire de la cr\u00e9ation de cette pi\u00e8ce sophistiqu\u00e9e.<\/p>\n","protected":false},"excerpt":{"rendered":"<p>Table basse photographi\u00e9e ici avec un plateau en ch\u00eane verni sculpt\u00e9<br \/>\nPlateau \u00e9galement disponible en ch\u00eane lisse verni<br \/>\nPi\u00e8tement laqu\u00e9 blanc cass\u00e9<\/p>\n<p>L 120 x l 120 x H 39 cm<\/p>\n<p>Fabriqu\u00e9e \u00e0 la main en Europe<br \/>\nD\u00e9lais de production : 10 &#8211; 14 semaines<\/p>\n<p><span style=\"text-decoration: underline;\"><a href=\"https:\/\/www.theinvisiblecollection.com\/fr\/demande-de-devis\/?product_id=56875\" target=\"_blank\" rel=\"noopener noreferrer\">Contactez-nous pour toute demande de devis ou de renseignements<\/a><\/span><\/p>\n","protected":false},"featured_media":3532488,"template":"","meta":{"_acf_changed":false,"content-type":"","_themeisle_gutenberg_block_has_review":false},"product_brand":[],"product_cat":[7509,12503],"product_tag":[11349,31474,35206],"product_designer":[8908],"comfabric":[29018],"manufacturer":[16828],"reporting_designer":[37607],"samplecomfabric":[30018],"designer_clubroom":[],"class_list":{"0":"post-3514624","1":"product","2":"type-product","3":"status-publish","4":"has-post-thumbnail","6":"product_cat-tables-basses-dappoint","7":"product_cat-tables-fr","8":"product_tag-pierre-augustine-rose-fr","9":"product_tag-co-white-fr","10":"product_tag-exclusive-fr","11":"pa_tabletop-finish-gouge-fr","12":"pa_tabletop-finish-lisse-fr","13":"product_designer-pierre-augustin-rose-fr","14":"comfabric-pierre-augustin-rose-fr","15":"manufacturer-charvin-logistics-saint-ouen-la-ex-egetra-fr","16":"reporting_designer-pierre-augustin-rose","17":"samplecomfabric-pierre-augustin-rose-fr","19":"first","20":"instock","21":"taxable","22":"shipping-taxable","23":"purchasable","24":"product-type-simple"},"acf":[],"_links":{"self":[{"href":"https:\/\/theinvisiblecollection.com\/fr\/wp-json\/wp\/v2\/product\/3514624","targetHints":{"allow":["GET"]}}],"collection":[{"href":"https:\/\/theinvisiblecollection.com\/fr\/wp-json\/wp\/v2\/product"}],"about":[{"href":"https:\/\/theinvisiblecollection.com\/fr\/wp-json\/wp\/v2\/types\/product"}],"wp:featuredmedia":[{"embeddable":true,"href":"https:\/\/theinvisiblecollection.com\/fr\/wp-json\/wp\/v2\/media\/3532488"}],"wp:attachment":[{"href":"https:\/\/theinvisiblecollection.com\/fr\/wp-json\/wp\/v2\/media?parent=3514624"}],"wp:term":[{"taxonomy":"product_brand","embeddable":true,"href":"https:\/\/theinvisiblecollection.com\/fr\/wp-json\/wp\/v2\/product_brand?post=3514624"},{"taxonomy":"product_cat","embeddable":true,"href":"https:\/\/theinvisiblecollection.com\/fr\/wp-json\/wp\/v2\/product_cat?post=3514624"},{"taxonomy":"product_tag","embeddable":true,"href":"https:\/\/theinvisiblecollection.com\/fr\/wp-json\/wp\/v2\/product_tag?post=3514624"},{"taxonomy":"product_designer","embeddable":true,"href":"https:\/\/theinvisiblecollection.com\/fr\/wp-json\/wp\/v2\/product_designer?post=3514624"},{"taxonomy":"comfabric","embeddable":true,"href":"https:\/\/theinvisiblecollection.com\/fr\/wp-json\/wp\/v2\/comfabric?post=3514624"},{"taxonomy":"manufacturer","embeddable":true,"href":"https:\/\/theinvisiblecollection.com\/fr\/wp-json\/wp\/v2\/manufacturer?post=3514624"},{"taxonomy":"reporting_designer","embeddable":true,"href":"https:\/\/theinvisiblecollection.com\/fr\/wp-json\/wp\/v2\/reporting_designer?post=3514624"},{"taxonomy":"samplecomfabric","embeddable":true,"href":"https:\/\/theinvisiblecollection.com\/fr\/wp-json\/wp\/v2\/samplecomfabric?post=3514624"},{"taxonomy":"clubroom_product_designer","embeddable":true,"href":"https:\/\/theinvisiblecollection.com\/fr\/wp-json\/wp\/v2\/designer_clubroom?post=3514624"}],"curies":[{"name":"wp","href":"https:\/\/api.w.org\/{rel}","templated":true}]}}

<p style="text-align: justify;">La table ronde Craft tire son nom des traditions artisanales et du savoir-faire de la création de cette pièce sophistiquée.</p>

<p>Table basse photographiée ici avec un plateau en chêne verni sculpté<br />
Plateau également disponible en chêne lisse verni<br />
Piètement laqué blanc cassé</p>
<p>L 120 x l 120 x H 39 cm</p>
<p>Fabriquée à la main en Europe<br />
Délais de production : 10 &#8211; 14 semaines</p>
<p><span style="text-decoration: underline;"><a href="https://www.theinvisiblecollection.com/fr/demande-de-devis/?product_id=56875" target="_blank" rel="noopener noreferrer">Contactez-nous pour toute demande de devis ou de renseignements</a></span></p>
