{"id":35990,"date":"2019-04-16T00:00:00","date_gmt":"2019-04-16T00:00:00","guid":{"rendered":"https:\/\/www.theinvisiblecollection.com\/product\/bibliotheque-beduina\/"},"modified":"2026-05-01T07:40:07","modified_gmt":"2026-05-01T07:40:07","slug":"etel-bibliotheque-beduina","status":"publish","type":"product","link":"https:\/\/theinvisiblecollection.com\/fr\/produit\/etel-bibliotheque-beduina\/","title":{"rendered":"Biblioth\u00e8que Beduina"},"content":{"rendered":"<p style=\"text-align: justify;\">La biblioth\u00e8que Beduina dessin\u00e9e par Lia Siqueira est nomade, compacte et personnelle. L&#8217;ex\u00e9cution de ses modules peut g\u00e9n\u00e9rer une infinit\u00e9 de compositions possibles, permettant diff\u00e9rentes utilisations dans diff\u00e9rents contextes. En 2009, l&#8217;\u00e9tag\u00e8re Beduina a \u00e9t\u00e9 reconnue pour son innovation par deux des plus prestigieux prix de design au monde : iF Design et Red Dot Design.<\/p>\n","protected":false},"excerpt":{"rendered":"<p>Design par Lia Siqueira<br \/>\nSur l&#8217;image, biblioth\u00e8que en bois de Freijo<br \/>\nLes \u00e9tag\u00e8res sont d\u00e9pliables<br \/>\nR\u00e9alis\u00e9e avec des finitions en rotin<br \/>\n<span style=\"text-decoration: underline;\"><a href=\"https:\/\/theinvisiblecollection.com\/wp-content\/uploads\/2022\/10\/TheInvisibleCollection_WoodSelection_CobogoCopacabanaCoffeeTable.pdf\">D\u00e9couvrez une s\u00e9lection de bois ici<\/a><\/span><\/p>\n<p>L 79 x l 40 x H 236 cm<\/p>\n<p>Fabriqu\u00e9e \u00e0 la main au Br\u00e9sil<br \/>\nD\u00e9lais de production : 20 &#8211; 24 semaines<\/p>\n<p><span style=\"text-decoration: underline;\"><a href=\"https:\/\/www.theinvisiblecollection.com\/fr\/demande-de-devis\/?product_id=35990\" target=\"_blank\" rel=\"noopener noreferrer\">Contactez-nous pour toute demande de devis ou de renseignements<\/a><\/span><\/p>\n","protected":false},"featured_media":80966,"template":"","meta":{"_acf_changed":false,"content-type":"","_themeisle_gutenberg_block_has_review":false},"product_brand":[],"product_cat":[13076,8956,12505],"product_tag":[8863,8952,8997,9016,9668,9715,10371,10407,11335,8854,8862],"product_designer":[8866,17874],"comfabric":[28854],"manufacturer":[16878],"reporting_designer":[37382],"samplecomfabric":[30448],"designer_clubroom":[],"class_list":{"0":"post-35990","1":"product","2":"type-product","3":"status-publish","4":"has-post-thumbnail","6":"product_cat-bureau-a-la-maison","7":"product_cat-bibliotheques","8":"product_cat-rangements","9":"product_tag-etel-design-fr-2","10":"product_tag-bois-fr","11":"product_tag-livre","12":"product_tag-chambre-fr-2","13":"product_tag-designer-bresilien-fr-fr","14":"product_tag-salon-fr-2","15":"product_tag-designer-fr-fr","16":"product_tag-lia-siqueira-fr","17":"product_tag-eco-design","18":"product_tag-etel-fr-2","19":"product_tag-etel-carmona-fr-3","20":"pa_wood-freijo-delave-fr","21":"pa_wood-freijo-naturel-fr","22":"pa_wood-imbuia-miel-fr","23":"product_designer-etel-fr","24":"product_designer-lia-siqueira-par-etel","25":"comfabric-etel-atelier-1-fr","26":"manufacturer-etel-atelier-1-fr","27":"reporting_designer-etel","28":"samplecomfabric-etel-fr","30":"first","31":"instock","32":"taxable","33":"shipping-taxable","34":"purchasable","35":"product-type-variable"},"acf":[],"_links":{"self":[{"href":"https:\/\/theinvisiblecollection.com\/fr\/wp-json\/wp\/v2\/product\/35990","targetHints":{"allow":["GET"]}}],"collection":[{"href":"https:\/\/theinvisiblecollection.com\/fr\/wp-json\/wp\/v2\/product"}],"about":[{"href":"https:\/\/theinvisiblecollection.com\/fr\/wp-json\/wp\/v2\/types\/product"}],"wp:featuredmedia":[{"embeddable":true,"href":"https:\/\/theinvisiblecollection.com\/fr\/wp-json\/wp\/v2\/media\/80966"}],"wp:attachment":[{"href":"https:\/\/theinvisiblecollection.com\/fr\/wp-json\/wp\/v2\/media?parent=35990"}],"wp:term":[{"taxonomy":"product_brand","embeddable":true,"href":"https:\/\/theinvisiblecollection.com\/fr\/wp-json\/wp\/v2\/product_brand?post=35990"},{"taxonomy":"product_cat","embeddable":true,"href":"https:\/\/theinvisiblecollection.com\/fr\/wp-json\/wp\/v2\/product_cat?post=35990"},{"taxonomy":"product_tag","embeddable":true,"href":"https:\/\/theinvisiblecollection.com\/fr\/wp-json\/wp\/v2\/product_tag?post=35990"},{"taxonomy":"product_designer","embeddable":true,"href":"https:\/\/theinvisiblecollection.com\/fr\/wp-json\/wp\/v2\/product_designer?post=35990"},{"taxonomy":"comfabric","embeddable":true,"href":"https:\/\/theinvisiblecollection.com\/fr\/wp-json\/wp\/v2\/comfabric?post=35990"},{"taxonomy":"manufacturer","embeddable":true,"href":"https:\/\/theinvisiblecollection.com\/fr\/wp-json\/wp\/v2\/manufacturer?post=35990"},{"taxonomy":"reporting_designer","embeddable":true,"href":"https:\/\/theinvisiblecollection.com\/fr\/wp-json\/wp\/v2\/reporting_designer?post=35990"},{"taxonomy":"samplecomfabric","embeddable":true,"href":"https:\/\/theinvisiblecollection.com\/fr\/wp-json\/wp\/v2\/samplecomfabric?post=35990"},{"taxonomy":"clubroom_product_designer","embeddable":true,"href":"https:\/\/theinvisiblecollection.com\/fr\/wp-json\/wp\/v2\/designer_clubroom?post=35990"}],"curies":[{"name":"wp","href":"https:\/\/api.w.org\/{rel}","templated":true}]}}

Bibliothèque Beduina

<p style="text-align: justify;">La bibliothèque Beduina dessinée par Lia Siqueira est nomade, compacte et personnelle. L&#8217;exécution de ses modules peut générer une infinité de compositions possibles, permettant différentes utilisations dans différents contextes. En 2009, l&#8217;étagère Beduina a été reconnue pour son innovation par deux des plus prestigieux prix de design au monde : iF Design et Red Dot Design.</p>

<p>Design par Lia Siqueira<br />
Sur l&#8217;image, bibliothèque en bois de Freijo<br />
Les étagères sont dépliables<br />
Réalisée avec des finitions en rotin<br />
<span style="text-decoration: underline;"><a href="https://theinvisiblecollection.com/wp-content/uploads/2022/10/TheInvisibleCollection_WoodSelection_CobogoCopacabanaCoffeeTable.pdf">Découvrez une sélection de bois ici</a></span></p>
<p>L 79 x l 40 x H 236 cm</p>
<p>Fabriquée à la main au Brésil<br />
Délais de production : 20 &#8211; 24 semaines</p>
<p><span style="text-decoration: underline;"><a href="https://www.theinvisiblecollection.com/fr/demande-de-devis/?product_id=35990" target="_blank" rel="noopener noreferrer">Contactez-nous pour toute demande de devis ou de renseignements</a></span></p>
