{"id":36010,"date":"2019-05-21T00:00:00","date_gmt":"2019-05-20T23:00:00","guid":{"rendered":"https:\/\/www.theinvisiblecollection.com\/product\/bibliotheque-pivotante-jatoba\/"},"modified":"2026-05-01T07:40:07","modified_gmt":"2026-05-01T07:40:07","slug":"etel-bibliotheque-pivotante-jatoba","status":"publish","type":"product","link":"https:\/\/theinvisiblecollection.com\/fr\/produit\/etel-bibliotheque-pivotante-jatoba\/","title":{"rendered":"Biblioth\u00e8que Pivotante Jatoba"},"content":{"rendered":"<p style=\"text-align: justify;\">Le concept de la gestion foresti\u00e8re et de \u00ab m\u00e8res, filles et petites-filles \u00bb a inspir\u00e9 la cr\u00e9ation de ce trio de biblioth\u00e8ques Pivotante Jatoba d&#8217;Etel Carmona. La pi\u00e8ce la plus haute correspond au plus vieil arbre, la seconde \u00e0 la fille et la plus petite \u00e0 la petite-fille. Toutes proches les unes des autres, pour assurer la pr\u00e9servation de la for\u00eat. Chaque biblioth\u00e8que \u00e9tait \u00e0 l\u2019origine fabriqu\u00e9e \u00e0 partir d\u2019un bois exotique indig\u00e8ne, comme le bois de roxinho et le bois de breu, pour repr\u00e9senter la diversit\u00e9 de la for\u00eat. Les pi\u00e8ces peuvent \u00eatre vendues s\u00e9par\u00e9ment et construites dans diff\u00e9rentes qualit\u00e9s de bois.<\/p>\n","protected":false},"excerpt":{"rendered":"<p>Design par Etel Carmona<br \/>\nPeut-\u00eatre vendue s\u00e9par\u00e9ment ou en trio<br \/>\nDimensions et mat\u00e9riaux sur-mesure sur demande<br \/>\n<span style=\"text-decoration: underline;\"><a href=\"https:\/\/theinvisiblecollection.com\/wp-content\/uploads\/2021\/06\/TheInvisibleCollection_ETEL_Jatoba_Rotating_Bookcase_Samples_Catalogue.pdf\" target=\"_blank\" rel=\"noopener\">D\u00e9couvrez la s\u00e9lection de bois ici<\/a><\/span><\/p>\n<p>Trois dimensions disponibles :<br \/>\nSmall : L 40 x l 40 x H 128 cm sur l&#8217;image en bois d&#8217;Imbuia<br \/>\nMedium : L 40 x l 40 x H 128 cm sur l&#8217;image en bois de Roxinho<br \/>\nLarge : L 40 x l 40 x H 193 cm sur l&#8217;image en bois de Freijo<\/p>\n<p>Fabriqu\u00e9e \u00e0 la main au Br\u00e9sil<br \/>\nD\u00e9lais de production : 20 &#8211; 24 semaines<\/p>\n<p><span style=\"text-decoration: underline;\"><a href=\"https:\/\/www.theinvisiblecollection.com\/fr\/demande-de-devis\/?product_id=36010\" target=\"_blank\" rel=\"noopener noreferrer\">Contactez-nous pour toute demande de devis ou de renseignements<\/a><\/span><\/p>\n","protected":false},"featured_media":80960,"template":"","meta":{"_acf_changed":false,"content-type":"","_themeisle_gutenberg_block_has_review":false},"product_brand":[],"product_cat":[8956,12505,13076],"product_tag":[9715,10262,10494,11335,8854,8952,8997,9013,9016,9423,9668],"product_designer":[8866,10660],"comfabric":[28854],"manufacturer":[16878],"reporting_designer":[37690],"samplecomfabric":[30448],"designer_clubroom":[],"class_list":{"0":"post-36010","1":"product","2":"type-product","3":"status-publish","4":"has-post-thumbnail","6":"product_cat-bibliotheques","7":"product_cat-rangements","8":"product_cat-bureau-a-la-maison","9":"product_tag-salon-fr-2","10":"product_tag-bibliotheque-fr-2","11":"product_tag-bresil","12":"product_tag-eco-design","13":"product_tag-etel-fr-2","14":"product_tag-bois-fr","15":"product_tag-livre","16":"product_tag-cedre","17":"product_tag-chambre-fr-2","18":"product_tag-storage","19":"product_tag-designer-bresilien-fr-fr","20":"pa_size-grand-fr","21":"pa_size-moyenne-l-70-x-l-82-x-h-41-cm","22":"pa_size-petit-fr","23":"pa_wood-bois-teinte-ebene-fr","24":"pa_wood-mixte-dimbuia","25":"pa_wood-mixte-de-freijo","26":"pa_wood-mixte-de-sucupiria","27":"product_designer-etel-fr","28":"product_designer-etel-carmona-fr","29":"comfabric-etel-atelier-1-fr","30":"manufacturer-etel-atelier-1-fr","31":"reporting_designer-etel-carmona","32":"samplecomfabric-etel-fr","34":"first","35":"instock","36":"taxable","37":"shipping-taxable","38":"purchasable","39":"product-type-variable"},"acf":[],"_links":{"self":[{"href":"https:\/\/theinvisiblecollection.com\/fr\/wp-json\/wp\/v2\/product\/36010","targetHints":{"allow":["GET"]}}],"collection":[{"href":"https:\/\/theinvisiblecollection.com\/fr\/wp-json\/wp\/v2\/product"}],"about":[{"href":"https:\/\/theinvisiblecollection.com\/fr\/wp-json\/wp\/v2\/types\/product"}],"wp:featuredmedia":[{"embeddable":true,"href":"https:\/\/theinvisiblecollection.com\/fr\/wp-json\/wp\/v2\/media\/80960"}],"wp:attachment":[{"href":"https:\/\/theinvisiblecollection.com\/fr\/wp-json\/wp\/v2\/media?parent=36010"}],"wp:term":[{"taxonomy":"product_brand","embeddable":true,"href":"https:\/\/theinvisiblecollection.com\/fr\/wp-json\/wp\/v2\/product_brand?post=36010"},{"taxonomy":"product_cat","embeddable":true,"href":"https:\/\/theinvisiblecollection.com\/fr\/wp-json\/wp\/v2\/product_cat?post=36010"},{"taxonomy":"product_tag","embeddable":true,"href":"https:\/\/theinvisiblecollection.com\/fr\/wp-json\/wp\/v2\/product_tag?post=36010"},{"taxonomy":"product_designer","embeddable":true,"href":"https:\/\/theinvisiblecollection.com\/fr\/wp-json\/wp\/v2\/product_designer?post=36010"},{"taxonomy":"comfabric","embeddable":true,"href":"https:\/\/theinvisiblecollection.com\/fr\/wp-json\/wp\/v2\/comfabric?post=36010"},{"taxonomy":"manufacturer","embeddable":true,"href":"https:\/\/theinvisiblecollection.com\/fr\/wp-json\/wp\/v2\/manufacturer?post=36010"},{"taxonomy":"reporting_designer","embeddable":true,"href":"https:\/\/theinvisiblecollection.com\/fr\/wp-json\/wp\/v2\/reporting_designer?post=36010"},{"taxonomy":"samplecomfabric","embeddable":true,"href":"https:\/\/theinvisiblecollection.com\/fr\/wp-json\/wp\/v2\/samplecomfabric?post=36010"},{"taxonomy":"clubroom_product_designer","embeddable":true,"href":"https:\/\/theinvisiblecollection.com\/fr\/wp-json\/wp\/v2\/designer_clubroom?post=36010"}],"curies":[{"name":"wp","href":"https:\/\/api.w.org\/{rel}","templated":true}]}}

Bibliothèque Pivotante Jatoba

<p style="text-align: justify;">Le concept de la gestion forestière et de « mères, filles et petites-filles » a inspiré la création de ce trio de bibliothèques Pivotante Jatoba d&#8217;Etel Carmona. La pièce la plus haute correspond au plus vieil arbre, la seconde à la fille et la plus petite à la petite-fille. Toutes proches les unes des autres, pour assurer la préservation de la forêt. Chaque bibliothèque était à l’origine fabriquée à partir d’un bois exotique indigène, comme le bois de roxinho et le bois de breu, pour représenter la diversité de la forêt. Les pièces peuvent être vendues séparément et construites dans différentes qualités de bois.</p>

<p>Design par Etel Carmona<br />
Peut-être vendue séparément ou en trio<br />
Dimensions et matériaux sur-mesure sur demande<br />
<span style="text-decoration: underline;"><a href="https://theinvisiblecollection.com/wp-content/uploads/2021/06/TheInvisibleCollection_ETEL_Jatoba_Rotating_Bookcase_Samples_Catalogue.pdf" target="_blank" rel="noopener">Découvrez la sélection de bois ici</a></span></p>
<p>Trois dimensions disponibles :<br />
Small : L 40 x l 40 x H 128 cm sur l&#8217;image en bois d&#8217;Imbuia<br />
Medium : L 40 x l 40 x H 128 cm sur l&#8217;image en bois de Roxinho<br />
Large : L 40 x l 40 x H 193 cm sur l&#8217;image en bois de Freijo</p>
<p>Fabriquée à la main au Brésil<br />
Délais de production : 20 &#8211; 24 semaines</p>
<p><span style="text-decoration: underline;"><a href="https://www.theinvisiblecollection.com/fr/demande-de-devis/?product_id=36010" target="_blank" rel="noopener noreferrer">Contactez-nous pour toute demande de devis ou de renseignements</a></span></p>
