{"id":36196,"date":"2021-03-01T09:30:00","date_gmt":"2021-03-01T08:30:00","guid":{"rendered":"https:\/\/www.theinvisiblecollection.com\/product\/buffet-ondas\/"},"modified":"2026-05-01T07:40:07","modified_gmt":"2026-05-01T07:40:07","slug":"etel-buffet-ondas","status":"publish","type":"product","link":"https:\/\/theinvisiblecollection.com\/fr\/produit\/etel-buffet-ondas\/","title":{"rendered":"Buffet Ondas"},"content":{"rendered":"<p style=\"text-align: justify;\">Les courbes complexes et d\u00e9licates des tiroirs du buffet Ondas sont des reminiscences des vagues dans l&#8217;oc\u00e9an. Le buffet de Arthur de Mattos Casas, qui peut \u00eatre sur mesure, est particuli\u00e8rement \u00e9l\u00e9gant en noyer am\u00e9ricain.<\/p>\n","protected":false},"excerpt":{"rendered":"<p>Design par Arthur de Mattos Casas<br \/>\nBuffet disponible en huit options, avec ou sans base<br \/>\nPhotographi\u00e9 ici en noyer naturel am\u00e9ricain<br \/>\n<span style=\"text-decoration: underline;\"><a href=\"https:\/\/theinvisiblecollection.com\/wp-content\/uploads\/2021\/06\/TheInvisibleCollection_Wood_Samples_Ondas_Sideboard.pdf\" target=\"_blank\" rel=\"noopener\">D\u00e9couvrez la s\u00e9lection de bois<\/a><\/span><\/p>\n<p>Le buffet est disponible en neuf options :<br \/>\nBuffet 90 : L 90 x l 57 x H 41 cm<br \/>\nBuffet 180, 2 tiroirs : L 180 x l 57 x H 41 cm<br \/>\nBuffet 180, 2 tiroirs avec base : L 180 x l 57 x H 41 cm<br \/>\nBuffet 270, 3 tiroirs : L 270 x l 57 x H 41 cm<br \/>\nBuffet 270 avec base, 3 tiroirs : L 270 x l 57 x H 41 cm<br \/>\nBuffet 360, 4 tiroirs : L 360 x l 57 x H 41 cm<br \/>\nBuffet 450, 5 tiroirs : L 450 x l 57 x H 41 cm<br \/>\nBuffet 540, 6 tiroirs : L 540 x l 57 x H 41 cm<br \/>\nBuffet 630, 7 tiroirs : L 630 x l 57 x H 41 cm<\/p>\n<p style=\"text-align: justify;\">Cette pi\u00e8ce est r\u00e9alis\u00e9e \u00e0 la main au Br\u00e9sil, a partir de bois provenant de for\u00eats faisant l&#8217;objet d&#8217;une gestion durable. Ainsi, nous ne pouvons pas garantir de d\u00e9lais de production actuellement. La production pourrait prendre jusqu&#8217;\u00e0 une ann\u00e9e enti\u00e8re. Commandez maintenant pour vous placer en haut de la liste d&#8217;attente ou <a href=\"https:\/\/www.theinvisiblecollection.com\/fr\/demande-de-devis\/?product_id=36196\" target=\"_blank\" rel=\"noopener\"><span style=\"text-decoration: underline;\">contactez-nous pour recevoir d&#8217;autres propositions.<\/span><\/a><\/p>\n<p>&nbsp;<\/p>\n","protected":false},"featured_media":74713,"template":"","meta":{"_acf_changed":false,"content-type":"","_themeisle_gutenberg_block_has_review":false},"product_brand":[],"product_cat":[8957,12505],"product_tag":[11335,8854,8855,8862,8863,8952,9016,9152,9416,9715,10360,10558],"product_designer":[8866],"comfabric":[28854],"manufacturer":[16878],"reporting_designer":[37382],"samplecomfabric":[30448],"designer_clubroom":[],"class_list":{"0":"post-36196","1":"product","2":"type-product","3":"status-publish","4":"has-post-thumbnail","6":"product_cat-commodes","7":"product_cat-rangements","8":"product_tag-eco-design","9":"product_tag-etel-fr-2","10":"product_tag-table-fr-3","11":"product_tag-etel-carmona-fr-3","12":"product_tag-etel-design-fr-2","13":"product_tag-bois-fr","14":"product_tag-chambre-fr-2","15":"product_tag-noyer-americain","16":"product_tag-design-fr","17":"product_tag-salon-fr-2","18":"product_tag-buffet-fr","19":"product_tag-arthur-de-mattos-casas-fr-fr","20":"pa_size-l-180-x-l-57-x-h-41-cm-fr","21":"pa_size-l-270-x-l-57-x-h-41-cm-fr","22":"pa_size-l-360-x-l-57-x-h-41-cm-fr","23":"pa_size-l-450-x-l-57-x-h-41-cm-fr","24":"pa_size-l-540-x-l-57-x-h-41-cm-fr","25":"pa_size-l-630-x-l-57-x-h-41-cm-fr","26":"product_designer-etel-fr","27":"comfabric-etel-atelier-1-fr","28":"manufacturer-etel-atelier-1-fr","29":"reporting_designer-etel","30":"samplecomfabric-etel-fr","32":"first","33":"instock","34":"taxable","35":"shipping-taxable","36":"purchasable","37":"product-type-variable"},"acf":[],"_links":{"self":[{"href":"https:\/\/theinvisiblecollection.com\/fr\/wp-json\/wp\/v2\/product\/36196","targetHints":{"allow":["GET"]}}],"collection":[{"href":"https:\/\/theinvisiblecollection.com\/fr\/wp-json\/wp\/v2\/product"}],"about":[{"href":"https:\/\/theinvisiblecollection.com\/fr\/wp-json\/wp\/v2\/types\/product"}],"wp:featuredmedia":[{"embeddable":true,"href":"https:\/\/theinvisiblecollection.com\/fr\/wp-json\/wp\/v2\/media\/74713"}],"wp:attachment":[{"href":"https:\/\/theinvisiblecollection.com\/fr\/wp-json\/wp\/v2\/media?parent=36196"}],"wp:term":[{"taxonomy":"product_brand","embeddable":true,"href":"https:\/\/theinvisiblecollection.com\/fr\/wp-json\/wp\/v2\/product_brand?post=36196"},{"taxonomy":"product_cat","embeddable":true,"href":"https:\/\/theinvisiblecollection.com\/fr\/wp-json\/wp\/v2\/product_cat?post=36196"},{"taxonomy":"product_tag","embeddable":true,"href":"https:\/\/theinvisiblecollection.com\/fr\/wp-json\/wp\/v2\/product_tag?post=36196"},{"taxonomy":"product_designer","embeddable":true,"href":"https:\/\/theinvisiblecollection.com\/fr\/wp-json\/wp\/v2\/product_designer?post=36196"},{"taxonomy":"comfabric","embeddable":true,"href":"https:\/\/theinvisiblecollection.com\/fr\/wp-json\/wp\/v2\/comfabric?post=36196"},{"taxonomy":"manufacturer","embeddable":true,"href":"https:\/\/theinvisiblecollection.com\/fr\/wp-json\/wp\/v2\/manufacturer?post=36196"},{"taxonomy":"reporting_designer","embeddable":true,"href":"https:\/\/theinvisiblecollection.com\/fr\/wp-json\/wp\/v2\/reporting_designer?post=36196"},{"taxonomy":"samplecomfabric","embeddable":true,"href":"https:\/\/theinvisiblecollection.com\/fr\/wp-json\/wp\/v2\/samplecomfabric?post=36196"},{"taxonomy":"clubroom_product_designer","embeddable":true,"href":"https:\/\/theinvisiblecollection.com\/fr\/wp-json\/wp\/v2\/designer_clubroom?post=36196"}],"curies":[{"name":"wp","href":"https:\/\/api.w.org\/{rel}","templated":true}]}}

<p style="text-align: justify;">Les courbes complexes et délicates des tiroirs du buffet Ondas sont des reminiscences des vagues dans l&#8217;océan. Le buffet de Arthur de Mattos Casas, qui peut être sur mesure, est particulièrement élégant en noyer américain.</p>

<p>Design par Arthur de Mattos Casas<br />
Buffet disponible en huit options, avec ou sans base<br />
Photographié ici en noyer naturel américain<br />
<span style="text-decoration: underline;"><a href="https://theinvisiblecollection.com/wp-content/uploads/2021/06/TheInvisibleCollection_Wood_Samples_Ondas_Sideboard.pdf" target="_blank" rel="noopener">Découvrez la sélection de bois</a></span></p>
<p>Le buffet est disponible en neuf options :<br />
Buffet 90 : L 90 x l 57 x H 41 cm<br />
Buffet 180, 2 tiroirs : L 180 x l 57 x H 41 cm<br />
Buffet 180, 2 tiroirs avec base : L 180 x l 57 x H 41 cm<br />
Buffet 270, 3 tiroirs : L 270 x l 57 x H 41 cm<br />
Buffet 270 avec base, 3 tiroirs : L 270 x l 57 x H 41 cm<br />
Buffet 360, 4 tiroirs : L 360 x l 57 x H 41 cm<br />
Buffet 450, 5 tiroirs : L 450 x l 57 x H 41 cm<br />
Buffet 540, 6 tiroirs : L 540 x l 57 x H 41 cm<br />
Buffet 630, 7 tiroirs : L 630 x l 57 x H 41 cm</p>
<p style="text-align: justify;">Cette pièce est réalisée à la main au Brésil, a partir de bois provenant de forêts faisant l&#8217;objet d&#8217;une gestion durable. Ainsi, nous ne pouvons pas garantir de délais de production actuellement. La production pourrait prendre jusqu&#8217;à une année entière. Commandez maintenant pour vous placer en haut de la liste d&#8217;attente ou <a href="https://www.theinvisiblecollection.com/fr/demande-de-devis/?product_id=36196" target="_blank" rel="noopener"><span style="text-decoration: underline;">contactez-nous pour recevoir d&#8217;autres propositions.</span></a></p>
<p>&nbsp;</p>
