{"id":36246,"date":"2019-05-15T00:00:00","date_gmt":"2019-05-15T00:00:00","guid":{"rendered":"https:\/\/www.theinvisiblecollection.com\/product\/bureau-livre\/"},"modified":"2026-05-01T07:40:07","modified_gmt":"2026-05-01T07:40:07","slug":"etel-bureau-livre","status":"publish","type":"product","link":"https:\/\/theinvisiblecollection.com\/fr\/produit\/etel-bureau-livre\/","title":{"rendered":"Bureau Livre"},"content":{"rendered":"<p style=\"text-align: justify;\">La structure tr\u00e8s imaginative du Bureau Livre de Lia Siqueira offre de nombreuses possibilit\u00e9s d&#8217;organisation. Particuli\u00e8rement \u00e9l\u00e9gant en bois de noyer br\u00e9silien Imbuia, il est aussi disponible selon votre choix en en bois de rose mexicain Freijo et en bois de c\u00e8dre espagnol.<\/p>\n","protected":false},"excerpt":{"rendered":"<p>Design par Lia Siqueira<br \/>\nSur l&#8217;image, bureau r\u00e9alis\u00e9 en bois de noyer br\u00e9silien honey Imbuia<br \/>\n<span style=\"text-decoration: underline;\"><a href=\"https:\/\/theinvisiblecollection.com\/wp-content\/uploads\/2021\/05\/TheInvisibleCollection_Wood_Samples_Livre_Desk.pdf\">D\u00e9couvrez une s\u00e9lection de bois ici<\/a><\/span><\/p>\n<p>Le bureau est fourni avec deux tiroirs, pour le plus petit, vous pouvez choisir le c\u00f4t\u00e9 de l&#8217;unique s\u00e9rie de tiroirs<\/p>\n<p>Le bureau Livre est disponible en cinq dimensions :<br \/>\nExtra Small : L 80 x l 150 x H 76 cm<br \/>\nSmall : L 80 x l 180 x H 76 cm<br \/>\nMedium : L 80 x l 200 x H 76 cm<br \/>\nLarge : L 80 x l 230 x H 76 cm<br \/>\nExtra Large : L 80 x l 250 x H 76 cm<\/p>\n<p>Fabriqu\u00e9 \u00e0 la main au Br\u00e9sil<br \/>\nD\u00e9lais de production : 20 &#8211; 24 semaines<\/p>\n<p><span style=\"text-decoration: underline;\"><a href=\"https:\/\/www.theinvisiblecollection.com\/fr\/demande-de-devis\/?product_id=36246\" target=\"_blank\" rel=\"noopener noreferrer\">Contactez-nous pour toute demande de devis ou de renseignements<\/a><\/span><\/p>\n","protected":false},"featured_media":77272,"template":"","meta":{"_acf_changed":false,"content-type":"","_themeisle_gutenberg_block_has_review":false},"product_brand":[],"product_cat":[7704,12503,13076],"product_tag":[11335,12465,22790,8854,8855,8952,8993,9416,9639,9640,10407,10497],"product_designer":[8866,17874],"comfabric":[28854],"manufacturer":[16878],"reporting_designer":[37382],"samplecomfabric":[30448],"designer_clubroom":[],"class_list":{"0":"post-36246","1":"product","2":"type-product","3":"status-publish","4":"has-post-thumbnail","6":"product_cat-bureaux-fr","7":"product_cat-tables-fr","8":"product_cat-bureau-a-la-maison","9":"product_tag-eco-design","10":"product_tag-walnut-fr","11":"product_tag-disponible-immediatement","12":"product_tag-etel-fr-2","13":"product_tag-table-fr-3","14":"product_tag-bois-fr","15":"product_tag-salon","16":"product_tag-design-fr","17":"product_tag-bureau-fr","18":"product_tag-bureau-fr-2","19":"product_tag-lia-siqueira-fr","20":"product_tag-objet-dart-fr","21":"pa_size-extra-large-fr","22":"pa_size-large-fr-2","23":"pa_size-mini","24":"pa_size-moyen","25":"pa_size-petit","26":"pa_wood-freijo-delave-fr","27":"pa_wood-freijo-naturel-fr","28":"pa_wood-imbuia-miel-fr","29":"product_designer-etel-fr","30":"product_designer-lia-siqueira-par-etel","31":"comfabric-etel-atelier-1-fr","32":"manufacturer-etel-atelier-1-fr","33":"reporting_designer-etel","34":"samplecomfabric-etel-fr","35":"exhibitions-new-york-fr","37":"first","38":"instock","39":"taxable","40":"shipping-taxable","41":"purchasable","42":"product-type-variable"},"acf":[],"_links":{"self":[{"href":"https:\/\/theinvisiblecollection.com\/fr\/wp-json\/wp\/v2\/product\/36246","targetHints":{"allow":["GET"]}}],"collection":[{"href":"https:\/\/theinvisiblecollection.com\/fr\/wp-json\/wp\/v2\/product"}],"about":[{"href":"https:\/\/theinvisiblecollection.com\/fr\/wp-json\/wp\/v2\/types\/product"}],"wp:featuredmedia":[{"embeddable":true,"href":"https:\/\/theinvisiblecollection.com\/fr\/wp-json\/wp\/v2\/media\/77272"}],"wp:attachment":[{"href":"https:\/\/theinvisiblecollection.com\/fr\/wp-json\/wp\/v2\/media?parent=36246"}],"wp:term":[{"taxonomy":"product_brand","embeddable":true,"href":"https:\/\/theinvisiblecollection.com\/fr\/wp-json\/wp\/v2\/product_brand?post=36246"},{"taxonomy":"product_cat","embeddable":true,"href":"https:\/\/theinvisiblecollection.com\/fr\/wp-json\/wp\/v2\/product_cat?post=36246"},{"taxonomy":"product_tag","embeddable":true,"href":"https:\/\/theinvisiblecollection.com\/fr\/wp-json\/wp\/v2\/product_tag?post=36246"},{"taxonomy":"product_designer","embeddable":true,"href":"https:\/\/theinvisiblecollection.com\/fr\/wp-json\/wp\/v2\/product_designer?post=36246"},{"taxonomy":"comfabric","embeddable":true,"href":"https:\/\/theinvisiblecollection.com\/fr\/wp-json\/wp\/v2\/comfabric?post=36246"},{"taxonomy":"manufacturer","embeddable":true,"href":"https:\/\/theinvisiblecollection.com\/fr\/wp-json\/wp\/v2\/manufacturer?post=36246"},{"taxonomy":"reporting_designer","embeddable":true,"href":"https:\/\/theinvisiblecollection.com\/fr\/wp-json\/wp\/v2\/reporting_designer?post=36246"},{"taxonomy":"samplecomfabric","embeddable":true,"href":"https:\/\/theinvisiblecollection.com\/fr\/wp-json\/wp\/v2\/samplecomfabric?post=36246"},{"taxonomy":"clubroom_product_designer","embeddable":true,"href":"https:\/\/theinvisiblecollection.com\/fr\/wp-json\/wp\/v2\/designer_clubroom?post=36246"}],"curies":[{"name":"wp","href":"https:\/\/api.w.org\/{rel}","templated":true}]}}

<p style="text-align: justify;">La structure très imaginative du Bureau Livre de Lia Siqueira offre de nombreuses possibilités d&#8217;organisation. Particulièrement élégant en bois de noyer brésilien Imbuia, il est aussi disponible selon votre choix en en bois de rose mexicain Freijo et en bois de cèdre espagnol.</p>

<p>Design par Lia Siqueira<br />
Sur l&#8217;image, bureau réalisé en bois de noyer brésilien honey Imbuia<br />
<span style="text-decoration: underline;"><a href="https://theinvisiblecollection.com/wp-content/uploads/2021/05/TheInvisibleCollection_Wood_Samples_Livre_Desk.pdf">Découvrez une sélection de bois ici</a></span></p>
<p>Le bureau est fourni avec deux tiroirs, pour le plus petit, vous pouvez choisir le côté de l&#8217;unique série de tiroirs</p>
<p>Le bureau Livre est disponible en cinq dimensions :<br />
Extra Small : L 80 x l 150 x H 76 cm<br />
Small : L 80 x l 180 x H 76 cm<br />
Medium : L 80 x l 200 x H 76 cm<br />
Large : L 80 x l 230 x H 76 cm<br />
Extra Large : L 80 x l 250 x H 76 cm</p>
<p>Fabriqué à la main au Brésil<br />
Délais de production : 20 &#8211; 24 semaines</p>
<p><span style="text-decoration: underline;"><a href="https://www.theinvisiblecollection.com/fr/demande-de-devis/?product_id=36246" target="_blank" rel="noopener noreferrer">Contactez-nous pour toute demande de devis ou de renseignements</a></span></p>
