{"id":36392,"date":"2016-09-29T00:00:00","date_gmt":"2016-09-28T23:00:00","guid":{"rendered":"https:\/\/www.theinvisiblecollection.com\/product\/cabinet-de-curiosites\/"},"modified":"2026-05-01T07:40:05","modified_gmt":"2026-05-01T07:40:05","slug":"jerome-faillant-dumas-cabinet-de-curiosites","status":"publish","type":"product","link":"https:\/\/theinvisiblecollection.com\/fr\/produit\/jerome-faillant-dumas-cabinet-de-curiosites\/","title":{"rendered":"Cabinet De Curiosit\u00e9s"},"content":{"rendered":"","protected":false},"excerpt":{"rendered":"<p>Marqueterie et laiton brut, int\u00e9rieur en laque color\u00e9e<br \/>\nD\u2019autres couleurs de marqueterie et de laque vous seront propos\u00e9es sur demande<\/p>\n<p>L 42 x l 87 x H 100 cm<\/p>\n<p><p>Fabriqu\u00e9 \u00e0 la main en France<br \/>D\u00e9lais de fabrication : 12 &#8211; 14 semaines<\/p>\n<p><span style=\"text-decoration: underline;\" data-mce-style=\"text-decoration: underline;\"><a href=\"https:\/\/www.theinvisiblecollection.com\/fr\/demande-de-devis\/?product_id=36392\" target=\"_blank\" rel=\"noopener\" data-mce-href=\"https:\/\/www.theinvisiblecollection.com\/fr\/demande-de-devis\/?product_id=36392\">Contactez-nous pour toute demande de devis ou de renseignement<\/a><\/span><\/p><\/p>\n","protected":false},"featured_media":126143,"template":"","meta":{"_acf_changed":false,"content-type":"","_themeisle_gutenberg_block_has_review":false},"product_brand":[],"product_cat":[12505,8957],"product_tag":[8993,9006,9016,9423,9456,10389,14899,8857],"product_designer":[8887],"comfabric":[],"manufacturer":[],"reporting_designer":[37606],"samplecomfabric":[],"designer_clubroom":[],"class_list":{"0":"post-36392","1":"product","2":"type-product","3":"status-publish","4":"has-post-thumbnail","6":"product_cat-rangements","7":"product_cat-commodes","8":"product_tag-salon","9":"product_tag-st-moritz-fr-3","10":"product_tag-chambre-fr-2","11":"product_tag-storage","12":"product_tag-cabinet","13":"product_tag-jerome-faillant-dumas-fr-fr","14":"product_tag-ymalexc-fr","15":"product_tag-table-de-chevet","16":"product_designer-jerome-faillant-dumas-fr","17":"reporting_designer-jerome-faillant-dumas","19":"first","20":"instock","21":"taxable","22":"shipping-taxable","23":"purchasable","24":"product-type-simple"},"acf":[],"_links":{"self":[{"href":"https:\/\/theinvisiblecollection.com\/fr\/wp-json\/wp\/v2\/product\/36392","targetHints":{"allow":["GET"]}}],"collection":[{"href":"https:\/\/theinvisiblecollection.com\/fr\/wp-json\/wp\/v2\/product"}],"about":[{"href":"https:\/\/theinvisiblecollection.com\/fr\/wp-json\/wp\/v2\/types\/product"}],"wp:featuredmedia":[{"embeddable":true,"href":"https:\/\/theinvisiblecollection.com\/fr\/wp-json\/wp\/v2\/media\/126143"}],"wp:attachment":[{"href":"https:\/\/theinvisiblecollection.com\/fr\/wp-json\/wp\/v2\/media?parent=36392"}],"wp:term":[{"taxonomy":"product_brand","embeddable":true,"href":"https:\/\/theinvisiblecollection.com\/fr\/wp-json\/wp\/v2\/product_brand?post=36392"},{"taxonomy":"product_cat","embeddable":true,"href":"https:\/\/theinvisiblecollection.com\/fr\/wp-json\/wp\/v2\/product_cat?post=36392"},{"taxonomy":"product_tag","embeddable":true,"href":"https:\/\/theinvisiblecollection.com\/fr\/wp-json\/wp\/v2\/product_tag?post=36392"},{"taxonomy":"product_designer","embeddable":true,"href":"https:\/\/theinvisiblecollection.com\/fr\/wp-json\/wp\/v2\/product_designer?post=36392"},{"taxonomy":"comfabric","embeddable":true,"href":"https:\/\/theinvisiblecollection.com\/fr\/wp-json\/wp\/v2\/comfabric?post=36392"},{"taxonomy":"manufacturer","embeddable":true,"href":"https:\/\/theinvisiblecollection.com\/fr\/wp-json\/wp\/v2\/manufacturer?post=36392"},{"taxonomy":"reporting_designer","embeddable":true,"href":"https:\/\/theinvisiblecollection.com\/fr\/wp-json\/wp\/v2\/reporting_designer?post=36392"},{"taxonomy":"samplecomfabric","embeddable":true,"href":"https:\/\/theinvisiblecollection.com\/fr\/wp-json\/wp\/v2\/samplecomfabric?post=36392"},{"taxonomy":"clubroom_product_designer","embeddable":true,"href":"https:\/\/theinvisiblecollection.com\/fr\/wp-json\/wp\/v2\/designer_clubroom?post=36392"}],"curies":[{"name":"wp","href":"https:\/\/api.w.org\/{rel}","templated":true}]}}

Cabinet De Curiosités

<p>Marqueterie et laiton brut, intérieur en laque colorée<br />
D’autres couleurs de marqueterie et de laque vous seront proposées sur demande</p>
<p>L 42 x l 87 x H 100 cm</p>
<p><p>Fabriqué à la main en France<br />Délais de fabrication : 12 &#8211; 14 semaines</p>
<p><span style="text-decoration: underline;" data-mce-style="text-decoration: underline;"><a href="https://www.theinvisiblecollection.com/fr/demande-de-devis/?product_id=36392" target="_blank" rel="noopener" data-mce-href="https://www.theinvisiblecollection.com/fr/demande-de-devis/?product_id=36392">Contactez-nous pour toute demande de devis ou de renseignement</a></span></p></p>
