{"id":3660740,"date":"2023-08-23T10:55:45","date_gmt":"2023-08-23T09:55:45","guid":{"rendered":"https:\/\/theinvisiblecollection.com\/?post_type=product&#038;p=3660740"},"modified":"2026-05-01T07:38:01","modified_gmt":"2026-05-01T07:38:01","slug":"les-metamorfoses-la-maison-de-the","status":"publish","type":"product","link":"https:\/\/theinvisiblecollection.com\/fr\/produit\/les-metamorfoses-la-maison-de-the\/","title":{"rendered":"La Maison De Th\u00e9"},"content":{"rendered":"<p style=\"text-align: justify;\"><span class=\"TextRun SCXW165117789 BCX0\" lang=\"FR-FR\" xml:lang=\"FR-FR\" data-contrast=\"none\"><span class=\"NormalTextRun SCXW165117789 BCX0\">L\u2019artiste <\/span><span class=\"NormalTextRun SpellingErrorV2Themed SCXW165117789 BCX0\">Shinsuke<\/span><span class=\"NormalTextRun SCXW165117789 BCX0\"> Kawahara a cr\u00e9\u00e9 une Maison de th\u00e9 mobile en y int\u00e9grant l&#8217;art fran\u00e7ais des vitraux. La structure de la maison a \u00e9t\u00e9 r\u00e9alis\u00e9e par la Maison Hurel\u202f: des montants mobiles pour accueillir les vitraux r\u00e9alis\u00e9s par l&#8217;Atelier ST, harmonieusement associ\u00e9s \u00e0 l\u2019utilisation d\u2019essences de bois pr\u00e9cieux&#8230; L&#8217;int\u00e9rieur de la Maison de th\u00e9 comprend deux tatamis, une lumi\u00e8re douce sous vitrail et un \u00e9l\u00e9gant tronc d&#8217;arbre offrant un lieu propice \u00e0 la m\u00e9ditation et au ressourcement. La Maison de th\u00e9 est mobile et<\/span><span class=\"NormalTextRun SCXW165117789 BCX0\"> enti\u00e8rement d\u00e9montable.\u202f<\/span><\/span><span class=\"EOP SCXW165117789 BCX0\" data-ccp-props=\"{&quot;201341983&quot;:0,&quot;335551550&quot;:6,&quot;335551620&quot;:6,&quot;335559740&quot;:259}\">\u00a0<\/span><\/p>\n","protected":false},"excerpt":{"rendered":"<p>L\u2019artiste Shinsuke Kawahara a cr\u00e9\u00e9 une Maison de th\u00e9 mobile en y int\u00e9grant l&#8217;art fran\u00e7ais des vitraux. La structure de la maison a \u00e9t\u00e9 r\u00e9alis\u00e9e par la Maison Hurel\u202f: des montants mobiles pour accueillir les vitraux r\u00e9alis\u00e9s par l&#8217;Atelier ST, harmonieusement associ\u00e9s \u00e0 l\u2019utilisation d\u2019essences de bois pr\u00e9cieux&#8230; L&#8217;int\u00e9rieur de la Maison de th\u00e9 comprend [&hellip;]<\/p>\n","protected":false},"featured_media":3686833,"template":"","meta":{"_acf_changed":false,"content-type":"","_themeisle_gutenberg_block_has_review":false},"product_brand":[],"product_cat":[7517,12531],"product_tag":[],"product_designer":[24382],"comfabric":[],"manufacturer":[24380],"reporting_designer":[37303],"samplecomfabric":[],"designer_clubroom":[],"class_list":{"0":"post-3660740","1":"product","2":"type-product","3":"status-publish","4":"has-post-thumbnail","6":"product_cat-deco-fr","7":"product_cat-objets-de-decoration","8":"product_designer-les-mtamorfoses-fr","9":"manufacturer-les-mtamorfoses-fr","10":"reporting_designer-les-mtamorfoses","12":"first","13":"instock","14":"taxable","15":"shipping-taxable","16":"purchasable","17":"product-type-simple"},"acf":[],"_links":{"self":[{"href":"https:\/\/theinvisiblecollection.com\/fr\/wp-json\/wp\/v2\/product\/3660740","targetHints":{"allow":["GET"]}}],"collection":[{"href":"https:\/\/theinvisiblecollection.com\/fr\/wp-json\/wp\/v2\/product"}],"about":[{"href":"https:\/\/theinvisiblecollection.com\/fr\/wp-json\/wp\/v2\/types\/product"}],"wp:featuredmedia":[{"embeddable":true,"href":"https:\/\/theinvisiblecollection.com\/fr\/wp-json\/wp\/v2\/media\/3686833"}],"wp:attachment":[{"href":"https:\/\/theinvisiblecollection.com\/fr\/wp-json\/wp\/v2\/media?parent=3660740"}],"wp:term":[{"taxonomy":"product_brand","embeddable":true,"href":"https:\/\/theinvisiblecollection.com\/fr\/wp-json\/wp\/v2\/product_brand?post=3660740"},{"taxonomy":"product_cat","embeddable":true,"href":"https:\/\/theinvisiblecollection.com\/fr\/wp-json\/wp\/v2\/product_cat?post=3660740"},{"taxonomy":"product_tag","embeddable":true,"href":"https:\/\/theinvisiblecollection.com\/fr\/wp-json\/wp\/v2\/product_tag?post=3660740"},{"taxonomy":"product_designer","embeddable":true,"href":"https:\/\/theinvisiblecollection.com\/fr\/wp-json\/wp\/v2\/product_designer?post=3660740"},{"taxonomy":"comfabric","embeddable":true,"href":"https:\/\/theinvisiblecollection.com\/fr\/wp-json\/wp\/v2\/comfabric?post=3660740"},{"taxonomy":"manufacturer","embeddable":true,"href":"https:\/\/theinvisiblecollection.com\/fr\/wp-json\/wp\/v2\/manufacturer?post=3660740"},{"taxonomy":"reporting_designer","embeddable":true,"href":"https:\/\/theinvisiblecollection.com\/fr\/wp-json\/wp\/v2\/reporting_designer?post=3660740"},{"taxonomy":"samplecomfabric","embeddable":true,"href":"https:\/\/theinvisiblecollection.com\/fr\/wp-json\/wp\/v2\/samplecomfabric?post=3660740"},{"taxonomy":"clubroom_product_designer","embeddable":true,"href":"https:\/\/theinvisiblecollection.com\/fr\/wp-json\/wp\/v2\/designer_clubroom?post=3660740"}],"curies":[{"name":"wp","href":"https:\/\/api.w.org\/{rel}","templated":true}]}}

La Maison De Thé

<p style="text-align: justify;"><span class="TextRun SCXW165117789 BCX0" lang="FR-FR" xml:lang="FR-FR" data-contrast="none"><span class="NormalTextRun SCXW165117789 BCX0">L’artiste </span><span class="NormalTextRun SpellingErrorV2Themed SCXW165117789 BCX0">Shinsuke</span><span class="NormalTextRun SCXW165117789 BCX0"> Kawahara a créé une Maison de thé mobile en y intégrant l&#8217;art français des vitraux. La structure de la maison a été réalisée par la Maison Hurel : des montants mobiles pour accueillir les vitraux réalisés par l&#8217;Atelier ST, harmonieusement associés à l’utilisation d’essences de bois précieux&#8230; L&#8217;intérieur de la Maison de thé comprend deux tatamis, une lumière douce sous vitrail et un élégant tronc d&#8217;arbre offrant un lieu propice à la méditation et au ressourcement. La Maison de thé est mobile et</span><span class="NormalTextRun SCXW165117789 BCX0"> entièrement démontable. </span></span><span class="EOP SCXW165117789 BCX0" data-ccp-props="{&quot;201341983&quot;:0,&quot;335551550&quot;:6,&quot;335551620&quot;:6,&quot;335559740&quot;:259}"> </span></p>

<p>L’artiste Shinsuke Kawahara a créé une Maison de thé mobile en y intégrant l&#8217;art français des vitraux. La structure de la maison a été réalisée par la Maison Hurel : des montants mobiles pour accueillir les vitraux réalisés par l&#8217;Atelier ST, harmonieusement associés à l’utilisation d’essences de bois précieux&#8230; L&#8217;intérieur de la Maison de thé comprend [&hellip;]</p>
