{"id":3661049,"date":"2023-08-23T11:25:43","date_gmt":"2023-08-23T10:25:43","guid":{"rendered":"https:\/\/theinvisiblecollection.com\/?post_type=product&#038;p=3661049"},"modified":"2026-05-01T07:38:01","modified_gmt":"2026-05-01T07:38:01","slug":"les-metamorfoses-verre-recycle-32","status":"publish","type":"product","link":"https:\/\/theinvisiblecollection.com\/fr\/produit\/les-metamorfoses-verre-recycle-32\/","title":{"rendered":"Verre Recycl\u00e9 Pi\u00e8ce 32"},"content":{"rendered":"<p style=\"text-align: justify;\"><span class=\"TextRun SCXW110390374 BCX0\" lang=\"FR-FR\" xml:lang=\"FR-FR\" data-contrast=\"none\"><span class=\"NormalTextRun SCXW110390374 BCX0\">Pour Les <\/span><span class=\"NormalTextRun SpellingErrorV2Themed SCXW110390374 BCX0\">M\u00e9tamorFoses<\/span><span class=\"NormalTextRun SCXW110390374 BCX0\">, Fran\u00e7ois <\/span><span class=\"NormalTextRun SpellingErrorV2Themed SCXW110390374 BCX0\">Azambourg<\/span><span class=\"NormalTextRun SCXW110390374 BCX0\"> a cr\u00e9\u00e9 un corpus de 35 pi\u00e8ces uniques en verre recycl\u00e9, en collaboration avec le Centre International d&#8217;Art Verrier de Meisenthal. Ensemble, ils ont r\u00e9alis\u00e9 des pi\u00e8ces exceptionnelles \u00e0 partir de d\u00e9bris de verre <\/span><span class=\"NormalTextRun SCXW110390374 BCX0\">et de boules de No\u00ebl d\u00e9class\u00e9es.<\/span><\/span><span class=\"EOP SCXW110390374 BCX0\" data-ccp-props=\"{&quot;201341983&quot;:0,&quot;335551550&quot;:6,&quot;335551620&quot;:6,&quot;335559740&quot;:259}\">\u00a0<\/span><\/p>\n","protected":false},"excerpt":{"rendered":"<p>Pour Les M\u00e9tamorFoses, Fran\u00e7ois Azambourg a cr\u00e9\u00e9 un corpus de 35 pi\u00e8ces uniques en verre recycl\u00e9, en collaboration avec le Centre International d&#8217;Art Verrier de Meisenthal. Ensemble, ils ont r\u00e9alis\u00e9 des pi\u00e8ces exceptionnelles \u00e0 partir de d\u00e9bris de verre et de boules de No\u00ebl d\u00e9class\u00e9es.\u00a0<\/p>\n","protected":false},"featured_media":3686804,"template":"","meta":{"_acf_changed":false,"content-type":"","_themeisle_gutenberg_block_has_review":false},"product_brand":[],"product_cat":[7517,12531],"product_tag":[31477],"product_designer":[24382],"comfabric":[],"manufacturer":[24380],"reporting_designer":[37303],"samplecomfabric":[],"designer_clubroom":[],"class_list":{"0":"post-3661049","1":"product","2":"type-product","3":"status-publish","4":"has-post-thumbnail","6":"product_cat-deco-fr","7":"product_cat-objets-de-decoration","8":"product_tag-st-curvy-fr","9":"product_designer-les-mtamorfoses-fr","10":"manufacturer-les-mtamorfoses-fr","11":"reporting_designer-les-mtamorfoses","13":"first","14":"instock","15":"taxable","16":"shipping-taxable","17":"purchasable","18":"product-type-simple"},"acf":[],"_links":{"self":[{"href":"https:\/\/theinvisiblecollection.com\/fr\/wp-json\/wp\/v2\/product\/3661049","targetHints":{"allow":["GET"]}}],"collection":[{"href":"https:\/\/theinvisiblecollection.com\/fr\/wp-json\/wp\/v2\/product"}],"about":[{"href":"https:\/\/theinvisiblecollection.com\/fr\/wp-json\/wp\/v2\/types\/product"}],"wp:featuredmedia":[{"embeddable":true,"href":"https:\/\/theinvisiblecollection.com\/fr\/wp-json\/wp\/v2\/media\/3686804"}],"wp:attachment":[{"href":"https:\/\/theinvisiblecollection.com\/fr\/wp-json\/wp\/v2\/media?parent=3661049"}],"wp:term":[{"taxonomy":"product_brand","embeddable":true,"href":"https:\/\/theinvisiblecollection.com\/fr\/wp-json\/wp\/v2\/product_brand?post=3661049"},{"taxonomy":"product_cat","embeddable":true,"href":"https:\/\/theinvisiblecollection.com\/fr\/wp-json\/wp\/v2\/product_cat?post=3661049"},{"taxonomy":"product_tag","embeddable":true,"href":"https:\/\/theinvisiblecollection.com\/fr\/wp-json\/wp\/v2\/product_tag?post=3661049"},{"taxonomy":"product_designer","embeddable":true,"href":"https:\/\/theinvisiblecollection.com\/fr\/wp-json\/wp\/v2\/product_designer?post=3661049"},{"taxonomy":"comfabric","embeddable":true,"href":"https:\/\/theinvisiblecollection.com\/fr\/wp-json\/wp\/v2\/comfabric?post=3661049"},{"taxonomy":"manufacturer","embeddable":true,"href":"https:\/\/theinvisiblecollection.com\/fr\/wp-json\/wp\/v2\/manufacturer?post=3661049"},{"taxonomy":"reporting_designer","embeddable":true,"href":"https:\/\/theinvisiblecollection.com\/fr\/wp-json\/wp\/v2\/reporting_designer?post=3661049"},{"taxonomy":"samplecomfabric","embeddable":true,"href":"https:\/\/theinvisiblecollection.com\/fr\/wp-json\/wp\/v2\/samplecomfabric?post=3661049"},{"taxonomy":"clubroom_product_designer","embeddable":true,"href":"https:\/\/theinvisiblecollection.com\/fr\/wp-json\/wp\/v2\/designer_clubroom?post=3661049"}],"curies":[{"name":"wp","href":"https:\/\/api.w.org\/{rel}","templated":true}]}}

Verre Recyclé Pièce 32

<p style="text-align: justify;"><span class="TextRun SCXW110390374 BCX0" lang="FR-FR" xml:lang="FR-FR" data-contrast="none"><span class="NormalTextRun SCXW110390374 BCX0">Pour Les </span><span class="NormalTextRun SpellingErrorV2Themed SCXW110390374 BCX0">MétamorFoses</span><span class="NormalTextRun SCXW110390374 BCX0">, François </span><span class="NormalTextRun SpellingErrorV2Themed SCXW110390374 BCX0">Azambourg</span><span class="NormalTextRun SCXW110390374 BCX0"> a créé un corpus de 35 pièces uniques en verre recyclé, en collaboration avec le Centre International d&#8217;Art Verrier de Meisenthal. Ensemble, ils ont réalisé des pièces exceptionnelles à partir de débris de verre </span><span class="NormalTextRun SCXW110390374 BCX0">et de boules de Noël déclassées.</span></span><span class="EOP SCXW110390374 BCX0" data-ccp-props="{&quot;201341983&quot;:0,&quot;335551550&quot;:6,&quot;335551620&quot;:6,&quot;335559740&quot;:259}"> </span></p>

<p>Pour Les MétamorFoses, François Azambourg a créé un corpus de 35 pièces uniques en verre recyclé, en collaboration avec le Centre International d&#8217;Art Verrier de Meisenthal. Ensemble, ils ont réalisé des pièces exceptionnelles à partir de débris de verre et de boules de Noël déclassées. </p>
