{"id":37775,"date":"2019-09-06T00:00:00","date_gmt":"2019-09-06T00:00:00","guid":{"rendered":"https:\/\/www.theinvisiblecollection.com\/?post_type=product&#038;p=37775"},"modified":"2026-05-01T07:40:00","modified_gmt":"2026-05-01T07:40:00","slug":"etel-fauteuil-h-sans-appuis","status":"publish","type":"product","link":"https:\/\/theinvisiblecollection.com\/fr\/produit\/etel-fauteuil-h-sans-appuis\/","title":{"rendered":"Fauteuil H sans appuis"},"content":{"rendered":"","protected":false},"excerpt":{"rendered":"<p>Design par Jos\u00e9 Zanine Caldas<br \/>\nPi\u00e8tement disponible en Bois teint\u00e9 \u00e9b\u00e8ne, Freij\u00f3 naturel et Freij\u00f3 teint\u00e9<br \/>\n<span style=\"text-decoration: underline;\"><a style=\"text-decoration-line: underline;\" href=\"https:\/\/theinvisiblecollection.com\/wp-content\/uploads\/2022\/11\/the-invisible-collection-Etel-Wood-Selection-Copacobana-Table.pdf\">D\u00e9couvrez une s\u00e9lection de bois ici<\/a><br \/>\n<\/span>Assise disponible en tissu et en cuir<br \/>\n<span style=\"text-decoration: underline;\"><a href=\"https:\/\/theinvisiblecollection.com\/wp-content\/uploads\/2022\/11\/TheInvisibleCollection_Etel_ZanineCaldas_Fabric-Selection.pdf\" target=\"_blank\" rel=\"noopener\">D\u00e9couvrez la s\u00e9lection de tissus ici<\/a><br \/>\n<a href=\"https:\/\/theinvisiblecollection.com\/wp-content\/uploads\/2022\/11\/TheInvisibleColection-Etel-Leather-and-Suede-Selection.pdf\" target=\"_blank\" rel=\"noopener\">D\u00e9couvrez la s\u00e9lection de cuirs et suedes ici<\/a><\/span><\/p>\n<p>L 70 x l 60 x H 76 cm<br \/>\nM\u00e9trage de tissu requis : 1.6 m<br \/>\nM\u00e9trage de cuir requis : 3.2 m<\/p>\n<p>Fabriqu\u00e9 \u00e0 la main au Br\u00e9sil<br \/>\nD\u00e9lais de production : 20 &#8211; 24 semaines<\/p>\n<p><span style=\"text-decoration: underline;\"><a href=\"https:\/\/www.theinvisiblecollection.com\/fr\/demande-de-devis\/?product_id=37775\" target=\"_blank\" rel=\"noopener\">Contactez-nous pour toute demande de devis ou de renseignements<\/a><\/span><\/p>\n","protected":false},"featured_media":74131,"template":"","meta":{"_acf_changed":false,"content-type":"","_themeisle_gutenberg_block_has_review":false},"product_brand":[],"product_cat":[8945,12499],"product_tag":[22790,8854,9150,9668,9715,10366,10494,11225,11235,11335],"product_designer":[8866],"comfabric":[28854],"manufacturer":[16878],"reporting_designer":[37382],"samplecomfabric":[30448],"designer_clubroom":[],"class_list":{"0":"post-37775","1":"product","2":"type-product","3":"status-publish","4":"has-post-thumbnail","6":"product_cat-fauteuils","7":"product_cat-assises","8":"product_tag-disponible-immediatement","9":"product_tag-etel-fr-2","10":"product_tag-fauteuil-fr-2","11":"product_tag-designer-bresilien-fr-fr","12":"product_tag-salon-fr-2","13":"product_tag-table-salle-a-manger","14":"product_tag-bresil","15":"product_tag-reissue-issue-fr","16":"product_tag-reedition-fr-fr","17":"product_tag-eco-design","18":"pa_wood-freijo-naturel-fr","19":"product_designer-etel-fr","20":"comfabric-etel-atelier-1-fr","21":"manufacturer-etel-atelier-1-fr","22":"reporting_designer-etel","23":"samplecomfabric-etel-fr","24":"exhibitions-new-york-fr","25":"exhibitions-los-angeles-fr","27":"first","28":"instock","29":"taxable","30":"shipping-taxable","31":"purchasable","32":"product-type-variable"},"acf":[],"_links":{"self":[{"href":"https:\/\/theinvisiblecollection.com\/fr\/wp-json\/wp\/v2\/product\/37775","targetHints":{"allow":["GET"]}}],"collection":[{"href":"https:\/\/theinvisiblecollection.com\/fr\/wp-json\/wp\/v2\/product"}],"about":[{"href":"https:\/\/theinvisiblecollection.com\/fr\/wp-json\/wp\/v2\/types\/product"}],"wp:featuredmedia":[{"embeddable":true,"href":"https:\/\/theinvisiblecollection.com\/fr\/wp-json\/wp\/v2\/media\/74131"}],"wp:attachment":[{"href":"https:\/\/theinvisiblecollection.com\/fr\/wp-json\/wp\/v2\/media?parent=37775"}],"wp:term":[{"taxonomy":"product_brand","embeddable":true,"href":"https:\/\/theinvisiblecollection.com\/fr\/wp-json\/wp\/v2\/product_brand?post=37775"},{"taxonomy":"product_cat","embeddable":true,"href":"https:\/\/theinvisiblecollection.com\/fr\/wp-json\/wp\/v2\/product_cat?post=37775"},{"taxonomy":"product_tag","embeddable":true,"href":"https:\/\/theinvisiblecollection.com\/fr\/wp-json\/wp\/v2\/product_tag?post=37775"},{"taxonomy":"product_designer","embeddable":true,"href":"https:\/\/theinvisiblecollection.com\/fr\/wp-json\/wp\/v2\/product_designer?post=37775"},{"taxonomy":"comfabric","embeddable":true,"href":"https:\/\/theinvisiblecollection.com\/fr\/wp-json\/wp\/v2\/comfabric?post=37775"},{"taxonomy":"manufacturer","embeddable":true,"href":"https:\/\/theinvisiblecollection.com\/fr\/wp-json\/wp\/v2\/manufacturer?post=37775"},{"taxonomy":"reporting_designer","embeddable":true,"href":"https:\/\/theinvisiblecollection.com\/fr\/wp-json\/wp\/v2\/reporting_designer?post=37775"},{"taxonomy":"samplecomfabric","embeddable":true,"href":"https:\/\/theinvisiblecollection.com\/fr\/wp-json\/wp\/v2\/samplecomfabric?post=37775"},{"taxonomy":"clubroom_product_designer","embeddable":true,"href":"https:\/\/theinvisiblecollection.com\/fr\/wp-json\/wp\/v2\/designer_clubroom?post=37775"}],"curies":[{"name":"wp","href":"https:\/\/api.w.org\/{rel}","templated":true}]}}

<p>Design par José Zanine Caldas<br />
Piètement disponible en Bois teinté ébène, Freijó naturel et Freijó teinté<br />
<span style="text-decoration: underline;"><a style="text-decoration-line: underline;" href="https://theinvisiblecollection.com/wp-content/uploads/2022/11/the-invisible-collection-Etel-Wood-Selection-Copacobana-Table.pdf">Découvrez une sélection de bois ici</a><br />
</span>Assise disponible en tissu et en cuir<br />
<span style="text-decoration: underline;"><a href="https://theinvisiblecollection.com/wp-content/uploads/2022/11/TheInvisibleCollection_Etel_ZanineCaldas_Fabric-Selection.pdf" target="_blank" rel="noopener">Découvrez la sélection de tissus ici</a><br />
<a href="https://theinvisiblecollection.com/wp-content/uploads/2022/11/TheInvisibleColection-Etel-Leather-and-Suede-Selection.pdf" target="_blank" rel="noopener">Découvrez la sélection de cuirs et suedes ici</a></span></p>
<p>L 70 x l 60 x H 76 cm<br />
Métrage de tissu requis : 1.6 m<br />
Métrage de cuir requis : 3.2 m</p>
<p>Fabriqué à la main au Brésil<br />
Délais de production : 20 &#8211; 24 semaines</p>
<p><span style="text-decoration: underline;"><a href="https://www.theinvisiblecollection.com/fr/demande-de-devis/?product_id=37775" target="_blank" rel="noopener">Contactez-nous pour toute demande de devis ou de renseignements</a></span></p>
