{"id":37819,"date":"2019-09-17T00:00:00","date_gmt":"2019-09-16T23:00:00","guid":{"rendered":"https:\/\/www.theinvisiblecollection.com\/product\/fauteuil-minotaure\/"},"modified":"2026-05-01T07:40:00","modified_gmt":"2026-05-01T07:40:00","slug":"pierre-augustin-rose-fauteuil-minotaure","status":"publish","type":"product","link":"https:\/\/theinvisiblecollection.com\/fr\/produit\/pierre-augustin-rose-fauteuil-minotaure\/","title":{"rendered":"Fauteuil Minotaure"},"content":{"rendered":"<p style=\"text-align: justify;\">Le fauteuil Minotaure au design rac\u00e9, puissant et dynamique, appelle imm\u00e9diatement au confort le plus profond. Dialoguant avec l&#8217;imaginaire pictural de Picasso, &#8220;l&#8217;objet-fauteuil&#8221; est une \u00e9vocation du mythe dans sa dualit\u00e9 formelle toute en puissance brutale et tension dramatique, l&#8217;id\u00e9e du mouvement comme un monstre cherchant \u00e0 s&#8217;enfuir. Sa ligne r\u00e9solument iconique, surdimensionn\u00e9e tel un hybride fabuleux est aussi un clin d&#8217;\u0153il au design Italien, une r\u00e9f\u00e9rence qui vient \u00e0 l&#8217;esprit sans galvauder la nouveaut\u00e9 bestiale, tout en tension campant ainsi le d\u00e9cor avec aplomb et affirmation.<\/p>\n","protected":false},"excerpt":{"rendered":"<p>Fauteuil recouvert en tissu Pierre Frey Louison ou Opio boucl\u00e9<br \/>\nPieds en ch\u00eane peints en noir<br \/>\n<span style=\"text-decoration: underline;\"><a href=\"https:\/\/theinvisiblecollection.com\/wp-content\/uploads\/2022\/06\/TheInvisibleCollection_PierreAugustinRose_Minotaure_Se\u0301lectiondetissus-1.pdf\" target=\"_blank\" rel=\"noopener noreferrer\">D\u00e9couvrez la s\u00e9lection de tissus ici<\/a><\/span><br \/>\n\u00c9galement disponible en blanc sans tissu<\/p>\n<p>L 90 x l 105 x H 98 cm<br \/>\nHauteur d&#8217;assise : 45 cm<br \/>\nTissus requis : 6 m<\/p>\n<p>Fabriqu\u00e9 \u00e0 la main en Europe<br \/>\nD\u00e9lais de production : 12 &#8211; 14 semaines<\/p>\n<p><span style=\"text-decoration: underline;\"><a href=\"https:\/\/www.theinvisiblecollection.com\/fr\/demande-de-devis\/?product_id=37819\" target=\"_blank\" rel=\"noopener\">Contactez-nous pour toute demande de devis ou de renseignement<\/a><\/span><\/p>\n","protected":false},"featured_media":4648537,"template":"","meta":{"_acf_changed":false,"content-type":"","_themeisle_gutenberg_block_has_review":false},"product_brand":[],"product_cat":[8945,12499,13076],"product_tag":[9460,10355,10386,11349,12734,14926,31474,31477,35206,8942,9006,9409],"product_designer":[8908],"comfabric":[29018],"manufacturer":[16828],"reporting_designer":[37608],"samplecomfabric":[30018],"designer_clubroom":[],"class_list":{"0":"post-37819","1":"product","2":"type-product","3":"status-publish","4":"has-post-thumbnail","6":"product_cat-fauteuils","7":"product_cat-assises","8":"product_cat-bureau-a-la-maison","9":"product_tag-minotaure-fr-2","10":"product_tag-iconique","11":"product_tag-shippables-fr-fr","12":"product_tag-pierre-augustine-rose-fr","13":"product_tag-superstar-fr","14":"product_tag-hplstfav-fr","15":"product_tag-co-white-fr","16":"product_tag-st-curvy-fr","17":"product_tag-exclusive-fr","18":"product_tag-assise","19":"product_tag-st-moritz-fr-3","20":"product_tag-pierre-augustin-rose-fr-2","21":"pa_fabric-dedar-a-soft-place-fr","22":"pa_fabric-dedar-fabric-karakorum","23":"pa_fabric-en-blanc-sans-tissu-fr","24":"pa_fabric-pierre-frey-angkor-fr","25":"pa_fabric-pierre-frey-arsene-fr","26":"pa_fabric-pierre-frey-basile-fr","27":"pa_fabric-pierre-frey-tissu-louison","28":"pa_fabric-pierre-frey-opio-fr","29":"product_designer-pierre-augustin-rose-fr","30":"comfabric-pierre-augustin-rose-fr","31":"manufacturer-charvin-logistics-saint-ouen-la-ex-egetra-fr","32":"reporting_designer-pierre-augustin-rose","33":"samplecomfabric-pierre-augustin-rose-fr","34":"exhibitions-londres-fr","36":"first","37":"instock","38":"taxable","39":"shipping-taxable","40":"purchasable","41":"product-type-variable"},"acf":[],"_links":{"self":[{"href":"https:\/\/theinvisiblecollection.com\/fr\/wp-json\/wp\/v2\/product\/37819","targetHints":{"allow":["GET"]}}],"collection":[{"href":"https:\/\/theinvisiblecollection.com\/fr\/wp-json\/wp\/v2\/product"}],"about":[{"href":"https:\/\/theinvisiblecollection.com\/fr\/wp-json\/wp\/v2\/types\/product"}],"wp:featuredmedia":[{"embeddable":true,"href":"https:\/\/theinvisiblecollection.com\/fr\/wp-json\/wp\/v2\/media\/4648537"}],"wp:attachment":[{"href":"https:\/\/theinvisiblecollection.com\/fr\/wp-json\/wp\/v2\/media?parent=37819"}],"wp:term":[{"taxonomy":"product_brand","embeddable":true,"href":"https:\/\/theinvisiblecollection.com\/fr\/wp-json\/wp\/v2\/product_brand?post=37819"},{"taxonomy":"product_cat","embeddable":true,"href":"https:\/\/theinvisiblecollection.com\/fr\/wp-json\/wp\/v2\/product_cat?post=37819"},{"taxonomy":"product_tag","embeddable":true,"href":"https:\/\/theinvisiblecollection.com\/fr\/wp-json\/wp\/v2\/product_tag?post=37819"},{"taxonomy":"product_designer","embeddable":true,"href":"https:\/\/theinvisiblecollection.com\/fr\/wp-json\/wp\/v2\/product_designer?post=37819"},{"taxonomy":"comfabric","embeddable":true,"href":"https:\/\/theinvisiblecollection.com\/fr\/wp-json\/wp\/v2\/comfabric?post=37819"},{"taxonomy":"manufacturer","embeddable":true,"href":"https:\/\/theinvisiblecollection.com\/fr\/wp-json\/wp\/v2\/manufacturer?post=37819"},{"taxonomy":"reporting_designer","embeddable":true,"href":"https:\/\/theinvisiblecollection.com\/fr\/wp-json\/wp\/v2\/reporting_designer?post=37819"},{"taxonomy":"samplecomfabric","embeddable":true,"href":"https:\/\/theinvisiblecollection.com\/fr\/wp-json\/wp\/v2\/samplecomfabric?post=37819"},{"taxonomy":"clubroom_product_designer","embeddable":true,"href":"https:\/\/theinvisiblecollection.com\/fr\/wp-json\/wp\/v2\/designer_clubroom?post=37819"}],"curies":[{"name":"wp","href":"https:\/\/api.w.org\/{rel}","templated":true}]}}

<p style="text-align: justify;">Le fauteuil Minotaure au design racé, puissant et dynamique, appelle immédiatement au confort le plus profond. Dialoguant avec l&#8217;imaginaire pictural de Picasso, &#8220;l&#8217;objet-fauteuil&#8221; est une évocation du mythe dans sa dualité formelle toute en puissance brutale et tension dramatique, l&#8217;idée du mouvement comme un monstre cherchant à s&#8217;enfuir. Sa ligne résolument iconique, surdimensionnée tel un hybride fabuleux est aussi un clin d&#8217;œil au design Italien, une référence qui vient à l&#8217;esprit sans galvauder la nouveauté bestiale, tout en tension campant ainsi le décor avec aplomb et affirmation.</p>

<p>Fauteuil recouvert en tissu Pierre Frey Louison ou Opio bouclé<br />
Pieds en chêne peints en noir<br />
<span style="text-decoration: underline;"><a href="https://theinvisiblecollection.com/wp-content/uploads/2022/06/TheInvisibleCollection_PierreAugustinRose_Minotaure_Sélectiondetissus-1.pdf" target="_blank" rel="noopener noreferrer">Découvrez la sélection de tissus ici</a></span><br />
Également disponible en blanc sans tissu</p>
<p>L 90 x l 105 x H 98 cm<br />
Hauteur d&#8217;assise : 45 cm<br />
Tissus requis : 6 m</p>
<p>Fabriqué à la main en Europe<br />
Délais de production : 12 &#8211; 14 semaines</p>
<p><span style="text-decoration: underline;"><a href="https://www.theinvisiblecollection.com/fr/demande-de-devis/?product_id=37819" target="_blank" rel="noopener">Contactez-nous pour toute demande de devis ou de renseignement</a></span></p>
