{"id":38388,"date":"2017-03-09T00:00:00","date_gmt":"2017-03-09T00:00:00","guid":{"rendered":"https:\/\/www.theinvisiblecollection.com\/product\/lampe-oscar\/"},"modified":"2026-05-01T07:39:57","modified_gmt":"2026-05-01T07:39:57","slug":"oitoemponto-lampe-oscar","status":"publish","type":"product","link":"https:\/\/theinvisiblecollection.com\/fr\/produit\/oitoemponto-lampe-oscar\/","title":{"rendered":"Lampe Oscar"},"content":{"rendered":"<p style=\"text-align: justify;\">Cette collection de meubles rend hommage aux architectes br\u00e9siliens contemporains connus sous le nom de \u00ab\u00a0brutalistes\u00a0\u00bb car ils employaient le b\u00e9ton brut et utilisaient angles et cassures des lignes pour r\u00e9aliser leurs \u0153uvres.<\/p>\n<p style=\"text-align: justify;\">La lampe\u00a0<em>Oscar<\/em>\u00a0rappelle les courbes et le graphisme \u00e9pur\u00e9, chers \u00e0 Niemeyer.<\/p>\n","protected":false},"excerpt":{"rendered":"<p>Pied en laque noire, socle en inox, abat-jour en soie<br \/>\nD&#8217;autre coloris d&#8217;abat-jour sont disponibles<\/p>\n<p>Sans abat-jour : D 35 x H 173 cm<br \/>\nAvec abat-jour : D 55 x H 173 cm<\/p>\n<p>Fabriqu\u00e9 \u00e0 la main en Europe<br \/>\nD\u00e9lais de production : 8 &#8211; 9 semaines<br \/>\n<a href=\"https:\/\/www.theinvisiblecollection.com\/fr\/demande-de-devis\/?product_id=38388\">Contactez-nous pour plus d&#8217;informations ou une demande sur mesure<\/a><\/p>\n","protected":false},"featured_media":88113,"template":"","meta":{"_acf_changed":false,"content-type":"","_themeisle_gutenberg_block_has_review":false},"product_brand":[],"product_cat":[8966,12507,13076],"product_tag":[9038,9048,31477],"product_designer":[8881],"comfabric":[],"manufacturer":[21261],"reporting_designer":[37448],"samplecomfabric":[],"designer_clubroom":[],"class_list":{"0":"post-38388","1":"product","2":"type-product","3":"status-publish","4":"has-post-thumbnail","6":"product_cat-lampes-sur-pied","7":"product_cat-luminaires","8":"product_cat-bureau-a-la-maison","9":"product_tag-lampadaire","10":"product_tag-lampe","11":"product_tag-st-curvy-fr","12":"product_designer-oitoemponto-fr","13":"manufacturer-oitoemponto-atelier-fr","14":"reporting_designer-oitoemponto","16":"first","17":"instock","18":"taxable","19":"shipping-taxable","20":"purchasable","21":"product-type-simple"},"acf":[],"_links":{"self":[{"href":"https:\/\/theinvisiblecollection.com\/fr\/wp-json\/wp\/v2\/product\/38388","targetHints":{"allow":["GET"]}}],"collection":[{"href":"https:\/\/theinvisiblecollection.com\/fr\/wp-json\/wp\/v2\/product"}],"about":[{"href":"https:\/\/theinvisiblecollection.com\/fr\/wp-json\/wp\/v2\/types\/product"}],"wp:featuredmedia":[{"embeddable":true,"href":"https:\/\/theinvisiblecollection.com\/fr\/wp-json\/wp\/v2\/media\/88113"}],"wp:attachment":[{"href":"https:\/\/theinvisiblecollection.com\/fr\/wp-json\/wp\/v2\/media?parent=38388"}],"wp:term":[{"taxonomy":"product_brand","embeddable":true,"href":"https:\/\/theinvisiblecollection.com\/fr\/wp-json\/wp\/v2\/product_brand?post=38388"},{"taxonomy":"product_cat","embeddable":true,"href":"https:\/\/theinvisiblecollection.com\/fr\/wp-json\/wp\/v2\/product_cat?post=38388"},{"taxonomy":"product_tag","embeddable":true,"href":"https:\/\/theinvisiblecollection.com\/fr\/wp-json\/wp\/v2\/product_tag?post=38388"},{"taxonomy":"product_designer","embeddable":true,"href":"https:\/\/theinvisiblecollection.com\/fr\/wp-json\/wp\/v2\/product_designer?post=38388"},{"taxonomy":"comfabric","embeddable":true,"href":"https:\/\/theinvisiblecollection.com\/fr\/wp-json\/wp\/v2\/comfabric?post=38388"},{"taxonomy":"manufacturer","embeddable":true,"href":"https:\/\/theinvisiblecollection.com\/fr\/wp-json\/wp\/v2\/manufacturer?post=38388"},{"taxonomy":"reporting_designer","embeddable":true,"href":"https:\/\/theinvisiblecollection.com\/fr\/wp-json\/wp\/v2\/reporting_designer?post=38388"},{"taxonomy":"samplecomfabric","embeddable":true,"href":"https:\/\/theinvisiblecollection.com\/fr\/wp-json\/wp\/v2\/samplecomfabric?post=38388"},{"taxonomy":"clubroom_product_designer","embeddable":true,"href":"https:\/\/theinvisiblecollection.com\/fr\/wp-json\/wp\/v2\/designer_clubroom?post=38388"}],"curies":[{"name":"wp","href":"https:\/\/api.w.org\/{rel}","templated":true}]}}

<p style="text-align: justify;">Cette collection de meubles rend hommage aux architectes brésiliens contemporains connus sous le nom de « brutalistes » car ils employaient le béton brut et utilisaient angles et cassures des lignes pour réaliser leurs œuvres.</p>
<p style="text-align: justify;">La lampe <em>Oscar</em> rappelle les courbes et le graphisme épuré, chers à Niemeyer.</p>

<p>Pied en laque noire, socle en inox, abat-jour en soie<br />
D&#8217;autre coloris d&#8217;abat-jour sont disponibles</p>
<p>Sans abat-jour : D 35 x H 173 cm<br />
Avec abat-jour : D 55 x H 173 cm</p>
<p>Fabriqué à la main en Europe<br />
Délais de production : 8 &#8211; 9 semaines<br />
<a href="https://www.theinvisiblecollection.com/fr/demande-de-devis/?product_id=38388">Contactez-nous pour plus d&#8217;informations ou une demande sur mesure</a></p>
