{"id":38568,"date":"2019-11-26T00:00:00","date_gmt":"2019-11-26T00:00:00","guid":{"rendered":"https:\/\/www.theinvisiblecollection.com\/product\/malle-a-alcools\/"},"modified":"2026-05-01T07:39:55","modified_gmt":"2026-05-01T07:39:55","slug":"mayaro-editions-malle-a-alcools","status":"publish","type":"product","link":"https:\/\/theinvisiblecollection.com\/fr\/produit\/mayaro-editions-malle-a-alcools\/","title":{"rendered":"Malle \u00c0 Alcools"},"content":{"rendered":"<p>Con\u00e7u par Iota Element pour Mayaro<br \/>\nEdition Limit\u00e9e &#8211; 8 pi\u00e8ces<\/p>\n<p style=\"text-align: justify;\">Le coffre ultime pour que vos meilleures bouteilles voyagent en toute s\u00e9curit\u00e9 ! Il a \u00e9t\u00e9 con\u00e7u et r\u00e9alis\u00e9 par l&#8217;\u00e9b\u00e9niste Iota Element. Espace pour 8 verres \u00e0 pied et 8 gobelets de 33cl, int\u00e9gration d&#8217;une cave r\u00e9frig\u00e9r\u00e9e et adaptation de l&#8217;am\u00e9nagement int\u00e9rieur sur demande. Possibilit\u00e9 de prises 220V int\u00e9gr\u00e9es pour ajouter un Phantom sur le dessus.<\/p>\n","protected":false},"excerpt":{"rendered":"<p>Ext\u00e9rieur en fr\u00eane noirci et gratt\u00e9<br \/>\nInt\u00e9rieur en sycomore ond\u00e9<br \/>\nQuincailleries en acier chrom\u00e9<\/p>\n<p>L 45 x l 45 x H 110 cm<\/p>\n<p>Fabriqu\u00e9 \u00e0 la main en France<br \/>\nD\u00e9lais de production : 3 mois minimum<\/p>\n<p class=\"p1\"><span class=\"s1\"><a href=\"https:\/\/www.theinvisiblecollection.com\/fr\/contact-produit\/?product_id=38568\">Contactez-nous pour toute demande de devis ou de renseignements<\/a><\/span><\/p><\/p>\n","protected":false},"featured_media":80950,"template":"","meta":{"_acf_changed":false,"content-type":"","_themeisle_gutenberg_block_has_review":false},"product_brand":[],"product_cat":[8957,12505,12526],"product_tag":[8993,9456,10904],"product_designer":[8894],"comfabric":[],"manufacturer":[16730],"reporting_designer":[37226],"samplecomfabric":[],"designer_clubroom":[],"class_list":{"0":"post-38568","1":"product","2":"type-product","3":"status-publish","4":"has-post-thumbnail","6":"product_cat-commodes","7":"product_cat-rangements","8":"product_cat-bars-et-cabinets","9":"product_tag-salon","10":"product_tag-cabinet","11":"product_tag-bar-fr","12":"product_designer-mayaro-editions-fr","13":"manufacturer-mayaro-editions-fr","14":"reporting_designer-mayaro-editions","16":"first","17":"instock","18":"taxable","19":"shipping-taxable","20":"purchasable","21":"product-type-simple"},"acf":[],"_links":{"self":[{"href":"https:\/\/theinvisiblecollection.com\/fr\/wp-json\/wp\/v2\/product\/38568","targetHints":{"allow":["GET"]}}],"collection":[{"href":"https:\/\/theinvisiblecollection.com\/fr\/wp-json\/wp\/v2\/product"}],"about":[{"href":"https:\/\/theinvisiblecollection.com\/fr\/wp-json\/wp\/v2\/types\/product"}],"wp:featuredmedia":[{"embeddable":true,"href":"https:\/\/theinvisiblecollection.com\/fr\/wp-json\/wp\/v2\/media\/80950"}],"wp:attachment":[{"href":"https:\/\/theinvisiblecollection.com\/fr\/wp-json\/wp\/v2\/media?parent=38568"}],"wp:term":[{"taxonomy":"product_brand","embeddable":true,"href":"https:\/\/theinvisiblecollection.com\/fr\/wp-json\/wp\/v2\/product_brand?post=38568"},{"taxonomy":"product_cat","embeddable":true,"href":"https:\/\/theinvisiblecollection.com\/fr\/wp-json\/wp\/v2\/product_cat?post=38568"},{"taxonomy":"product_tag","embeddable":true,"href":"https:\/\/theinvisiblecollection.com\/fr\/wp-json\/wp\/v2\/product_tag?post=38568"},{"taxonomy":"product_designer","embeddable":true,"href":"https:\/\/theinvisiblecollection.com\/fr\/wp-json\/wp\/v2\/product_designer?post=38568"},{"taxonomy":"comfabric","embeddable":true,"href":"https:\/\/theinvisiblecollection.com\/fr\/wp-json\/wp\/v2\/comfabric?post=38568"},{"taxonomy":"manufacturer","embeddable":true,"href":"https:\/\/theinvisiblecollection.com\/fr\/wp-json\/wp\/v2\/manufacturer?post=38568"},{"taxonomy":"reporting_designer","embeddable":true,"href":"https:\/\/theinvisiblecollection.com\/fr\/wp-json\/wp\/v2\/reporting_designer?post=38568"},{"taxonomy":"samplecomfabric","embeddable":true,"href":"https:\/\/theinvisiblecollection.com\/fr\/wp-json\/wp\/v2\/samplecomfabric?post=38568"},{"taxonomy":"clubroom_product_designer","embeddable":true,"href":"https:\/\/theinvisiblecollection.com\/fr\/wp-json\/wp\/v2\/designer_clubroom?post=38568"}],"curies":[{"name":"wp","href":"https:\/\/api.w.org\/{rel}","templated":true}]}}

Malle À Alcools

<p>Conçu par Iota Element pour Mayaro<br />
Edition Limitée &#8211; 8 pièces</p>
<p style="text-align: justify;">Le coffre ultime pour que vos meilleures bouteilles voyagent en toute sécurité ! Il a été conçu et réalisé par l&#8217;ébéniste Iota Element. Espace pour 8 verres à pied et 8 gobelets de 33cl, intégration d&#8217;une cave réfrigérée et adaptation de l&#8217;aménagement intérieur sur demande. Possibilité de prises 220V intégrées pour ajouter un Phantom sur le dessus.</p>

<p>Extérieur en frêne noirci et gratté<br />
Intérieur en sycomore ondé<br />
Quincailleries en acier chromé</p>
<p>L 45 x l 45 x H 110 cm</p>
<p>Fabriqué à la main en France<br />
Délais de production : 3 mois minimum</p>
<p class="p1"><span class="s1"><a href="https://www.theinvisiblecollection.com/fr/contact-produit/?product_id=38568">Contactez-nous pour toute demande de devis ou de renseignements</a></span></p></p>
