{"id":38579,"date":"2019-05-28T00:00:00","date_gmt":"2019-05-27T23:00:00","guid":{"rendered":"https:\/\/www.theinvisiblecollection.com\/product\/meuble-bar-roulant-lbb\/"},"modified":"2026-05-01T07:39:55","modified_gmt":"2026-05-01T07:39:55","slug":"etel-meuble-bar-roulant-lbb","status":"publish","type":"product","link":"https:\/\/theinvisiblecollection.com\/fr\/produit\/etel-meuble-bar-roulant-lbb\/","title":{"rendered":"Meuble Bar Roulant LBB"},"content":{"rendered":"<p style=\"text-align: justify;\">Le chariot \u00e0 th\u00e9 LBB a \u00e9t\u00e9 con\u00e7u par Lina Bo Bardi, en 1948, pour le Studio Arte Palma. Ses lignes angulaires sont typiques du design moderniste br\u00e9silien et rappellent les formes de l&#8217;architecture de Niemeyer. La r\u00e9\u00e9dition d&#8217;ETEL est \u00e9tablie sur une pi\u00e8ce confi\u00e9e par un collectionneur.<\/p>\n","protected":false},"excerpt":{"rendered":"<p>Design par Lina Bo Bardi<br \/>\nSur l&#8217;image, structure en bois br\u00e9silien Imbuia, couleur miel<br \/>\n<span style=\"text-decoration: underline;\"><a href=\"https:\/\/theinvisiblecollection.com\/wp-content\/uploads\/2022\/11\/TheInvisibleCollection_WoodSelection_GSTeaTrolley_LBBTeaTrolley.jpg\" target=\"_blank\" rel=\"noopener\">D\u00e9couvrez une s\u00e9lection de bois ici<\/a><\/span><\/p>\n<p>L 99 x l 50 x H 62,5 cm<\/p>\n<p>Fabriqu\u00e9 \u00e0 la main au Br\u00e9sil<br \/>\nD\u00e9lais de production : 20 &#8211; 24 semaines<\/p>\n<p><span style=\"text-decoration: underline;\"><a href=\"https:\/\/www.theinvisiblecollection.com\/fr\/demande-de-devis\/?product_id=38579\" target=\"_blank\" rel=\"noopener noreferrer\">Contactez-nous pour toute demande de devis ou de renseignements<\/a><\/span><\/p>\n","protected":false},"featured_media":77188,"template":"","meta":{"_acf_changed":false,"content-type":"","_themeisle_gutenberg_block_has_review":false},"product_brand":[],"product_cat":[8957,12505,12526],"product_tag":[10366,11235,11335,8862,8863,8952,8993,9251,9668,9717],"product_designer":[8866,20159],"comfabric":[28854],"manufacturer":[16878],"reporting_designer":[37382],"samplecomfabric":[30448],"designer_clubroom":[],"class_list":{"0":"post-38579","1":"product","2":"type-product","3":"status-publish","4":"has-post-thumbnail","6":"product_cat-commodes","7":"product_cat-rangements","8":"product_cat-bars-et-cabinets","9":"product_tag-table-salle-a-manger","10":"product_tag-reedition-fr-fr","11":"product_tag-eco-design","12":"product_tag-etel-carmona-fr-3","13":"product_tag-etel-design-fr-2","14":"product_tag-bois-fr","15":"product_tag-salon","16":"product_tag-tea-time","17":"product_tag-designer-bresilien-fr-fr","18":"product_tag-meuble-bar-a-the-roulant","19":"product_designer-etel-fr","20":"product_designer-lina-bo-bardi-by-etel-fr","21":"comfabric-etel-atelier-1-fr","22":"manufacturer-etel-atelier-1-fr","23":"reporting_designer-etel","24":"samplecomfabric-etel-fr","26":"first","27":"instock","28":"taxable","29":"shipping-taxable","30":"purchasable","31":"product-type-variable"},"acf":[],"_links":{"self":[{"href":"https:\/\/theinvisiblecollection.com\/fr\/wp-json\/wp\/v2\/product\/38579","targetHints":{"allow":["GET"]}}],"collection":[{"href":"https:\/\/theinvisiblecollection.com\/fr\/wp-json\/wp\/v2\/product"}],"about":[{"href":"https:\/\/theinvisiblecollection.com\/fr\/wp-json\/wp\/v2\/types\/product"}],"wp:featuredmedia":[{"embeddable":true,"href":"https:\/\/theinvisiblecollection.com\/fr\/wp-json\/wp\/v2\/media\/77188"}],"wp:attachment":[{"href":"https:\/\/theinvisiblecollection.com\/fr\/wp-json\/wp\/v2\/media?parent=38579"}],"wp:term":[{"taxonomy":"product_brand","embeddable":true,"href":"https:\/\/theinvisiblecollection.com\/fr\/wp-json\/wp\/v2\/product_brand?post=38579"},{"taxonomy":"product_cat","embeddable":true,"href":"https:\/\/theinvisiblecollection.com\/fr\/wp-json\/wp\/v2\/product_cat?post=38579"},{"taxonomy":"product_tag","embeddable":true,"href":"https:\/\/theinvisiblecollection.com\/fr\/wp-json\/wp\/v2\/product_tag?post=38579"},{"taxonomy":"product_designer","embeddable":true,"href":"https:\/\/theinvisiblecollection.com\/fr\/wp-json\/wp\/v2\/product_designer?post=38579"},{"taxonomy":"comfabric","embeddable":true,"href":"https:\/\/theinvisiblecollection.com\/fr\/wp-json\/wp\/v2\/comfabric?post=38579"},{"taxonomy":"manufacturer","embeddable":true,"href":"https:\/\/theinvisiblecollection.com\/fr\/wp-json\/wp\/v2\/manufacturer?post=38579"},{"taxonomy":"reporting_designer","embeddable":true,"href":"https:\/\/theinvisiblecollection.com\/fr\/wp-json\/wp\/v2\/reporting_designer?post=38579"},{"taxonomy":"samplecomfabric","embeddable":true,"href":"https:\/\/theinvisiblecollection.com\/fr\/wp-json\/wp\/v2\/samplecomfabric?post=38579"},{"taxonomy":"clubroom_product_designer","embeddable":true,"href":"https:\/\/theinvisiblecollection.com\/fr\/wp-json\/wp\/v2\/designer_clubroom?post=38579"}],"curies":[{"name":"wp","href":"https:\/\/api.w.org\/{rel}","templated":true}]}}

<p style="text-align: justify;">Le chariot à thé LBB a été conçu par Lina Bo Bardi, en 1948, pour le Studio Arte Palma. Ses lignes angulaires sont typiques du design moderniste brésilien et rappellent les formes de l&#8217;architecture de Niemeyer. La réédition d&#8217;ETEL est établie sur une pièce confiée par un collectionneur.</p>

<p>Design par Lina Bo Bardi<br />
Sur l&#8217;image, structure en bois brésilien Imbuia, couleur miel<br />
<span style="text-decoration: underline;"><a href="https://theinvisiblecollection.com/wp-content/uploads/2022/11/TheInvisibleCollection_WoodSelection_GSTeaTrolley_LBBTeaTrolley.jpg" target="_blank" rel="noopener">Découvrez une sélection de bois ici</a></span></p>
<p>L 99 x l 50 x H 62,5 cm</p>
<p>Fabriqué à la main au Brésil<br />
Délais de production : 20 &#8211; 24 semaines</p>
<p><span style="text-decoration: underline;"><a href="https://www.theinvisiblecollection.com/fr/demande-de-devis/?product_id=38579" target="_blank" rel="noopener noreferrer">Contactez-nous pour toute demande de devis ou de renseignements</a></span></p>
