{"id":38900,"date":"2021-10-02T09:45:00","date_gmt":"2021-10-02T08:45:00","guid":{"rendered":"https:\/\/www.theinvisiblecollection.com\/product\/porte-revues-domino\/"},"modified":"2026-05-01T07:39:52","modified_gmt":"2026-05-01T07:39:52","slug":"etel-porte-revues-domino","status":"publish","type":"product","link":"https:\/\/theinvisiblecollection.com\/fr\/produit\/etel-porte-revues-domino\/","title":{"rendered":"Porte-Revues Domino"},"content":{"rendered":"<p>De conception classique br\u00e9silienne du milieu du si\u00e8cle, le porte-revues Domino dessin\u00e9e par Jorge Zalszupin, est disponible en acier Corten ou en m\u00e9tal noir avec une base recouverte de daim.<\/p>\n","protected":false},"excerpt":{"rendered":"<p>Design par Jorge Zalszupin<br \/>\nSur l&#8217;image, section de rangement en cuir beige et structure en fer noir<br \/>\nSection de rangement en suede<br \/>\n<span style=\"text-decoration: underline;\"><a href=\"https:\/\/theinvisiblecollection.com\/wp-content\/uploads\/2021\/05\/TheInvisibleCollection_Thick_Suede_Samples_Domino_Magazine_Holder.pdf\">D\u00e9couvrir la s\u00e9lection de suede ici<\/a><\/span><br \/>\nStructure \u00e9galement disponible en acier Corten<br \/>\n<span style=\"text-decoration: underline;\"><a href=\"https:\/\/theinvisiblecollection.com\/wp-content\/uploads\/2021\/05\/TheInvisibleCollection_Etel_Metal_Samples.pdf\">D\u00e9couvrez la s\u00e9lection d&#8217;acier ici<\/a><\/span><\/p>\n<p>L 35 x l 35 x H 36 cm<\/p>\n<p>Fabriqu\u00e9 \u00e0 la main au Br\u00e9sil<br \/>\nD\u00e9lais de fabrication : 20 semaines<\/p>\n<p><span style=\"text-decoration: underline;\"><a href=\"https:\/\/www.theinvisiblecollection.com\/fr\/demande-de-devis\/?product_id=38900\" target=\"_blank\" rel=\"noopener noreferrer\">Contactez-nous pour toute demande de devis ou de renseignements<\/a><\/span><\/p>\n","protected":false},"featured_media":75304,"template":"","meta":{"_acf_changed":false,"content-type":"","_themeisle_gutenberg_block_has_review":false},"product_brand":[],"product_cat":[7517,12534,13076],"product_tag":[8854,8862,8863,8943,8993,9016,9059,11237,11335],"product_designer":[8866,15483],"comfabric":[28854],"manufacturer":[16878],"reporting_designer":[37382],"samplecomfabric":[30448],"designer_clubroom":[],"class_list":{"0":"post-38900","1":"product","2":"type-product","3":"status-publish","4":"has-post-thumbnail","6":"product_cat-deco-fr","7":"product_cat-porte-revues","8":"product_cat-bureau-a-la-maison","9":"product_tag-etel-fr-2","10":"product_tag-etel-carmona-fr-3","11":"product_tag-etel-design-fr-2","12":"product_tag-jorge-zalszupin-fr","13":"product_tag-salon","14":"product_tag-chambre-fr-2","15":"product_tag-gueridon-fr-2","16":"product_tag-fer","17":"product_tag-eco-design","18":"pa_structure-acier-corten-fr","19":"pa_structure-fer-noir-fr","20":"product_designer-etel-fr","21":"product_designer-jorge-zalszupin-par-etel","22":"comfabric-etel-atelier-1-fr","23":"manufacturer-etel-atelier-1-fr","24":"reporting_designer-etel","25":"samplecomfabric-etel-fr","27":"first","28":"instock","29":"featured","30":"taxable","31":"shipping-taxable","32":"purchasable","33":"product-type-variable"},"acf":[],"_links":{"self":[{"href":"https:\/\/theinvisiblecollection.com\/fr\/wp-json\/wp\/v2\/product\/38900","targetHints":{"allow":["GET"]}}],"collection":[{"href":"https:\/\/theinvisiblecollection.com\/fr\/wp-json\/wp\/v2\/product"}],"about":[{"href":"https:\/\/theinvisiblecollection.com\/fr\/wp-json\/wp\/v2\/types\/product"}],"wp:featuredmedia":[{"embeddable":true,"href":"https:\/\/theinvisiblecollection.com\/fr\/wp-json\/wp\/v2\/media\/75304"}],"wp:attachment":[{"href":"https:\/\/theinvisiblecollection.com\/fr\/wp-json\/wp\/v2\/media?parent=38900"}],"wp:term":[{"taxonomy":"product_brand","embeddable":true,"href":"https:\/\/theinvisiblecollection.com\/fr\/wp-json\/wp\/v2\/product_brand?post=38900"},{"taxonomy":"product_cat","embeddable":true,"href":"https:\/\/theinvisiblecollection.com\/fr\/wp-json\/wp\/v2\/product_cat?post=38900"},{"taxonomy":"product_tag","embeddable":true,"href":"https:\/\/theinvisiblecollection.com\/fr\/wp-json\/wp\/v2\/product_tag?post=38900"},{"taxonomy":"product_designer","embeddable":true,"href":"https:\/\/theinvisiblecollection.com\/fr\/wp-json\/wp\/v2\/product_designer?post=38900"},{"taxonomy":"comfabric","embeddable":true,"href":"https:\/\/theinvisiblecollection.com\/fr\/wp-json\/wp\/v2\/comfabric?post=38900"},{"taxonomy":"manufacturer","embeddable":true,"href":"https:\/\/theinvisiblecollection.com\/fr\/wp-json\/wp\/v2\/manufacturer?post=38900"},{"taxonomy":"reporting_designer","embeddable":true,"href":"https:\/\/theinvisiblecollection.com\/fr\/wp-json\/wp\/v2\/reporting_designer?post=38900"},{"taxonomy":"samplecomfabric","embeddable":true,"href":"https:\/\/theinvisiblecollection.com\/fr\/wp-json\/wp\/v2\/samplecomfabric?post=38900"},{"taxonomy":"clubroom_product_designer","embeddable":true,"href":"https:\/\/theinvisiblecollection.com\/fr\/wp-json\/wp\/v2\/designer_clubroom?post=38900"}],"curies":[{"name":"wp","href":"https:\/\/api.w.org\/{rel}","templated":true}]}}

<p>De conception classique brésilienne du milieu du siècle, le porte-revues Domino dessinée par Jorge Zalszupin, est disponible en acier Corten ou en métal noir avec une base recouverte de daim.</p>

<p>Design par Jorge Zalszupin<br />
Sur l&#8217;image, section de rangement en cuir beige et structure en fer noir<br />
Section de rangement en suede<br />
<span style="text-decoration: underline;"><a href="https://theinvisiblecollection.com/wp-content/uploads/2021/05/TheInvisibleCollection_Thick_Suede_Samples_Domino_Magazine_Holder.pdf">Découvrir la sélection de suede ici</a></span><br />
Structure également disponible en acier Corten<br />
<span style="text-decoration: underline;"><a href="https://theinvisiblecollection.com/wp-content/uploads/2021/05/TheInvisibleCollection_Etel_Metal_Samples.pdf">Découvrez la sélection d&#8217;acier ici</a></span></p>
<p>L 35 x l 35 x H 36 cm</p>
<p>Fabriqué à la main au Brésil<br />
Délais de fabrication : 20 semaines</p>
<p><span style="text-decoration: underline;"><a href="https://www.theinvisiblecollection.com/fr/demande-de-devis/?product_id=38900" target="_blank" rel="noopener noreferrer">Contactez-nous pour toute demande de devis ou de renseignements</a></span></p>
