{"id":39230,"date":"2021-04-12T00:00:00","date_gmt":"2021-04-11T23:00:00","guid":{"rendered":"https:\/\/www.theinvisiblecollection.com\/product\/table-basse-exuit\/"},"modified":"2026-05-01T07:39:50","modified_gmt":"2026-05-01T07:39:50","slug":"gustavo-neves-table-basse-exuit","status":"publish","type":"product","link":"https:\/\/theinvisiblecollection.com\/fr\/produit\/gustavo-neves-table-basse-exuit\/","title":{"rendered":"Table basse Exuit"},"content":{"rendered":"","protected":false},"excerpt":{"rendered":"<p>\u00c9dition limit\u00e9e de 20 pi\u00e8ces + 4 Preuves d\u2019Artiste<br \/>\nBase en bois<br \/>\nPlateau en quartz rare br\u00e9silien incrust\u00e9 dans le bois et\u00a0texture Exuit<br \/>\nLa texture Exuit est une texture r\u00e9alis\u00e9e \u00e0 la main par Gustavo Neves en bois et r\u00e9sine<br \/>\nDimensions sur-mesure sur demande<\/p>\n<p>Disponibles en quatre dimensions :<br \/>\nL 160 x W 64-72 x H 32 cm<br \/>\nL 180 x W 70-75 x H 32 cm<br \/>\nL 200 x W 100 x H 32 cm<br \/>\nL 230 x W 113 x H 32 cm<\/p>\n<p>Fabriqu\u00e9e \u00e0 la main au Br\u00e9sil<br \/>\nD\u00e9lais de production : 13 \u2014 17 semaines<\/p>\n<p><span style=\"text-decoration: underline;\"><a href=\"https:\/\/www.theinvisiblecollection.com\/fr\/demande-de-devis\/?product_id=39230\">Contactez-nous pour toute demande de devis ou de renseignements<\/a><\/span><\/p>\n","protected":false},"featured_media":74552,"template":"","meta":{"_acf_changed":false,"content-type":"","_themeisle_gutenberg_block_has_review":false},"product_brand":[],"product_cat":[7509,12503],"product_tag":[8952,9193,9195,9196,9197,11334,11335,11337],"product_designer":[8926],"comfabric":[],"manufacturer":[16889],"reporting_designer":[37166],"samplecomfabric":[],"designer_clubroom":[],"class_list":{"0":"post-39230","1":"product","2":"type-product","3":"status-publish","4":"has-post-thumbnail","6":"product_cat-tables-basses-dappoint","7":"product_cat-tables-fr","8":"product_tag-bois-fr","9":"product_tag-neves-fr","10":"product_tag-resine","11":"product_tag-gustavo-fr","12":"product_tag-exuit-fr","13":"product_tag-eco-friendly-fr","14":"product_tag-eco-design","15":"product_tag-durable","16":"pa_size-grand-fr","17":"pa_size-moyenne-l-70-x-l-82-x-h-41-cm","18":"pa_size-petit-fr","19":"product_designer-gustavo-neves-fr","20":"manufacturer-pedro-de-moraes-fr","21":"reporting_designer-gustavo-neves","23":"first","24":"instock","25":"taxable","26":"shipping-taxable","27":"purchasable","28":"product-type-variable"},"acf":[],"_links":{"self":[{"href":"https:\/\/theinvisiblecollection.com\/fr\/wp-json\/wp\/v2\/product\/39230","targetHints":{"allow":["GET"]}}],"collection":[{"href":"https:\/\/theinvisiblecollection.com\/fr\/wp-json\/wp\/v2\/product"}],"about":[{"href":"https:\/\/theinvisiblecollection.com\/fr\/wp-json\/wp\/v2\/types\/product"}],"wp:featuredmedia":[{"embeddable":true,"href":"https:\/\/theinvisiblecollection.com\/fr\/wp-json\/wp\/v2\/media\/74552"}],"wp:attachment":[{"href":"https:\/\/theinvisiblecollection.com\/fr\/wp-json\/wp\/v2\/media?parent=39230"}],"wp:term":[{"taxonomy":"product_brand","embeddable":true,"href":"https:\/\/theinvisiblecollection.com\/fr\/wp-json\/wp\/v2\/product_brand?post=39230"},{"taxonomy":"product_cat","embeddable":true,"href":"https:\/\/theinvisiblecollection.com\/fr\/wp-json\/wp\/v2\/product_cat?post=39230"},{"taxonomy":"product_tag","embeddable":true,"href":"https:\/\/theinvisiblecollection.com\/fr\/wp-json\/wp\/v2\/product_tag?post=39230"},{"taxonomy":"product_designer","embeddable":true,"href":"https:\/\/theinvisiblecollection.com\/fr\/wp-json\/wp\/v2\/product_designer?post=39230"},{"taxonomy":"comfabric","embeddable":true,"href":"https:\/\/theinvisiblecollection.com\/fr\/wp-json\/wp\/v2\/comfabric?post=39230"},{"taxonomy":"manufacturer","embeddable":true,"href":"https:\/\/theinvisiblecollection.com\/fr\/wp-json\/wp\/v2\/manufacturer?post=39230"},{"taxonomy":"reporting_designer","embeddable":true,"href":"https:\/\/theinvisiblecollection.com\/fr\/wp-json\/wp\/v2\/reporting_designer?post=39230"},{"taxonomy":"samplecomfabric","embeddable":true,"href":"https:\/\/theinvisiblecollection.com\/fr\/wp-json\/wp\/v2\/samplecomfabric?post=39230"},{"taxonomy":"clubroom_product_designer","embeddable":true,"href":"https:\/\/theinvisiblecollection.com\/fr\/wp-json\/wp\/v2\/designer_clubroom?post=39230"}],"curies":[{"name":"wp","href":"https:\/\/api.w.org\/{rel}","templated":true}]}}

<p>Édition limitée de 20 pièces + 4 Preuves d’Artiste<br />
Base en bois<br />
Plateau en quartz rare brésilien incrusté dans le bois et texture Exuit<br />
La texture Exuit est une texture réalisée à la main par Gustavo Neves en bois et résine<br />
Dimensions sur-mesure sur demande</p>
<p>Disponibles en quatre dimensions :<br />
L 160 x W 64-72 x H 32 cm<br />
L 180 x W 70-75 x H 32 cm<br />
L 200 x W 100 x H 32 cm<br />
L 230 x W 113 x H 32 cm</p>
<p>Fabriquée à la main au Brésil<br />
Délais de production : 13 — 17 semaines</p>
<p><span style="text-decoration: underline;"><a href="https://www.theinvisiblecollection.com/fr/demande-de-devis/?product_id=39230">Contactez-nous pour toute demande de devis ou de renseignements</a></span></p>
