{"id":40287,"date":"2024-09-10T00:00:00","date_gmt":"2024-09-10T00:00:00","guid":{"rendered":"https:\/\/www.theinvisiblecollection.com\/product\/tapis-paysage\/"},"modified":"2026-05-01T07:39:42","modified_gmt":"2026-05-01T07:39:42","slug":"atelier-fevrier-tapis-paysage-1-blanc-naturel","status":"publish","type":"product","link":"https:\/\/theinvisiblecollection.com\/fr\/produit\/atelier-fevrier-tapis-paysage-1-blanc-naturel\/","title":{"rendered":"Tapis Paysage I Blanc Naturel"},"content":{"rendered":"","protected":false},"excerpt":{"rendered":"<p>Tapis photographi\u00e9 ici en Blanc Naturel<br \/>\n\u00c9galement disponible en <span style=\"text-decoration: underline;\"><a href=\"https:\/\/theinvisiblecollection.com\/fr\/product\/atelier-fevrier-tapis-paysage-1-gris\/\" target=\"_blank\" rel=\"noopener\">Pastel<\/a><\/span><br \/>\nPrix au m\u00e8tre carr\u00e9<br \/>\n80% laine d\u2019Himalaya, 15% soie, 5% chanvre<br \/>\n100 noeuds, 155 000 noeuds\/m2<br \/>\nCouleurs sur-mesure sur demande<\/p>\n<p>Dimensions sur-mesure<\/p>\n<p>Nou\u00e9 \u00e0 la main au N\u00e9pal<br \/>\nD\u00e9lais de fabrication : 12 &#8211; 16 semaines<\/p>\n<p><span style=\"text-decoration: underline;\"><a href=\"https:\/\/www.theinvisiblecollection.com\/fr\/demande-de-devis\/?product_id=40287\" target=\"_blank\" rel=\"noopener noreferrer\">Contactez-nous pour toute demande de devis ou d&#8217;\u00e9chantillons<\/a><\/span><\/p>\n","protected":false},"featured_media":108398,"template":"","meta":{"_acf_changed":false,"content-type":"","_themeisle_gutenberg_block_has_review":false},"product_brand":[],"product_cat":[8183,12540],"product_tag":[9115,10244,10251,11334,14925,22790,31474],"product_designer":[8893],"comfabric":[],"manufacturer":[],"reporting_designer":[37178],"samplecomfabric":[],"designer_clubroom":[],"class_list":{"0":"post-40287","1":"product","2":"type-product","3":"status-publish","4":"has-post-thumbnail","6":"product_cat-tapis-noues-a-la-main","7":"product_cat-tapis-fr","8":"product_tag-atelier-fevrier-fr-2","9":"product_tag-nepal-fr","10":"product_tag-bouquet-fr","11":"product_tag-eco-friendly-fr","12":"product_tag-hpfav-fr","13":"product_tag-disponible-immediatement","14":"product_tag-co-white-fr","15":"pa_size-dimensions-sur-mesure-fr","16":"pa_size-large-fr-2","17":"pa_size-moyen","18":"pa_size-petit-fr","19":"pa_size-dimensions-sur-mesure-disponible-immediatement","20":"product_designer-atelier-fevrier-fr","21":"reporting_designer-atelier-fevrier","22":"exhibitions-new-york-fr","23":"exhibitions-londres-fr","25":"first","26":"instock","27":"taxable","28":"shipping-taxable","29":"product-type-variable"},"acf":[],"_links":{"self":[{"href":"https:\/\/theinvisiblecollection.com\/fr\/wp-json\/wp\/v2\/product\/40287","targetHints":{"allow":["GET"]}}],"collection":[{"href":"https:\/\/theinvisiblecollection.com\/fr\/wp-json\/wp\/v2\/product"}],"about":[{"href":"https:\/\/theinvisiblecollection.com\/fr\/wp-json\/wp\/v2\/types\/product"}],"wp:featuredmedia":[{"embeddable":true,"href":"https:\/\/theinvisiblecollection.com\/fr\/wp-json\/wp\/v2\/media\/108398"}],"wp:attachment":[{"href":"https:\/\/theinvisiblecollection.com\/fr\/wp-json\/wp\/v2\/media?parent=40287"}],"wp:term":[{"taxonomy":"product_brand","embeddable":true,"href":"https:\/\/theinvisiblecollection.com\/fr\/wp-json\/wp\/v2\/product_brand?post=40287"},{"taxonomy":"product_cat","embeddable":true,"href":"https:\/\/theinvisiblecollection.com\/fr\/wp-json\/wp\/v2\/product_cat?post=40287"},{"taxonomy":"product_tag","embeddable":true,"href":"https:\/\/theinvisiblecollection.com\/fr\/wp-json\/wp\/v2\/product_tag?post=40287"},{"taxonomy":"product_designer","embeddable":true,"href":"https:\/\/theinvisiblecollection.com\/fr\/wp-json\/wp\/v2\/product_designer?post=40287"},{"taxonomy":"comfabric","embeddable":true,"href":"https:\/\/theinvisiblecollection.com\/fr\/wp-json\/wp\/v2\/comfabric?post=40287"},{"taxonomy":"manufacturer","embeddable":true,"href":"https:\/\/theinvisiblecollection.com\/fr\/wp-json\/wp\/v2\/manufacturer?post=40287"},{"taxonomy":"reporting_designer","embeddable":true,"href":"https:\/\/theinvisiblecollection.com\/fr\/wp-json\/wp\/v2\/reporting_designer?post=40287"},{"taxonomy":"samplecomfabric","embeddable":true,"href":"https:\/\/theinvisiblecollection.com\/fr\/wp-json\/wp\/v2\/samplecomfabric?post=40287"},{"taxonomy":"clubroom_product_designer","embeddable":true,"href":"https:\/\/theinvisiblecollection.com\/fr\/wp-json\/wp\/v2\/designer_clubroom?post=40287"}],"curies":[{"name":"wp","href":"https:\/\/api.w.org\/{rel}","templated":true}]}}

<p>Tapis photographié ici en Blanc Naturel<br />
Également disponible en <span style="text-decoration: underline;"><a href="https://theinvisiblecollection.com/fr/product/atelier-fevrier-tapis-paysage-1-gris/" target="_blank" rel="noopener">Pastel</a></span><br />
Prix au mètre carré<br />
80% laine d’Himalaya, 15% soie, 5% chanvre<br />
100 noeuds, 155 000 noeuds/m2<br />
Couleurs sur-mesure sur demande</p>
<p>Dimensions sur-mesure</p>
<p>Noué à la main au Népal<br />
Délais de fabrication : 12 &#8211; 16 semaines</p>
<p><span style="text-decoration: underline;"><a href="https://www.theinvisiblecollection.com/fr/demande-de-devis/?product_id=40287" target="_blank" rel="noopener noreferrer">Contactez-nous pour toute demande de devis ou d&#8217;échantillons</a></span></p>
