{"id":43962,"date":"2020-07-09T13:06:28","date_gmt":"2020-07-09T12:06:28","guid":{"rendered":"https:\/\/www.theinvisiblecollection.com\/?post_type=product&#038;p=43962"},"modified":"2026-05-01T07:39:42","modified_gmt":"2026-05-01T07:39:42","slug":"damien-langlois-meurinne-table-basse-white-shadow-lilac-marbre","status":"publish","type":"product","link":"https:\/\/theinvisiblecollection.com\/fr\/produit\/damien-langlois-meurinne-table-basse-white-shadow-lilac-marbre\/","title":{"rendered":"Table Basse White Shadow Marbre Lilac"},"content":{"rendered":"<p style=\"text-align: justify;\"><span class=\"TextRun SCXW121175040 BCX8\" lang=\"FR\" xml:lang=\"FR\" data-contrast=\"auto\"><span class=\"NormalTextRun SCXW121175040 BCX8\">Pour mieux appr\u00e9hender le travail de Damien Langlois-Meurinne, imaginez la mer, le sable et le soleil&#8230; ainsi qu\u2019une bonne musique ! Surfeur dans l&#8217;\u00e2me, le c\u00e9l\u00e8bre architecte d&#8217;int\u00e9rieur fran\u00e7ais allie harmonieusement l&#8217;\u00e9l\u00e9gance de la cr\u00e9ation d&#8217;int\u00e9rieurs magnifiques \u00e0 sa passion du surf et \u00e0 son amour ind\u00e9fectible pour tous les tubes musicaux qui donnent envie de chanter. Ses cr\u00e9ations ne sont pas seulement des pi\u00e8ces de mobilier d\u00e9licatement travaill\u00e9es ; elles portent en elles une histoire, comme en t\u00e9moignent leurs noms.<\/span><\/span><span class=\"EOP SCXW121175040 BCX8\" data-ccp-props=\"{&quot;134233117&quot;:false,&quot;134233118&quot;:false,&quot;201341983&quot;:0,&quot;335551550&quot;:0,&quot;335551620&quot;:0,&quot;335559738&quot;:0,&quot;335559739&quot;:0,&quot;335559740&quot;:259}\">\u00a0<\/span><\/p>\n","protected":false},"excerpt":{"rendered":"<p>Plateau en marbre Lilac<br \/>\nPied en laiton patin\u00e9, bronze m\u00e9daille<\/p>\n<p>Dimensions disponibles :<br \/>\nPetit : L 132 x l 84 x H 40 cm<br \/>\nMoyen : L 150 x l 96.5 x H 40 cm<br \/>\nGrand : L 206 x l 132 x H 40 cm<\/p>\n<p>&nbsp;<\/p>\n<p>&nbsp;<\/p>\n<div>Fabriqu\u00e9e \u00e0 la main en Europe<\/div>\n<div>D\u00e9lais de fabrication :\u00a010 \u2013 12 semaines<\/div>\n<div><\/div>\n<div><a href=\"https:\/\/www.theinvisiblecollection.com\/fr\/contact-produit\/?product_id=43962\" target=\"_blank\" rel=\"noopener\">Contactez-nous pour toute demande de devis ou de renseignements<\/a><\/div>\n","protected":false},"featured_media":43953,"template":"","meta":{"_acf_changed":false,"content-type":"","_themeisle_gutenberg_block_has_review":false},"product_brand":[],"product_cat":[7509,12503],"product_tag":[8855,8993,9030,9066,9441,9561,9582,31474,31477,35206],"product_designer":[8891],"comfabric":[],"manufacturer":[20339],"reporting_designer":[37504],"samplecomfabric":[],"designer_clubroom":[],"class_list":{"0":"post-43962","1":"product","2":"type-product","3":"status-publish","4":"has-post-thumbnail","6":"product_cat-tables-basses-dappoint","7":"product_cat-tables-fr","8":"product_tag-table-fr-3","9":"product_tag-salon","10":"product_tag-marbre-fr-2","11":"product_tag-table-basse","12":"product_tag-table-basse-fr-2","13":"product_tag-damien","14":"product_tag-damien-langlois-meurinne-fr","15":"product_tag-co-white-fr","16":"product_tag-st-curvy-fr","17":"product_tag-exclusive-fr","18":"pa_size-grand-fr","19":"pa_size-moyen-fr","20":"pa_size-petit-fr","21":"product_designer-damien-langlois-meurinne-fr","22":"manufacturer-jlc-fr","23":"reporting_designer-damien-langlois-meurinne","24":"exhibitions-los-angeles-fr","26":"first","27":"instock","28":"taxable","29":"shipping-taxable","30":"purchasable","31":"product-type-variable"},"acf":[],"_links":{"self":[{"href":"https:\/\/theinvisiblecollection.com\/fr\/wp-json\/wp\/v2\/product\/43962","targetHints":{"allow":["GET"]}}],"collection":[{"href":"https:\/\/theinvisiblecollection.com\/fr\/wp-json\/wp\/v2\/product"}],"about":[{"href":"https:\/\/theinvisiblecollection.com\/fr\/wp-json\/wp\/v2\/types\/product"}],"wp:featuredmedia":[{"embeddable":true,"href":"https:\/\/theinvisiblecollection.com\/fr\/wp-json\/wp\/v2\/media\/43953"}],"wp:attachment":[{"href":"https:\/\/theinvisiblecollection.com\/fr\/wp-json\/wp\/v2\/media?parent=43962"}],"wp:term":[{"taxonomy":"product_brand","embeddable":true,"href":"https:\/\/theinvisiblecollection.com\/fr\/wp-json\/wp\/v2\/product_brand?post=43962"},{"taxonomy":"product_cat","embeddable":true,"href":"https:\/\/theinvisiblecollection.com\/fr\/wp-json\/wp\/v2\/product_cat?post=43962"},{"taxonomy":"product_tag","embeddable":true,"href":"https:\/\/theinvisiblecollection.com\/fr\/wp-json\/wp\/v2\/product_tag?post=43962"},{"taxonomy":"product_designer","embeddable":true,"href":"https:\/\/theinvisiblecollection.com\/fr\/wp-json\/wp\/v2\/product_designer?post=43962"},{"taxonomy":"comfabric","embeddable":true,"href":"https:\/\/theinvisiblecollection.com\/fr\/wp-json\/wp\/v2\/comfabric?post=43962"},{"taxonomy":"manufacturer","embeddable":true,"href":"https:\/\/theinvisiblecollection.com\/fr\/wp-json\/wp\/v2\/manufacturer?post=43962"},{"taxonomy":"reporting_designer","embeddable":true,"href":"https:\/\/theinvisiblecollection.com\/fr\/wp-json\/wp\/v2\/reporting_designer?post=43962"},{"taxonomy":"samplecomfabric","embeddable":true,"href":"https:\/\/theinvisiblecollection.com\/fr\/wp-json\/wp\/v2\/samplecomfabric?post=43962"},{"taxonomy":"clubroom_product_designer","embeddable":true,"href":"https:\/\/theinvisiblecollection.com\/fr\/wp-json\/wp\/v2\/designer_clubroom?post=43962"}],"curies":[{"name":"wp","href":"https:\/\/api.w.org\/{rel}","templated":true}]}}

<p style="text-align: justify;"><span class="TextRun SCXW121175040 BCX8" lang="FR" xml:lang="FR" data-contrast="auto"><span class="NormalTextRun SCXW121175040 BCX8">Pour mieux appréhender le travail de Damien Langlois-Meurinne, imaginez la mer, le sable et le soleil&#8230; ainsi qu’une bonne musique ! Surfeur dans l&#8217;âme, le célèbre architecte d&#8217;intérieur français allie harmonieusement l&#8217;élégance de la création d&#8217;intérieurs magnifiques à sa passion du surf et à son amour indéfectible pour tous les tubes musicaux qui donnent envie de chanter. Ses créations ne sont pas seulement des pièces de mobilier délicatement travaillées ; elles portent en elles une histoire, comme en témoignent leurs noms.</span></span><span class="EOP SCXW121175040 BCX8" data-ccp-props="{&quot;134233117&quot;:false,&quot;134233118&quot;:false,&quot;201341983&quot;:0,&quot;335551550&quot;:0,&quot;335551620&quot;:0,&quot;335559738&quot;:0,&quot;335559739&quot;:0,&quot;335559740&quot;:259}"> </span></p>

<p>Plateau en marbre Lilac<br />
Pied en laiton patiné, bronze médaille</p>
<p>Dimensions disponibles :<br />
Petit : L 132 x l 84 x H 40 cm<br />
Moyen : L 150 x l 96.5 x H 40 cm<br />
Grand : L 206 x l 132 x H 40 cm</p>
<p>&nbsp;</p>
<p>&nbsp;</p>
<div>Fabriquée à la main en Europe</div>
<div>Délais de fabrication : 10 – 12 semaines</div>
<div></div>
<div><a href="https://www.theinvisiblecollection.com/fr/contact-produit/?product_id=43962" target="_blank" rel="noopener">Contactez-nous pour toute demande de devis ou de renseignements</a></div>
