{"id":45313,"date":"2020-07-10T12:35:29","date_gmt":"2020-07-10T12:35:29","guid":{"rendered":"https:\/\/www.theinvisiblecollection.com\/?post_type=product&#038;p=45313"},"modified":"2026-05-01T07:39:40","modified_gmt":"2026-05-01T07:39:40","slug":"damien-langlois-meurinne-tapis-pluie-2","status":"publish","type":"product","link":"https:\/\/theinvisiblecollection.com\/fr\/produit\/damien-langlois-meurinne-tapis-pluie-2\/","title":{"rendered":"Tapis Pluie"},"content":{"rendered":"<p style=\"text-align: justify;\"><span class=\"TextRun SCXW142190351 BCX8\" lang=\"FR\" xml:lang=\"FR\" data-contrast=\"auto\"><span class=\"NormalTextRun SCXW142190351 BCX8\">Pour mieux appr\u00e9hender le travail de Damien Langlois-Meurinne, imaginez la mer, le sable et le soleil&#8230; ainsi qu\u2019une bonne musique ! Surfeur dans l&#8217;\u00e2me, le c\u00e9l\u00e8bre architecte d&#8217;int\u00e9rieur fran\u00e7ais allie harmonieusement l&#8217;\u00e9l\u00e9gance de la cr\u00e9ation d&#8217;int\u00e9rieurs magnifiques \u00e0 sa passion du surf et \u00e0 son amour ind\u00e9fectible pour tous les tubes musicaux qui donnent envie de chanter. Ses cr\u00e9ations ne sont pas seulement des pi\u00e8ces de mobilier d\u00e9licatement travaill\u00e9es ; elles portent en elles une histoire, comme en t\u00e9moignent leurs noms.<\/span><\/span><span class=\"EOP SCXW142190351 BCX8\" data-ccp-props=\"{&quot;134233117&quot;:false,&quot;134233118&quot;:false,&quot;201341983&quot;:0,&quot;335551550&quot;:0,&quot;335551620&quot;:0,&quot;335559738&quot;:0,&quot;335559739&quot;:0,&quot;335559740&quot;:259}\"><br \/>\n<em>Photos par St\u00e9phan Julliard<\/em><br \/>\n<\/span><\/p>\n","protected":false},"excerpt":{"rendered":"<p>Fond boucl\u00e9 en laine et lin ou laine et jute, pois soie ou bambou viscose<\/p>\n<p>Prix au m\u00e8tre carr\u00e9<\/p>\n<p>Fabriqu\u00e9 \u00e0 la main en France<br \/>\nD\u00e9lais de fabrication : 8 mois<\/p>\n<p><span style=\"text-decoration: underline;\"><a href=\"https:\/\/www.theinvisiblecollection.com\/fr\/demande-de-devis\/?product_id=45313\">Contactez-nous pour toute demande de devis ou d&#8217;\u00e9chantillons<\/a><\/span><\/p>\n","protected":false},"featured_media":124097,"template":"","meta":{"_acf_changed":false,"content-type":"","_themeisle_gutenberg_block_has_review":false},"product_brand":[],"product_cat":[12540,12541],"product_tag":[9561,9706,35206,8993,9016,9109],"product_designer":[8891,24862],"comfabric":[],"manufacturer":[16762],"reporting_designer":[37504,37550],"samplecomfabric":[],"designer_clubroom":[],"class_list":{"0":"post-45313","1":"product","2":"type-product","3":"status-publish","4":"has-post-thumbnail","6":"product_cat-tapis-fr","7":"product_cat-tufte-a-la-main","8":"product_tag-damien","9":"product_tag-dlm","10":"product_tag-exclusive-fr","11":"product_tag-salon","12":"product_tag-chambre-fr-2","13":"product_tag-tapis","14":"pa_color-blanc-et-beige-fr","15":"pa_color-couleurs-personalisees","16":"pa_size-dimensions-standards","17":"pa_size-dimensions-sur-mesure-fr","18":"pa_size-petit","19":"product_designer-damien-langlois-meurinne-fr","20":"product_designer-manufacture-de-tapis-de-bourgogne-fr","21":"manufacturer-manufacture-de-tapis-de-bourgogne-fr","22":"reporting_designer-damien-langlois-meurinne","23":"reporting_designer-manufacture-de-tapis-de-bourgogne","24":"exhibitions-new-york-fr","26":"first","27":"instock","28":"taxable","29":"shipping-taxable","30":"purchasable","31":"product-type-variable"},"acf":[],"_links":{"self":[{"href":"https:\/\/theinvisiblecollection.com\/fr\/wp-json\/wp\/v2\/product\/45313","targetHints":{"allow":["GET"]}}],"collection":[{"href":"https:\/\/theinvisiblecollection.com\/fr\/wp-json\/wp\/v2\/product"}],"about":[{"href":"https:\/\/theinvisiblecollection.com\/fr\/wp-json\/wp\/v2\/types\/product"}],"wp:featuredmedia":[{"embeddable":true,"href":"https:\/\/theinvisiblecollection.com\/fr\/wp-json\/wp\/v2\/media\/124097"}],"wp:attachment":[{"href":"https:\/\/theinvisiblecollection.com\/fr\/wp-json\/wp\/v2\/media?parent=45313"}],"wp:term":[{"taxonomy":"product_brand","embeddable":true,"href":"https:\/\/theinvisiblecollection.com\/fr\/wp-json\/wp\/v2\/product_brand?post=45313"},{"taxonomy":"product_cat","embeddable":true,"href":"https:\/\/theinvisiblecollection.com\/fr\/wp-json\/wp\/v2\/product_cat?post=45313"},{"taxonomy":"product_tag","embeddable":true,"href":"https:\/\/theinvisiblecollection.com\/fr\/wp-json\/wp\/v2\/product_tag?post=45313"},{"taxonomy":"product_designer","embeddable":true,"href":"https:\/\/theinvisiblecollection.com\/fr\/wp-json\/wp\/v2\/product_designer?post=45313"},{"taxonomy":"comfabric","embeddable":true,"href":"https:\/\/theinvisiblecollection.com\/fr\/wp-json\/wp\/v2\/comfabric?post=45313"},{"taxonomy":"manufacturer","embeddable":true,"href":"https:\/\/theinvisiblecollection.com\/fr\/wp-json\/wp\/v2\/manufacturer?post=45313"},{"taxonomy":"reporting_designer","embeddable":true,"href":"https:\/\/theinvisiblecollection.com\/fr\/wp-json\/wp\/v2\/reporting_designer?post=45313"},{"taxonomy":"samplecomfabric","embeddable":true,"href":"https:\/\/theinvisiblecollection.com\/fr\/wp-json\/wp\/v2\/samplecomfabric?post=45313"},{"taxonomy":"clubroom_product_designer","embeddable":true,"href":"https:\/\/theinvisiblecollection.com\/fr\/wp-json\/wp\/v2\/designer_clubroom?post=45313"}],"curies":[{"name":"wp","href":"https:\/\/api.w.org\/{rel}","templated":true}]}}

<p style="text-align: justify;"><span class="TextRun SCXW142190351 BCX8" lang="FR" xml:lang="FR" data-contrast="auto"><span class="NormalTextRun SCXW142190351 BCX8">Pour mieux appréhender le travail de Damien Langlois-Meurinne, imaginez la mer, le sable et le soleil&#8230; ainsi qu’une bonne musique ! Surfeur dans l&#8217;âme, le célèbre architecte d&#8217;intérieur français allie harmonieusement l&#8217;élégance de la création d&#8217;intérieurs magnifiques à sa passion du surf et à son amour indéfectible pour tous les tubes musicaux qui donnent envie de chanter. Ses créations ne sont pas seulement des pièces de mobilier délicatement travaillées ; elles portent en elles une histoire, comme en témoignent leurs noms.</span></span><span class="EOP SCXW142190351 BCX8" data-ccp-props="{&quot;134233117&quot;:false,&quot;134233118&quot;:false,&quot;201341983&quot;:0,&quot;335551550&quot;:0,&quot;335551620&quot;:0,&quot;335559738&quot;:0,&quot;335559739&quot;:0,&quot;335559740&quot;:259}"><br />
<em>Photos par Stéphan Julliard</em><br />
</span></p>

<p>Fond bouclé en laine et lin ou laine et jute, pois soie ou bambou viscose</p>
<p>Prix au mètre carré</p>
<p>Fabriqué à la main en France<br />
Délais de fabrication : 8 mois</p>
<p><span style="text-decoration: underline;"><a href="https://www.theinvisiblecollection.com/fr/demande-de-devis/?product_id=45313">Contactez-nous pour toute demande de devis ou d&#8217;échantillons</a></span></p>
