{"id":46204,"date":"2020-07-10T17:04:26","date_gmt":"2020-07-10T17:04:26","guid":{"rendered":"https:\/\/www.theinvisiblecollection.com\/?post_type=product&#038;p=46204"},"modified":"2026-05-01T07:39:40","modified_gmt":"2026-05-01T07:39:40","slug":"noma-editions-table-basse-ghan","status":"publish","type":"product","link":"https:\/\/theinvisiblecollection.com\/fr\/produit\/noma-editions-table-basse-ghan\/","title":{"rendered":"Table D&#8217;Appoint Ghan"},"content":{"rendered":"<p style=\"text-align: justify;\">Ghan est une table basse. C\u2019est l\u2019alliance un peu contre nature d\u2019un plateau en plastique recycl\u00e9, d\u2019un socle en ch\u00eane recycl\u00e9 (br\u00fbl\u00e9 ou teint\u00e9 \u00e0 la tourbe) et d\u2019une entretoise en laiton. Ghan existe en 2 tailles.<\/p>\n<p style=\"text-align: justify;\">\u00ab\u00a0Les pieds de la table Ghan ont des histoires \u00e0 conter : d\u00e9bit\u00e9s dans des chutes de production de traverses de chemin de fer, elles sont ensuite trait\u00e9es par le feu. Le plateau en plastique recycl\u00e9 et cintr\u00e9 est gliss\u00e9 entre deux blocs de bois massif. Un \u00e9quilibre se cr\u00e9e entre la base dense et brute de la table et les lignes douces du plateau\u00a0\u00bb Charlotte Juillard<\/p>\n","protected":false},"excerpt":{"rendered":"<p><span class=\"s1\">Design par Charlotte Juillard<\/span><br \/>\nBase en bois post-industriel recycl\u00e9 et laiton, plateau en plastique recycl\u00e9<br \/>\nGhan est compos\u00e9e \u00e0 92,8% de mati\u00e8re recycl\u00e9es<br \/>\nBois disponible en brou de noix<br \/>\nPlateau disponible en plastique recycl\u00e9 textur\u00e9 blanc ou noir<br \/>\nMat\u00e9riaux sur mesure, sur demande<\/p>\n<p>Petit :\u00a0L 43 x l 44,5 x H 44 cm<br \/>\nMoyen :\u00a0L 53 x l 44,5 x H 44 cm<\/p>\n<p>Fabriqu\u00e9e \u00e0 la main en France<br \/>\nD\u00e9lais de production :\u00a010 semaines<\/p>\n<p class=\"p1\"><span class=\"s1\"><a href=\"https:\/\/www.theinvisiblecollection.com\/fr\/demande-de-devis\/?product_id=46204\">Contactez-nous pour toute demande de devis ou de renseignements<\/a><\/span><\/p>\n","protected":false},"featured_media":82294,"template":"","meta":{"_acf_changed":false,"content-type":"","_themeisle_gutenberg_block_has_review":false},"product_brand":[],"product_cat":[12332,12503,12514],"product_tag":[8855,8993,9066,9441,9715,11334,11335,11337,31474,31477],"product_designer":[10118],"comfabric":[],"manufacturer":[20331],"reporting_designer":[37572],"samplecomfabric":[],"designer_clubroom":[],"class_list":{"0":"post-46204","1":"product","2":"type-product","3":"status-publish","4":"has-post-thumbnail","6":"product_cat-tables-dappoint","7":"product_cat-tables-fr","8":"product_cat-tables-de-chevet","9":"product_tag-table-fr-3","10":"product_tag-salon","11":"product_tag-table-basse","12":"product_tag-table-basse-fr-2","13":"product_tag-salon-fr-2","14":"product_tag-eco-friendly-fr","15":"product_tag-eco-design","16":"product_tag-durable","17":"product_tag-co-white-fr","18":"product_tag-st-curvy-fr","19":"pa_size-moyen-fr","20":"pa_size-petit-fr","21":"pa_tabletop-colour-blanc-fr","22":"pa_tabletop-colour-noir-fr","23":"pa_wood-brou-de-noix-fr","24":"product_designer-noma-editions-fr","25":"manufacturer-noma-fr","26":"reporting_designer-noma-editions","28":"first","29":"instock","30":"taxable","31":"shipping-taxable","32":"purchasable","33":"product-type-variable"},"acf":[],"_links":{"self":[{"href":"https:\/\/theinvisiblecollection.com\/fr\/wp-json\/wp\/v2\/product\/46204","targetHints":{"allow":["GET"]}}],"collection":[{"href":"https:\/\/theinvisiblecollection.com\/fr\/wp-json\/wp\/v2\/product"}],"about":[{"href":"https:\/\/theinvisiblecollection.com\/fr\/wp-json\/wp\/v2\/types\/product"}],"wp:featuredmedia":[{"embeddable":true,"href":"https:\/\/theinvisiblecollection.com\/fr\/wp-json\/wp\/v2\/media\/82294"}],"wp:attachment":[{"href":"https:\/\/theinvisiblecollection.com\/fr\/wp-json\/wp\/v2\/media?parent=46204"}],"wp:term":[{"taxonomy":"product_brand","embeddable":true,"href":"https:\/\/theinvisiblecollection.com\/fr\/wp-json\/wp\/v2\/product_brand?post=46204"},{"taxonomy":"product_cat","embeddable":true,"href":"https:\/\/theinvisiblecollection.com\/fr\/wp-json\/wp\/v2\/product_cat?post=46204"},{"taxonomy":"product_tag","embeddable":true,"href":"https:\/\/theinvisiblecollection.com\/fr\/wp-json\/wp\/v2\/product_tag?post=46204"},{"taxonomy":"product_designer","embeddable":true,"href":"https:\/\/theinvisiblecollection.com\/fr\/wp-json\/wp\/v2\/product_designer?post=46204"},{"taxonomy":"comfabric","embeddable":true,"href":"https:\/\/theinvisiblecollection.com\/fr\/wp-json\/wp\/v2\/comfabric?post=46204"},{"taxonomy":"manufacturer","embeddable":true,"href":"https:\/\/theinvisiblecollection.com\/fr\/wp-json\/wp\/v2\/manufacturer?post=46204"},{"taxonomy":"reporting_designer","embeddable":true,"href":"https:\/\/theinvisiblecollection.com\/fr\/wp-json\/wp\/v2\/reporting_designer?post=46204"},{"taxonomy":"samplecomfabric","embeddable":true,"href":"https:\/\/theinvisiblecollection.com\/fr\/wp-json\/wp\/v2\/samplecomfabric?post=46204"},{"taxonomy":"clubroom_product_designer","embeddable":true,"href":"https:\/\/theinvisiblecollection.com\/fr\/wp-json\/wp\/v2\/designer_clubroom?post=46204"}],"curies":[{"name":"wp","href":"https:\/\/api.w.org\/{rel}","templated":true}]}}

<p style="text-align: justify;">Ghan est une table basse. C’est l’alliance un peu contre nature d’un plateau en plastique recyclé, d’un socle en chêne recyclé (brûlé ou teinté à la tourbe) et d’une entretoise en laiton. Ghan existe en 2 tailles.</p>
<p style="text-align: justify;">« Les pieds de la table Ghan ont des histoires à conter : débités dans des chutes de production de traverses de chemin de fer, elles sont ensuite traitées par le feu. Le plateau en plastique recyclé et cintré est glissé entre deux blocs de bois massif. Un équilibre se crée entre la base dense et brute de la table et les lignes douces du plateau » Charlotte Juillard</p>

<p><span class="s1">Design par Charlotte Juillard</span><br />
Base en bois post-industriel recyclé et laiton, plateau en plastique recyclé<br />
Ghan est composée à 92,8% de matière recyclées<br />
Bois disponible en brou de noix<br />
Plateau disponible en plastique recyclé texturé blanc ou noir<br />
Matériaux sur mesure, sur demande</p>
<p>Petit : L 43 x l 44,5 x H 44 cm<br />
Moyen : L 53 x l 44,5 x H 44 cm</p>
<p>Fabriquée à la main en France<br />
Délais de production : 10 semaines</p>
<p class="p1"><span class="s1"><a href="https://www.theinvisiblecollection.com/fr/demande-de-devis/?product_id=46204">Contactez-nous pour toute demande de devis ou de renseignements</a></span></p>
