{"id":46498,"date":"2020-07-13T15:16:39","date_gmt":"2020-07-13T15:16:39","guid":{"rendered":"https:\/\/www.theinvisiblecollection.com\/?post_type=product&#038;p=46498"},"modified":"2026-05-01T07:39:37","modified_gmt":"2026-05-01T07:39:37","slug":"jean-michel-frank-buffet-1927","status":"publish","type":"product","link":"https:\/\/theinvisiblecollection.com\/fr\/produit\/jean-michel-frank-buffet-1927\/","title":{"rendered":"Buffet 1927"},"content":{"rendered":"","protected":false},"excerpt":{"rendered":"<p>Co-con\u00e7u avec\u00a0Adolphe Chanaux<br \/>\nJean-Michel Frank r\u00e9\u00e9dit\u00e9 par Ecart International<br \/>\nBuffet en ch\u00eane arrach\u00e9 \u00e0 la gouge<br \/>\nInt\u00e9rieur tablettes en ch\u00eane<br \/>\nTeintes disponibles : naturel, marron, wenge et noir<br \/>\n<span style=\"text-decoration: underline;\"><a href=\"https:\/\/www.theinvisiblecollection.com\/wp-content\/uploads\/2020\/06\/TIC_Ecart_Sample_Wood_Ecart_Design_FR.pdf\" target=\"_blank\" rel=\"noopener\">D\u00e9couvrez la s\u00e9lection de bois Ecart ici<\/a><\/span><\/p>\n<p>L 170 x l 50 x H 85 cm<\/p>\n<p>Indisponible aux Etats-Unis<br \/>\nFabriqu\u00e9 \u00e0 la main en France<br \/>\nD\u00e9lais de production : 12 \u2013 14 semaines<\/p>\n<p><span style=\"text-decoration: underline;\"><a href=\"https:\/\/www.theinvisiblecollection.com\/fr\/contact-produit\/?product_id=46498\">Contactez-nous pour toute demande de devis ou de renseignements\u00a0<\/a><\/span><\/p>\n","protected":false},"featured_media":5838828,"template":"","meta":{"_acf_changed":false,"content-type":"","_themeisle_gutenberg_block_has_review":false},"product_brand":[],"product_cat":[8957,12505],"product_tag":[35206,9001,10360,10855,11097,11098,11225,11235],"product_designer":[10154,10638],"comfabric":[29238],"manufacturer":[16874],"reporting_designer":[37612],"samplecomfabric":[29926],"designer_clubroom":[],"class_list":{"0":"post-46498","1":"product","2":"type-product","3":"status-publish","4":"has-post-thumbnail","6":"product_cat-commodes","7":"product_cat-rangements","8":"product_tag-exclusive-fr","9":"product_tag-chene","10":"product_tag-buffet-fr","11":"product_tag-franck-fr-fr","12":"product_tag-ecart-fr","13":"product_tag-ecart-international-fr","14":"product_tag-reissue-issue-fr","15":"product_tag-reedition-fr-fr","16":"product_designer-jean-michel-frank-fr","17":"product_designer-ecart-international-fr","18":"comfabric-ecart-international-atelier-fr","19":"manufacturer-ecart-international-argentat","20":"reporting_designer-ecart-international","21":"samplecomfabric-ecart-international-atelier-fr","23":"first","24":"instock","25":"taxable","26":"shipping-taxable","27":"purchasable","28":"product-type-variable"},"acf":[],"_links":{"self":[{"href":"https:\/\/theinvisiblecollection.com\/fr\/wp-json\/wp\/v2\/product\/46498","targetHints":{"allow":["GET"]}}],"collection":[{"href":"https:\/\/theinvisiblecollection.com\/fr\/wp-json\/wp\/v2\/product"}],"about":[{"href":"https:\/\/theinvisiblecollection.com\/fr\/wp-json\/wp\/v2\/types\/product"}],"wp:featuredmedia":[{"embeddable":true,"href":"https:\/\/theinvisiblecollection.com\/fr\/wp-json\/wp\/v2\/media\/5838828"}],"wp:attachment":[{"href":"https:\/\/theinvisiblecollection.com\/fr\/wp-json\/wp\/v2\/media?parent=46498"}],"wp:term":[{"taxonomy":"product_brand","embeddable":true,"href":"https:\/\/theinvisiblecollection.com\/fr\/wp-json\/wp\/v2\/product_brand?post=46498"},{"taxonomy":"product_cat","embeddable":true,"href":"https:\/\/theinvisiblecollection.com\/fr\/wp-json\/wp\/v2\/product_cat?post=46498"},{"taxonomy":"product_tag","embeddable":true,"href":"https:\/\/theinvisiblecollection.com\/fr\/wp-json\/wp\/v2\/product_tag?post=46498"},{"taxonomy":"product_designer","embeddable":true,"href":"https:\/\/theinvisiblecollection.com\/fr\/wp-json\/wp\/v2\/product_designer?post=46498"},{"taxonomy":"comfabric","embeddable":true,"href":"https:\/\/theinvisiblecollection.com\/fr\/wp-json\/wp\/v2\/comfabric?post=46498"},{"taxonomy":"manufacturer","embeddable":true,"href":"https:\/\/theinvisiblecollection.com\/fr\/wp-json\/wp\/v2\/manufacturer?post=46498"},{"taxonomy":"reporting_designer","embeddable":true,"href":"https:\/\/theinvisiblecollection.com\/fr\/wp-json\/wp\/v2\/reporting_designer?post=46498"},{"taxonomy":"samplecomfabric","embeddable":true,"href":"https:\/\/theinvisiblecollection.com\/fr\/wp-json\/wp\/v2\/samplecomfabric?post=46498"},{"taxonomy":"clubroom_product_designer","embeddable":true,"href":"https:\/\/theinvisiblecollection.com\/fr\/wp-json\/wp\/v2\/designer_clubroom?post=46498"}],"curies":[{"name":"wp","href":"https:\/\/api.w.org\/{rel}","templated":true}]}}

<p>Co-conçu avec Adolphe Chanaux<br />
Jean-Michel Frank réédité par Ecart International<br />
Buffet en chêne arraché à la gouge<br />
Intérieur tablettes en chêne<br />
Teintes disponibles : naturel, marron, wenge et noir<br />
<span style="text-decoration: underline;"><a href="https://www.theinvisiblecollection.com/wp-content/uploads/2020/06/TIC_Ecart_Sample_Wood_Ecart_Design_FR.pdf" target="_blank" rel="noopener">Découvrez la sélection de bois Ecart ici</a></span></p>
<p>L 170 x l 50 x H 85 cm</p>
<p>Indisponible aux Etats-Unis<br />
Fabriqué à la main en France<br />
Délais de production : 12 – 14 semaines</p>
<p><span style="text-decoration: underline;"><a href="https://www.theinvisiblecollection.com/fr/contact-produit/?product_id=46498">Contactez-nous pour toute demande de devis ou de renseignements </a></span></p>
