{"id":46965,"date":"2020-07-14T15:14:15","date_gmt":"2020-07-14T14:14:15","guid":{"rendered":"https:\/\/www.theinvisiblecollection.com\/?post_type=product&#038;p=46965"},"modified":"2026-05-01T07:39:37","modified_gmt":"2026-05-01T07:39:37","slug":"francesco-balzano-table-basse-antica-2","status":"publish","type":"product","link":"https:\/\/theinvisiblecollection.com\/fr\/produit\/francesco-balzano-table-basse-antica-2\/","title":{"rendered":"Table Basse Antica Eucalyptus"},"content":{"rendered":"<p style=\"text-align: justify;\">La collection Antica II rend hommage \u00e0 la grammaire antique des colonnes romaines.<br \/>\nCelles que l\u2019on trouve au Panth\u00e9on ou \u00e0 Saint-Pierre \u00e0 Rome, embl\u00e8mes de cette ville o\u00f9 enfant, Francesco a pass\u00e9 ses vacances.<br \/>\nFrancesco Balzano a choisi le bois d\u2019eucalyptus fum\u00e9 pour cette collection de 5 pi\u00e8ces \u2013 dont une tr\u00e8s belle table et une console \u2013 en exclusivit\u00e9 pour The Invisible Collection, en hommage \u00e0 la sophistication de la Villa Necchi \u00e0 Milan.<\/p>\n","protected":false},"excerpt":{"rendered":"<p>Table basse en eucalyptus satin\u00e9<br \/>\nDimensions sur-mesure sur demande<\/p>\n<p>L 208.6 x l 110 x H 40 cm<\/p>\n<div>Fabriqu\u00e9e \u00e0 la main en France<\/div>\n<div>D\u00e9lais de fabrication : 14 &#8211; 16 semaines<\/div>\n<div>\n<p><span style=\"text-decoration: underline;\"><a href=\"https:\/\/www.theinvisiblecollection.com\/fr\/contact-produit\/?product_id=46965\" target=\"_blank\" rel=\"noopener\">Contactez-nous pour toute demande de devis ou de renseignements<\/a><\/span><\/p>\n<\/div>\n","protected":false},"featured_media":107097,"template":"","meta":{"_acf_changed":false,"content-type":"","_themeisle_gutenberg_block_has_review":false},"product_brand":[],"product_cat":[7509,12503],"product_tag":[8952,8993,9066,9565,9715,9959,9996,31477],"product_designer":[9965],"comfabric":[],"manufacturer":[16842],"reporting_designer":[37822],"samplecomfabric":[],"designer_clubroom":[],"class_list":{"0":"post-46965","1":"product","2":"type-product","3":"status-publish","4":"has-post-thumbnail","6":"product_cat-tables-basses-dappoint","7":"product_cat-tables-fr","8":"product_tag-bois-fr","9":"product_tag-salon","10":"product_tag-table-basse","11":"product_tag-satin","12":"product_tag-salon-fr-2","13":"product_tag-francesco-balzano-fr","14":"product_tag-eucalyptus-fr","15":"product_tag-st-curvy-fr","16":"product_designer-francesco-balzano-fr","17":"manufacturer-ateliers-saint-jacques-fonderie-de-coubertin-fr","18":"reporting_designer-francesco-balzano","20":"first","21":"instock","22":"taxable","23":"shipping-taxable","24":"purchasable","25":"product-type-simple"},"acf":[],"_links":{"self":[{"href":"https:\/\/theinvisiblecollection.com\/fr\/wp-json\/wp\/v2\/product\/46965","targetHints":{"allow":["GET"]}}],"collection":[{"href":"https:\/\/theinvisiblecollection.com\/fr\/wp-json\/wp\/v2\/product"}],"about":[{"href":"https:\/\/theinvisiblecollection.com\/fr\/wp-json\/wp\/v2\/types\/product"}],"wp:featuredmedia":[{"embeddable":true,"href":"https:\/\/theinvisiblecollection.com\/fr\/wp-json\/wp\/v2\/media\/107097"}],"wp:attachment":[{"href":"https:\/\/theinvisiblecollection.com\/fr\/wp-json\/wp\/v2\/media?parent=46965"}],"wp:term":[{"taxonomy":"product_brand","embeddable":true,"href":"https:\/\/theinvisiblecollection.com\/fr\/wp-json\/wp\/v2\/product_brand?post=46965"},{"taxonomy":"product_cat","embeddable":true,"href":"https:\/\/theinvisiblecollection.com\/fr\/wp-json\/wp\/v2\/product_cat?post=46965"},{"taxonomy":"product_tag","embeddable":true,"href":"https:\/\/theinvisiblecollection.com\/fr\/wp-json\/wp\/v2\/product_tag?post=46965"},{"taxonomy":"product_designer","embeddable":true,"href":"https:\/\/theinvisiblecollection.com\/fr\/wp-json\/wp\/v2\/product_designer?post=46965"},{"taxonomy":"comfabric","embeddable":true,"href":"https:\/\/theinvisiblecollection.com\/fr\/wp-json\/wp\/v2\/comfabric?post=46965"},{"taxonomy":"manufacturer","embeddable":true,"href":"https:\/\/theinvisiblecollection.com\/fr\/wp-json\/wp\/v2\/manufacturer?post=46965"},{"taxonomy":"reporting_designer","embeddable":true,"href":"https:\/\/theinvisiblecollection.com\/fr\/wp-json\/wp\/v2\/reporting_designer?post=46965"},{"taxonomy":"samplecomfabric","embeddable":true,"href":"https:\/\/theinvisiblecollection.com\/fr\/wp-json\/wp\/v2\/samplecomfabric?post=46965"},{"taxonomy":"clubroom_product_designer","embeddable":true,"href":"https:\/\/theinvisiblecollection.com\/fr\/wp-json\/wp\/v2\/designer_clubroom?post=46965"}],"curies":[{"name":"wp","href":"https:\/\/api.w.org\/{rel}","templated":true}]}}

<p style="text-align: justify;">La collection Antica II rend hommage à la grammaire antique des colonnes romaines.<br />
Celles que l’on trouve au Panthéon ou à Saint-Pierre à Rome, emblèmes de cette ville où enfant, Francesco a passé ses vacances.<br />
Francesco Balzano a choisi le bois d’eucalyptus fumé pour cette collection de 5 pièces – dont une très belle table et une console – en exclusivité pour The Invisible Collection, en hommage à la sophistication de la Villa Necchi à Milan.</p>

<p>Table basse en eucalyptus satiné<br />
Dimensions sur-mesure sur demande</p>
<p>L 208.6 x l 110 x H 40 cm</p>
<div>Fabriquée à la main en France</div>
<div>Délais de fabrication : 14 &#8211; 16 semaines</div>
<div>
<p><span style="text-decoration: underline;"><a href="https://www.theinvisiblecollection.com/fr/contact-produit/?product_id=46965" target="_blank" rel="noopener">Contactez-nous pour toute demande de devis ou de renseignements</a></span></p>
</div>
