{"id":47065,"date":"2021-04-14T16:10:14","date_gmt":"2021-04-14T15:10:14","guid":{"rendered":"https:\/\/www.theinvisiblecollection.com\/?post_type=product&#038;p=47065"},"modified":"2026-05-01T07:39:37","modified_gmt":"2026-05-01T07:39:37","slug":"francesco-balzano-table-monceau","status":"publish","type":"product","link":"https:\/\/theinvisiblecollection.com\/fr\/produit\/francesco-balzano-table-monceau\/","title":{"rendered":"Table Monceau"},"content":{"rendered":"<p style=\"text-align: justify;\">\u00abLa collection Monceau est n\u00e9e de ma rencontre avec le m\u00e9c\u00e8ne Emmanuel de Bayser. Pour son nouvel appartement parisien, il m\u2019a command\u00e9 ces huit pi\u00e8ces sur mesure. Chaque pi\u00e8ce a \u00e9t\u00e9 dessin\u00e9e pour lui.\u00bb Francesco Balzano.<br \/>\nPrenant en compte l\u2019atmosph\u00e8re du lieu et les souhaits du collectionneur, le designer a sp\u00e9cialement cr\u00e9\u00e9 une s\u00e9rie de pi\u00e8ces, dont une table basse et deux tables d\u2019appoint en marbre noir de Belgique, une table en travertin romain, deux gu\u00e9ridons en travertin de titane et une table de nuit en pierre de Chamesson.<\/p>\n","protected":false},"excerpt":{"rendered":"<p>Marbre travertin romain<\/p>\n<p>\u00d8 84 x H 74 cm<\/p>\n<p style=\"text-align: justify;\">Fabriqu\u00e9e \u00e0 la main en France<br \/>\nD\u00e9lais de fabrication : 14 &#8211; 16 semaines<\/p>\n<p class=\"p1\"><span style=\"text-decoration: underline;\"><span class=\"s1\"><a href=\"https:\/\/www.theinvisiblecollection.com\/fr\/demande-de-devis\/?product_id=47065\" target=\"_blank\" rel=\"noopener\">Contactez-nous pour toute demande de devis ou de renseignements<\/a><\/span><\/span><\/p>\n","protected":false},"featured_media":107104,"template":"","meta":{"_acf_changed":false,"content-type":"","_themeisle_gutenberg_block_has_review":false},"product_brand":[],"product_cat":[12503,8977],"product_tag":[9275,9431,9959,14546,31477,8942],"product_designer":[9965],"comfabric":[],"manufacturer":[16842],"reporting_designer":[37822],"samplecomfabric":[],"designer_clubroom":[],"class_list":{"0":"post-47065","1":"product","2":"type-product","3":"status-publish","4":"has-post-thumbnail","6":"product_cat-tables-fr","7":"product_cat-tables-salle-a-manger","8":"product_tag-tabouret-fr-2","9":"product_tag-gueridon-fr-3","10":"product_tag-francesco-balzano-fr","11":"product_tag-ottoman-fr-2","12":"product_tag-st-curvy-fr","13":"product_tag-assise","14":"product_designer-francesco-balzano-fr","15":"manufacturer-ateliers-saint-jacques-fonderie-de-coubertin-fr","16":"reporting_designer-francesco-balzano","18":"first","19":"instock","20":"taxable","21":"shipping-taxable","22":"purchasable","23":"product-type-simple"},"acf":[],"_links":{"self":[{"href":"https:\/\/theinvisiblecollection.com\/fr\/wp-json\/wp\/v2\/product\/47065","targetHints":{"allow":["GET"]}}],"collection":[{"href":"https:\/\/theinvisiblecollection.com\/fr\/wp-json\/wp\/v2\/product"}],"about":[{"href":"https:\/\/theinvisiblecollection.com\/fr\/wp-json\/wp\/v2\/types\/product"}],"wp:featuredmedia":[{"embeddable":true,"href":"https:\/\/theinvisiblecollection.com\/fr\/wp-json\/wp\/v2\/media\/107104"}],"wp:attachment":[{"href":"https:\/\/theinvisiblecollection.com\/fr\/wp-json\/wp\/v2\/media?parent=47065"}],"wp:term":[{"taxonomy":"product_brand","embeddable":true,"href":"https:\/\/theinvisiblecollection.com\/fr\/wp-json\/wp\/v2\/product_brand?post=47065"},{"taxonomy":"product_cat","embeddable":true,"href":"https:\/\/theinvisiblecollection.com\/fr\/wp-json\/wp\/v2\/product_cat?post=47065"},{"taxonomy":"product_tag","embeddable":true,"href":"https:\/\/theinvisiblecollection.com\/fr\/wp-json\/wp\/v2\/product_tag?post=47065"},{"taxonomy":"product_designer","embeddable":true,"href":"https:\/\/theinvisiblecollection.com\/fr\/wp-json\/wp\/v2\/product_designer?post=47065"},{"taxonomy":"comfabric","embeddable":true,"href":"https:\/\/theinvisiblecollection.com\/fr\/wp-json\/wp\/v2\/comfabric?post=47065"},{"taxonomy":"manufacturer","embeddable":true,"href":"https:\/\/theinvisiblecollection.com\/fr\/wp-json\/wp\/v2\/manufacturer?post=47065"},{"taxonomy":"reporting_designer","embeddable":true,"href":"https:\/\/theinvisiblecollection.com\/fr\/wp-json\/wp\/v2\/reporting_designer?post=47065"},{"taxonomy":"samplecomfabric","embeddable":true,"href":"https:\/\/theinvisiblecollection.com\/fr\/wp-json\/wp\/v2\/samplecomfabric?post=47065"},{"taxonomy":"clubroom_product_designer","embeddable":true,"href":"https:\/\/theinvisiblecollection.com\/fr\/wp-json\/wp\/v2\/designer_clubroom?post=47065"}],"curies":[{"name":"wp","href":"https:\/\/api.w.org\/{rel}","templated":true}]}}

<p style="text-align: justify;">«La collection Monceau est née de ma rencontre avec le mécène Emmanuel de Bayser. Pour son nouvel appartement parisien, il m’a commandé ces huit pièces sur mesure. Chaque pièce a été dessinée pour lui.» Francesco Balzano.<br />
Prenant en compte l’atmosphère du lieu et les souhaits du collectionneur, le designer a spécialement créé une série de pièces, dont une table basse et deux tables d’appoint en marbre noir de Belgique, une table en travertin romain, deux guéridons en travertin de titane et une table de nuit en pierre de Chamesson.</p>

<p>Marbre travertin romain</p>
<p>Ø 84 x H 74 cm</p>
<p style="text-align: justify;">Fabriquée à la main en France<br />
Délais de fabrication : 14 &#8211; 16 semaines</p>
<p class="p1"><span style="text-decoration: underline;"><span class="s1"><a href="https://www.theinvisiblecollection.com/fr/demande-de-devis/?product_id=47065" target="_blank" rel="noopener">Contactez-nous pour toute demande de devis ou de renseignements</a></span></span></p>
