{"id":4748105,"date":"2024-02-07T13:47:17","date_gmt":"2024-02-07T13:47:17","guid":{"rendered":"https:\/\/theinvisiblecollection.com\/?post_type=product&#038;p=4748105"},"modified":"2026-05-01T07:37:44","modified_gmt":"2026-05-01T07:37:44","slug":"pierre-bonnefille-table-basse-stone-d-mousse","status":"publish","type":"product","link":"https:\/\/theinvisiblecollection.com\/fr\/produit\/pierre-bonnefille-table-basse-stone-d-mousse\/","title":{"rendered":"Table Basse Stone D Mousse D&#8217;Eau"},"content":{"rendered":"<p style=\"text-align: justify;\">Pierre Bonnefille a imagin\u00e9 et pr\u00e9sent\u00e9 cette table basse \u00e0 l\u2019occasion de son exposition au Mus\u00e9e national des arts asiatiques \u2013 Guimet \u00e0 Paris, en septembre 2021. Allusion po\u00e9tique aux voyages d\u2019exploration de l\u2019artiste, cette table basse est infus\u00e9e de pigments rouges et bronzes et recouverte d\u2019une r\u00e9sine transparente. Celle-ci est r\u00e9alis\u00e9e \u00e0 la main dans l\u2019atelier de l\u2019artiste \u00e0 Paris en \u00e9dition limit\u00e9e de 8 pi\u00e8ces et 2 \u00e9preuves d\u2019artiste. L\u2019\u00e9dition 1\/8 fait d\u00e9sormais partie des collections du MNAAG.<\/p>\n","protected":false},"excerpt":{"rendered":"<p>Technique mixte sur bois<\/p>\n<p><strong>\u00a0<\/strong>L 37 x l 28 x H 41 cm<br \/>\nDimensions sur-mesure sur demande<\/p>\n<p>Fabriqu\u00e9 \u00e0 la main en France<br \/>\nD\u00e9lais de fabrication : 12 semaines<\/p>\n<p class=\"p1\"><span style=\"text-decoration: underline;\"><span class=\"s1\"><a href=\"https:\/\/www.theinvisiblecollection.com\/fr\/demande-de-devis\/?product_id=69167\" target=\"_blank\" rel=\"noopener\">Contactez-nous pour toute demande de devis ou de renseignements<\/a><\/span><\/span><\/p>\n","protected":false},"featured_media":4755572,"template":"","meta":{"_acf_changed":false,"content-type":"","_themeisle_gutenberg_block_has_review":false},"product_brand":[],"product_cat":[7509,12503],"product_tag":[22790,33319,35206],"product_designer":[12266],"comfabric":[],"manufacturer":[16741],"reporting_designer":[37577],"samplecomfabric":[],"designer_clubroom":[],"class_list":{"0":"post-4748105","1":"product","2":"type-product","3":"status-publish","4":"has-post-thumbnail","6":"product_cat-tables-basses-dappoint","7":"product_cat-tables-fr","8":"product_tag-disponible-immediatement","9":"product_tag-edition-limitee","10":"product_tag-exclusive-fr","11":"pa_size-grand-fr","12":"pa_size-moyenne-l-70-x-l-82-x-h-41-cm","13":"pa_size-petit","14":"product_designer-pierre-bonnefille-fr","15":"manufacturer-pierre-bonnefille-atelier-1-fr","16":"reporting_designer-pierre-bonnefille","17":"exhibitions-londres-fr","19":"first","20":"instock","21":"taxable","22":"shipping-taxable","23":"purchasable","24":"product-type-variable"},"acf":[],"_links":{"self":[{"href":"https:\/\/theinvisiblecollection.com\/fr\/wp-json\/wp\/v2\/product\/4748105","targetHints":{"allow":["GET"]}}],"collection":[{"href":"https:\/\/theinvisiblecollection.com\/fr\/wp-json\/wp\/v2\/product"}],"about":[{"href":"https:\/\/theinvisiblecollection.com\/fr\/wp-json\/wp\/v2\/types\/product"}],"wp:featuredmedia":[{"embeddable":true,"href":"https:\/\/theinvisiblecollection.com\/fr\/wp-json\/wp\/v2\/media\/4755572"}],"wp:attachment":[{"href":"https:\/\/theinvisiblecollection.com\/fr\/wp-json\/wp\/v2\/media?parent=4748105"}],"wp:term":[{"taxonomy":"product_brand","embeddable":true,"href":"https:\/\/theinvisiblecollection.com\/fr\/wp-json\/wp\/v2\/product_brand?post=4748105"},{"taxonomy":"product_cat","embeddable":true,"href":"https:\/\/theinvisiblecollection.com\/fr\/wp-json\/wp\/v2\/product_cat?post=4748105"},{"taxonomy":"product_tag","embeddable":true,"href":"https:\/\/theinvisiblecollection.com\/fr\/wp-json\/wp\/v2\/product_tag?post=4748105"},{"taxonomy":"product_designer","embeddable":true,"href":"https:\/\/theinvisiblecollection.com\/fr\/wp-json\/wp\/v2\/product_designer?post=4748105"},{"taxonomy":"comfabric","embeddable":true,"href":"https:\/\/theinvisiblecollection.com\/fr\/wp-json\/wp\/v2\/comfabric?post=4748105"},{"taxonomy":"manufacturer","embeddable":true,"href":"https:\/\/theinvisiblecollection.com\/fr\/wp-json\/wp\/v2\/manufacturer?post=4748105"},{"taxonomy":"reporting_designer","embeddable":true,"href":"https:\/\/theinvisiblecollection.com\/fr\/wp-json\/wp\/v2\/reporting_designer?post=4748105"},{"taxonomy":"samplecomfabric","embeddable":true,"href":"https:\/\/theinvisiblecollection.com\/fr\/wp-json\/wp\/v2\/samplecomfabric?post=4748105"},{"taxonomy":"clubroom_product_designer","embeddable":true,"href":"https:\/\/theinvisiblecollection.com\/fr\/wp-json\/wp\/v2\/designer_clubroom?post=4748105"}],"curies":[{"name":"wp","href":"https:\/\/api.w.org\/{rel}","templated":true}]}}

<p style="text-align: justify;">Pierre Bonnefille a imaginé et présenté cette table basse à l’occasion de son exposition au Musée national des arts asiatiques – Guimet à Paris, en septembre 2021. Allusion poétique aux voyages d’exploration de l’artiste, cette table basse est infusée de pigments rouges et bronzes et recouverte d’une résine transparente. Celle-ci est réalisée à la main dans l’atelier de l’artiste à Paris en édition limitée de 8 pièces et 2 épreuves d’artiste. L’édition 1/8 fait désormais partie des collections du MNAAG.</p>

<p>Technique mixte sur bois</p>
<p><strong> </strong>L 37 x l 28 x H 41 cm<br />
Dimensions sur-mesure sur demande</p>
<p>Fabriqué à la main en France<br />
Délais de fabrication : 12 semaines</p>
<p class="p1"><span style="text-decoration: underline;"><span class="s1"><a href="https://www.theinvisiblecollection.com/fr/demande-de-devis/?product_id=69167" target="_blank" rel="noopener">Contactez-nous pour toute demande de devis ou de renseignements</a></span></span></p>
