{"id":5376325,"date":"2024-06-27T12:10:03","date_gmt":"2024-06-27T12:10:03","guid":{"rendered":"https:\/\/theinvisiblecollection.com\/?post_type=product&#038;p=5376325"},"modified":"2026-05-01T07:37:36","modified_gmt":"2026-05-01T07:37:36","slug":"galerie-mcde-pierre-chareau-applique-potence","status":"publish","type":"product","link":"https:\/\/theinvisiblecollection.com\/fr\/produit\/galerie-mcde-pierre-chareau-applique-potence\/","title":{"rendered":"Applique Potence"},"content":{"rendered":"<p><span data-contrast=\"auto\">Con\u00e7ue en 1922, cette applique murale est embl\u00e9matique de l&#8217;inspiration cubiste de Pierre Chareau. Telle une statue, elle observe \u00e0 travers les deux panneaux d&#8217;alb\u00e2tre formant le visage, le m\u00e9tal constituant le corps.<\/span><span data-ccp-props=\"{&quot;335551550&quot;:2,&quot;335551620&quot;:2}\">\u00a0<\/span><\/p>\n<p>&nbsp;<\/p>\n","protected":false},"excerpt":{"rendered":"<p>Con\u00e7ue en 1922, cette applique murale est embl\u00e9matique de l&#8217;inspiration cubiste de Pierre Chareau. Telle une statue, elle observe \u00e0 travers les deux panneaux d&#8217;alb\u00e2tre formant le visage, le m\u00e9tal constituant le corps.\u00a0 &nbsp;<\/p>\n","protected":false},"featured_media":5376340,"template":"","meta":{"_acf_changed":false,"content-type":"","_themeisle_gutenberg_block_has_review":false},"product_brand":[],"product_cat":[8975,12507],"product_tag":[7435,11235,22790],"product_designer":[10239,13455],"comfabric":[],"manufacturer":[20718],"reporting_designer":[37389],"samplecomfabric":[],"designer_clubroom":[],"class_list":{"0":"post-5376325","1":"product","2":"type-product","3":"status-publish","4":"has-post-thumbnail","6":"product_cat-appliques-murales","7":"product_cat-luminaires","8":"product_tag-new-in-fr","9":"product_tag-reedition-fr-fr","10":"product_tag-disponible-immediatement","11":"product_designer-pierre-chareau-fr","12":"product_designer-galerie-mcde-fr","13":"manufacturer-manufacture-zanzibar-fr","14":"reporting_designer-pierre-chareau","16":"first","17":"instock","18":"taxable","19":"shipping-taxable","20":"purchasable","21":"product-type-variable"},"acf":[],"_links":{"self":[{"href":"https:\/\/theinvisiblecollection.com\/fr\/wp-json\/wp\/v2\/product\/5376325","targetHints":{"allow":["GET"]}}],"collection":[{"href":"https:\/\/theinvisiblecollection.com\/fr\/wp-json\/wp\/v2\/product"}],"about":[{"href":"https:\/\/theinvisiblecollection.com\/fr\/wp-json\/wp\/v2\/types\/product"}],"wp:featuredmedia":[{"embeddable":true,"href":"https:\/\/theinvisiblecollection.com\/fr\/wp-json\/wp\/v2\/media\/5376340"}],"wp:attachment":[{"href":"https:\/\/theinvisiblecollection.com\/fr\/wp-json\/wp\/v2\/media?parent=5376325"}],"wp:term":[{"taxonomy":"product_brand","embeddable":true,"href":"https:\/\/theinvisiblecollection.com\/fr\/wp-json\/wp\/v2\/product_brand?post=5376325"},{"taxonomy":"product_cat","embeddable":true,"href":"https:\/\/theinvisiblecollection.com\/fr\/wp-json\/wp\/v2\/product_cat?post=5376325"},{"taxonomy":"product_tag","embeddable":true,"href":"https:\/\/theinvisiblecollection.com\/fr\/wp-json\/wp\/v2\/product_tag?post=5376325"},{"taxonomy":"product_designer","embeddable":true,"href":"https:\/\/theinvisiblecollection.com\/fr\/wp-json\/wp\/v2\/product_designer?post=5376325"},{"taxonomy":"comfabric","embeddable":true,"href":"https:\/\/theinvisiblecollection.com\/fr\/wp-json\/wp\/v2\/comfabric?post=5376325"},{"taxonomy":"manufacturer","embeddable":true,"href":"https:\/\/theinvisiblecollection.com\/fr\/wp-json\/wp\/v2\/manufacturer?post=5376325"},{"taxonomy":"reporting_designer","embeddable":true,"href":"https:\/\/theinvisiblecollection.com\/fr\/wp-json\/wp\/v2\/reporting_designer?post=5376325"},{"taxonomy":"samplecomfabric","embeddable":true,"href":"https:\/\/theinvisiblecollection.com\/fr\/wp-json\/wp\/v2\/samplecomfabric?post=5376325"},{"taxonomy":"clubroom_product_designer","embeddable":true,"href":"https:\/\/theinvisiblecollection.com\/fr\/wp-json\/wp\/v2\/designer_clubroom?post=5376325"}],"curies":[{"name":"wp","href":"https:\/\/api.w.org\/{rel}","templated":true}]}}

<p><span data-contrast="auto">Conçue en 1922, cette applique murale est emblématique de l&#8217;inspiration cubiste de Pierre Chareau. Telle une statue, elle observe à travers les deux panneaux d&#8217;albâtre formant le visage, le métal constituant le corps.</span><span data-ccp-props="{&quot;335551550&quot;:2,&quot;335551620&quot;:2}"> </span></p>
<p>&nbsp;</p>

<p>Conçue en 1922, cette applique murale est emblématique de l&#8217;inspiration cubiste de Pierre Chareau. Telle une statue, elle observe à travers les deux panneaux d&#8217;albâtre formant le visage, le métal constituant le corps.  &nbsp;</p>
