{"id":5398794,"date":"2024-08-22T15:43:32","date_gmt":"2024-08-22T15:43:32","guid":{"rendered":"https:\/\/theinvisiblecollection.com\/?post_type=product&#038;p=5398794"},"modified":"2026-05-01T07:37:33","modified_gmt":"2026-05-01T07:37:33","slug":"reda-amalou-table-dappoint-dot-bleu-ceruleen","status":"publish","type":"product","link":"https:\/\/theinvisiblecollection.com\/fr\/produit\/reda-amalou-table-dappoint-dot-bleu-ceruleen\/","title":{"rendered":"Table d&#8217;Appoint Bleu C\u00e9rul\u00e9en"},"content":{"rendered":"<div class=\"mail-detail-content noI18n colorQuoted simple-mail\" style=\"text-align: justify;\">\n<div id=\"ox-02e954c348\">\n<div class=\"ox-02e954c348-io-ox-signature\">\n<p class=\"ox-02e954c348-p1\">La collection Dot de Reda Amalou r\u00e9invente avec gr\u00e2ce le tabouret traditionnel asiatique dans une vision r\u00e9solument contemporaine. Son allure sculpturale et son \u00e9quilibre parfait entre force et finesse r\u00e9v\u00e8lent une exigence absolue du d\u00e9tail et du savoir-faire.\u00a0 Taill\u00e9 dans un bois massif d\u2019exception, chaque tabouret est soigneusement poli \u00e0 la main pour atteindre une douceur satin\u00e9e. Il est ensuite sublim\u00e9 par un laquage raffin\u00e9, ex\u00e9cut\u00e9 selon des techniques s\u00e9culaires perp\u00e9tu\u00e9es au Vietnam, o\u00f9 la laque est un art \u00e0 part enti\u00e8re, \u00e9lev\u00e9 au rang de patrimoine vivant.<\/p>\n<\/div>\n<\/div>\n<\/div>\n","protected":false},"excerpt":{"rendered":"<p>Bois laqu\u00e9 \u00e0 la main<br \/>\nCouleur : Gris ardoise<\/p>\n<p>Disponible en trois dimensions :<br \/>\n\u00d8 41 x H 45 cm<br \/>\n\u00d8 49.5 x H 50 cm<br \/>\n\u00d8 50 x H 65 cm<\/p>\n<p>Fabriqu\u00e9e \u00e0 la main<br \/>\nD\u00e9lais de production : 16 &#8211; 18 semaines<\/p>\n<p><span style=\"text-decoration: underline;\"><span class=\"s1\"><a href=\"https:\/\/www.theinvisiblecollection.com\/fr\/demande-de-devis\/?product_id=39481\">Contactez-nous pour plus d\u2019informations ou d\u2019autres coloris<\/a><\/span><\/span><\/p>\n","protected":false},"featured_media":5398805,"template":"","meta":{"_acf_changed":false,"content-type":"","_themeisle_gutenberg_block_has_review":false},"product_brand":[],"product_cat":[12332,12499,12503,12514,8969],"product_tag":[8993,9275,9430,9639,31474,31477,8953],"product_designer":[8895],"comfabric":[],"manufacturer":[34221],"reporting_designer":[37723],"samplecomfabric":[],"designer_clubroom":[],"class_list":{"0":"post-5398794","1":"product","2":"type-product","3":"status-publish","4":"has-post-thumbnail","6":"product_cat-tables-dappoint","7":"product_cat-assises","8":"product_cat-tables-fr","9":"product_cat-tables-de-chevet","10":"product_cat-ottomans-tabourets","11":"product_tag-salon","12":"product_tag-tabouret-fr-2","13":"product_tag-bois-laque-fr","14":"product_tag-bureau-fr","15":"product_tag-co-white-fr","16":"product_tag-st-curvy-fr","17":"product_tag-salle-a-manger","18":"pa_finish-brillante","19":"pa_finish-mate","20":"pa_size-grand-fr","21":"pa_size-moyen","22":"pa_size-petit-fr","23":"product_designer-reda-amalou-fr","24":"manufacturer-reda-amalou-pick-up-cadogan-tate-cdg-fr","25":"reporting_designer-reda-amalou","27":"first","28":"instock","29":"taxable","30":"shipping-taxable","31":"purchasable","32":"product-type-variable"},"acf":[],"_links":{"self":[{"href":"https:\/\/theinvisiblecollection.com\/fr\/wp-json\/wp\/v2\/product\/5398794","targetHints":{"allow":["GET"]}}],"collection":[{"href":"https:\/\/theinvisiblecollection.com\/fr\/wp-json\/wp\/v2\/product"}],"about":[{"href":"https:\/\/theinvisiblecollection.com\/fr\/wp-json\/wp\/v2\/types\/product"}],"wp:featuredmedia":[{"embeddable":true,"href":"https:\/\/theinvisiblecollection.com\/fr\/wp-json\/wp\/v2\/media\/5398805"}],"wp:attachment":[{"href":"https:\/\/theinvisiblecollection.com\/fr\/wp-json\/wp\/v2\/media?parent=5398794"}],"wp:term":[{"taxonomy":"product_brand","embeddable":true,"href":"https:\/\/theinvisiblecollection.com\/fr\/wp-json\/wp\/v2\/product_brand?post=5398794"},{"taxonomy":"product_cat","embeddable":true,"href":"https:\/\/theinvisiblecollection.com\/fr\/wp-json\/wp\/v2\/product_cat?post=5398794"},{"taxonomy":"product_tag","embeddable":true,"href":"https:\/\/theinvisiblecollection.com\/fr\/wp-json\/wp\/v2\/product_tag?post=5398794"},{"taxonomy":"product_designer","embeddable":true,"href":"https:\/\/theinvisiblecollection.com\/fr\/wp-json\/wp\/v2\/product_designer?post=5398794"},{"taxonomy":"comfabric","embeddable":true,"href":"https:\/\/theinvisiblecollection.com\/fr\/wp-json\/wp\/v2\/comfabric?post=5398794"},{"taxonomy":"manufacturer","embeddable":true,"href":"https:\/\/theinvisiblecollection.com\/fr\/wp-json\/wp\/v2\/manufacturer?post=5398794"},{"taxonomy":"reporting_designer","embeddable":true,"href":"https:\/\/theinvisiblecollection.com\/fr\/wp-json\/wp\/v2\/reporting_designer?post=5398794"},{"taxonomy":"samplecomfabric","embeddable":true,"href":"https:\/\/theinvisiblecollection.com\/fr\/wp-json\/wp\/v2\/samplecomfabric?post=5398794"},{"taxonomy":"clubroom_product_designer","embeddable":true,"href":"https:\/\/theinvisiblecollection.com\/fr\/wp-json\/wp\/v2\/designer_clubroom?post=5398794"}],"curies":[{"name":"wp","href":"https:\/\/api.w.org\/{rel}","templated":true}]}}

Table d&#8217;Appoint Bleu Céruléen

<div class="mail-detail-content noI18n colorQuoted simple-mail" style="text-align: justify;">
<div id="ox-02e954c348">
<div class="ox-02e954c348-io-ox-signature">
<p class="ox-02e954c348-p1">La collection Dot de Reda Amalou réinvente avec grâce le tabouret traditionnel asiatique dans une vision résolument contemporaine. Son allure sculpturale et son équilibre parfait entre force et finesse révèlent une exigence absolue du détail et du savoir-faire.  Taillé dans un bois massif d’exception, chaque tabouret est soigneusement poli à la main pour atteindre une douceur satinée. Il est ensuite sublimé par un laquage raffiné, exécuté selon des techniques séculaires perpétuées au Vietnam, où la laque est un art à part entière, élevé au rang de patrimoine vivant.</p>
</div>
</div>
</div>

<p>Bois laqué à la main<br />
Couleur : Gris ardoise</p>
<p>Disponible en trois dimensions :<br />
Ø 41 x H 45 cm<br />
Ø 49.5 x H 50 cm<br />
Ø 50 x H 65 cm</p>
<p>Fabriquée à la main<br />
Délais de production : 16 &#8211; 18 semaines</p>
<p><span style="text-decoration: underline;"><span class="s1"><a href="https://www.theinvisiblecollection.com/fr/demande-de-devis/?product_id=39481">Contactez-nous pour plus d’informations ou d’autres coloris</a></span></span></p>
