{"id":5730790,"date":"2025-01-27T15:43:30","date_gmt":"2025-01-27T15:43:30","guid":{"rendered":"https:\/\/theinvisiblecollection.com\/?post_type=product&#038;p=5730790"},"modified":"2026-05-01T07:37:23","modified_gmt":"2026-05-01T07:37:23","slug":"mobilier-national-marine-breynaert-lampadaire-donna","status":"publish","type":"product","link":"https:\/\/theinvisiblecollection.com\/fr\/produit\/mobilier-national-marine-breynaert-lampadaire-donna\/","title":{"rendered":"Lampadaire Donna"},"content":{"rendered":"<p style=\"text-align: justify;\">La lampe Donna s\u2019inscrit quant \u00e0 elle dans la continuit\u00e9 des bougeoirs iconiques de l\u2019Atelier Marine Breynaert\u00a0: formes et couleurs \u00e0 assembler, contraste des mati\u00e8res\u00a0; une pi\u00e8ce joyeuse qui se distingue autant par elle-m\u00eame qu\u2019en composition avec d\u2019autres objets.<br \/>\nLa surface bross\u00e9e du laiton et du cuivre dialogue avec la brillance des couleurs vives. La rondeur du verre souffl\u00e9 ponctue le rythme pour un objet \u00e0 la fois pop, l\u00e9ger et raffin\u00e9.<\/p>\n","protected":false},"excerpt":{"rendered":"<p>La lampe Donna s\u2019inscrit quant \u00e0 elle dans la continuit\u00e9 des bougeoirs iconiques de l\u2019Atelier Marine Breynaert\u00a0: formes et couleurs \u00e0 assembler, contraste des mati\u00e8res\u00a0; une pi\u00e8ce joyeuse qui se distingue autant par elle-m\u00eame qu\u2019en composition avec d\u2019autres objets. La surface bross\u00e9e du laiton et du cuivre dialogue avec la brillance des couleurs vives. La [&hellip;]<\/p>\n","protected":false},"featured_media":5730782,"template":"","meta":{"_acf_changed":false,"content-type":"","_themeisle_gutenberg_block_has_review":false},"product_brand":[],"product_cat":[8966,12507],"product_tag":[20434,33319],"product_designer":[20441,33209],"comfabric":[],"manufacturer":[33203],"reporting_designer":[37558],"samplecomfabric":[],"designer_clubroom":[],"class_list":{"0":"post-5730790","1":"product","2":"type-product","3":"status-publish","4":"has-post-thumbnail","6":"product_cat-lampes-sur-pied","7":"product_cat-luminaires","8":"product_tag-mobilier-national-fr","9":"product_tag-edition-limitee","10":"product_designer-mobilier-national-fr","11":"product_designer-atelier-marine-breynaert-fr","12":"manufacturer-atelier-marine-breynaert-fr","13":"reporting_designer-atelier-marine-breynaert","15":"first","16":"instock","17":"taxable","18":"shipping-taxable","19":"purchasable","20":"product-type-variable"},"acf":[],"_links":{"self":[{"href":"https:\/\/theinvisiblecollection.com\/fr\/wp-json\/wp\/v2\/product\/5730790","targetHints":{"allow":["GET"]}}],"collection":[{"href":"https:\/\/theinvisiblecollection.com\/fr\/wp-json\/wp\/v2\/product"}],"about":[{"href":"https:\/\/theinvisiblecollection.com\/fr\/wp-json\/wp\/v2\/types\/product"}],"wp:featuredmedia":[{"embeddable":true,"href":"https:\/\/theinvisiblecollection.com\/fr\/wp-json\/wp\/v2\/media\/5730782"}],"wp:attachment":[{"href":"https:\/\/theinvisiblecollection.com\/fr\/wp-json\/wp\/v2\/media?parent=5730790"}],"wp:term":[{"taxonomy":"product_brand","embeddable":true,"href":"https:\/\/theinvisiblecollection.com\/fr\/wp-json\/wp\/v2\/product_brand?post=5730790"},{"taxonomy":"product_cat","embeddable":true,"href":"https:\/\/theinvisiblecollection.com\/fr\/wp-json\/wp\/v2\/product_cat?post=5730790"},{"taxonomy":"product_tag","embeddable":true,"href":"https:\/\/theinvisiblecollection.com\/fr\/wp-json\/wp\/v2\/product_tag?post=5730790"},{"taxonomy":"product_designer","embeddable":true,"href":"https:\/\/theinvisiblecollection.com\/fr\/wp-json\/wp\/v2\/product_designer?post=5730790"},{"taxonomy":"comfabric","embeddable":true,"href":"https:\/\/theinvisiblecollection.com\/fr\/wp-json\/wp\/v2\/comfabric?post=5730790"},{"taxonomy":"manufacturer","embeddable":true,"href":"https:\/\/theinvisiblecollection.com\/fr\/wp-json\/wp\/v2\/manufacturer?post=5730790"},{"taxonomy":"reporting_designer","embeddable":true,"href":"https:\/\/theinvisiblecollection.com\/fr\/wp-json\/wp\/v2\/reporting_designer?post=5730790"},{"taxonomy":"samplecomfabric","embeddable":true,"href":"https:\/\/theinvisiblecollection.com\/fr\/wp-json\/wp\/v2\/samplecomfabric?post=5730790"},{"taxonomy":"clubroom_product_designer","embeddable":true,"href":"https:\/\/theinvisiblecollection.com\/fr\/wp-json\/wp\/v2\/designer_clubroom?post=5730790"}],"curies":[{"name":"wp","href":"https:\/\/api.w.org\/{rel}","templated":true}]}}

<p style="text-align: justify;">La lampe Donna s’inscrit quant à elle dans la continuité des bougeoirs iconiques de l’Atelier Marine Breynaert : formes et couleurs à assembler, contraste des matières ; une pièce joyeuse qui se distingue autant par elle-même qu’en composition avec d’autres objets.<br />
La surface brossée du laiton et du cuivre dialogue avec la brillance des couleurs vives. La rondeur du verre soufflé ponctue le rythme pour un objet à la fois pop, léger et raffiné.</p>

<p>La lampe Donna s’inscrit quant à elle dans la continuité des bougeoirs iconiques de l’Atelier Marine Breynaert : formes et couleurs à assembler, contraste des matières ; une pièce joyeuse qui se distingue autant par elle-même qu’en composition avec d’autres objets. La surface brossée du laiton et du cuivre dialogue avec la brillance des couleurs vives. La [&hellip;]</p>
