{"id":5847161,"date":"2025-06-18T14:53:05","date_gmt":"2025-06-18T14:53:05","guid":{"rendered":"https:\/\/theinvisiblecollection.com\/?post_type=product&#038;p=5847161"},"modified":"2026-05-01T07:37:16","modified_gmt":"2026-05-01T07:37:16","slug":"marie-victoire-de-bascher-eden-regularis-ottoman-moyen-bordeaux","status":"publish","type":"product","link":"https:\/\/theinvisiblecollection.com\/fr\/produit\/marie-victoire-de-bascher-eden-regularis-ottoman-moyen-bordeaux\/","title":{"rendered":"Eden Regularis Ottoman Moyen Bordeaux"},"content":{"rendered":"<p style=\"text-align: justify;\"><i>Les Ottomans Eden Regularis du Studio Robert Four x Marie-Victoire de Bascher rendent un hommage po\u00e9tique au grand art de la tapisserie.\u00a0 <\/i>Marie Victoire de Bascher, en dessinant le plafond de l&#8217;Appartement Aux Verdures qui devait cohabiter avec des tapisseries d\u2019Aubusson, cr\u00e9e des motifs semant le trouble entre plantes v\u00e9n\u00e9neuses et hommage \u00e0 Jean Lur\u00e7at. Selon les usages des arts d\u00e9coratifs, le plafond vient se refl\u00e9ter dans une collection de poufs Ottomans, habill\u00e9s de tapisserie, sous le nom d&#8217;Eden Regularis.\u00a0Un premier Ottoman aux diff\u00e9rents usages de si\u00e8ge d\u2019appoint, de repose-pieds, pourra se multiplier autour d\u2019une table, ou en si\u00e8ges d\u2019appoint dans un Salon. Le Grand Ottoman, aux allures d\u2019une table basse comme celle d\u2019un grand repose-pieds apportera une signature artistique \u00e0 vos int\u00e9rieurs.<\/p>\n","protected":false},"excerpt":{"rendered":"<p>Les Ottomans Eden Regularis du Studio Robert Four x Marie-Victoire de Bascher rendent un hommage po\u00e9tique au grand art de la tapisserie.\u00a0 Marie Victoire de Bascher, en dessinant le plafond de l&#8217;Appartement Aux Verdures qui devait cohabiter avec des tapisseries d\u2019Aubusson, cr\u00e9e des motifs semant le trouble entre plantes v\u00e9n\u00e9neuses et hommage \u00e0 Jean Lur\u00e7at. [&hellip;]<\/p>\n","protected":false},"featured_media":5847173,"template":"","meta":{"_acf_changed":false,"content-type":"","_themeisle_gutenberg_block_has_review":false},"product_brand":[],"product_cat":[8969,12499],"product_tag":[8942,14546,31477],"product_designer":[34576],"comfabric":[],"manufacturer":[34578],"reporting_designer":[37265],"samplecomfabric":[],"designer_clubroom":[],"class_list":{"0":"post-5847161","1":"product","2":"type-product","3":"status-publish","4":"has-post-thumbnail","6":"product_cat-ottomans-tabourets","7":"product_cat-assises","8":"product_tag-assise","9":"product_tag-ottoman-fr-2","10":"product_tag-st-curvy-fr","11":"product_designer-marie-victoire-de-bascher-fr","12":"manufacturer-manufacture-robert-four-fr","13":"reporting_designer-marie-victoire-de-bascher","15":"first","16":"instock","17":"taxable","18":"shipping-taxable","19":"purchasable","20":"product-type-variable"},"acf":[],"_links":{"self":[{"href":"https:\/\/theinvisiblecollection.com\/fr\/wp-json\/wp\/v2\/product\/5847161","targetHints":{"allow":["GET"]}}],"collection":[{"href":"https:\/\/theinvisiblecollection.com\/fr\/wp-json\/wp\/v2\/product"}],"about":[{"href":"https:\/\/theinvisiblecollection.com\/fr\/wp-json\/wp\/v2\/types\/product"}],"wp:featuredmedia":[{"embeddable":true,"href":"https:\/\/theinvisiblecollection.com\/fr\/wp-json\/wp\/v2\/media\/5847173"}],"wp:attachment":[{"href":"https:\/\/theinvisiblecollection.com\/fr\/wp-json\/wp\/v2\/media?parent=5847161"}],"wp:term":[{"taxonomy":"product_brand","embeddable":true,"href":"https:\/\/theinvisiblecollection.com\/fr\/wp-json\/wp\/v2\/product_brand?post=5847161"},{"taxonomy":"product_cat","embeddable":true,"href":"https:\/\/theinvisiblecollection.com\/fr\/wp-json\/wp\/v2\/product_cat?post=5847161"},{"taxonomy":"product_tag","embeddable":true,"href":"https:\/\/theinvisiblecollection.com\/fr\/wp-json\/wp\/v2\/product_tag?post=5847161"},{"taxonomy":"product_designer","embeddable":true,"href":"https:\/\/theinvisiblecollection.com\/fr\/wp-json\/wp\/v2\/product_designer?post=5847161"},{"taxonomy":"comfabric","embeddable":true,"href":"https:\/\/theinvisiblecollection.com\/fr\/wp-json\/wp\/v2\/comfabric?post=5847161"},{"taxonomy":"manufacturer","embeddable":true,"href":"https:\/\/theinvisiblecollection.com\/fr\/wp-json\/wp\/v2\/manufacturer?post=5847161"},{"taxonomy":"reporting_designer","embeddable":true,"href":"https:\/\/theinvisiblecollection.com\/fr\/wp-json\/wp\/v2\/reporting_designer?post=5847161"},{"taxonomy":"samplecomfabric","embeddable":true,"href":"https:\/\/theinvisiblecollection.com\/fr\/wp-json\/wp\/v2\/samplecomfabric?post=5847161"},{"taxonomy":"clubroom_product_designer","embeddable":true,"href":"https:\/\/theinvisiblecollection.com\/fr\/wp-json\/wp\/v2\/designer_clubroom?post=5847161"}],"curies":[{"name":"wp","href":"https:\/\/api.w.org\/{rel}","templated":true}]}}

<p style="text-align: justify;"><i>Les Ottomans Eden Regularis du Studio Robert Four x Marie-Victoire de Bascher rendent un hommage poétique au grand art de la tapisserie.  </i>Marie Victoire de Bascher, en dessinant le plafond de l&#8217;Appartement Aux Verdures qui devait cohabiter avec des tapisseries d’Aubusson, crée des motifs semant le trouble entre plantes vénéneuses et hommage à Jean Lurçat. Selon les usages des arts décoratifs, le plafond vient se refléter dans une collection de poufs Ottomans, habillés de tapisserie, sous le nom d&#8217;Eden Regularis. Un premier Ottoman aux différents usages de siège d’appoint, de repose-pieds, pourra se multiplier autour d’une table, ou en sièges d’appoint dans un Salon. Le Grand Ottoman, aux allures d’une table basse comme celle d’un grand repose-pieds apportera une signature artistique à vos intérieurs.</p>

<p>Les Ottomans Eden Regularis du Studio Robert Four x Marie-Victoire de Bascher rendent un hommage poétique au grand art de la tapisserie.  Marie Victoire de Bascher, en dessinant le plafond de l&#8217;Appartement Aux Verdures qui devait cohabiter avec des tapisseries d’Aubusson, crée des motifs semant le trouble entre plantes vénéneuses et hommage à Jean Lurçat. [&hellip;]</p>
