{"id":5869288,"date":"2025-10-31T11:49:39","date_gmt":"2025-10-31T11:49:39","guid":{"rendered":"https:\/\/theinvisiblecollection.com\/?post_type=product&#038;p=5869288"},"modified":"2026-05-01T07:37:11","modified_gmt":"2026-05-01T07:37:11","slug":"le-berre-vevaud-chaise-albori","status":"publish","type":"product","link":"https:\/\/theinvisiblecollection.com\/fr\/produit\/le-berre-vevaud-chaise-albori\/","title":{"rendered":"Chaise Albori"},"content":{"rendered":"<p>Inspir\u00e9e de la transformation progressive des roches volcaniques, s\u2019\u00e9claircissant et se patinant au fil du temps, la chaise Albori, issue de la collection Radice, amorce une transition po\u00e9tique vers la lumi\u00e8re tout en pr\u00e9servant l\u2019esprit min\u00e9ral et sculptural qui caract\u00e9rise le travail du duo Le Berre Vevaud. La forme sculpturale des chaises \u00e0 trois pieds cr\u00e9e un \u00e9quilibre visuel unique tout en offrant un profil de stabilit\u00e9 diff\u00e9rent de celui des chaises \u00e0 quatre pieds classiques.<\/p>\n","protected":false},"excerpt":{"rendered":"<p>Inspir\u00e9e de la transformation progressive des roches volcaniques, s\u2019\u00e9claircissant et se patinant au fil du temps, la chaise Albori, issue de la collection Radice, amorce une transition po\u00e9tique vers la lumi\u00e8re tout en pr\u00e9servant l\u2019esprit min\u00e9ral et sculptural qui caract\u00e9rise le travail du duo Le Berre Vevaud. La forme sculpturale des chaises \u00e0 trois pieds [&hellip;]<\/p>\n","protected":false},"featured_media":5872328,"template":"","meta":{"_acf_changed":false,"content-type":"","_themeisle_gutenberg_block_has_review":false},"product_brand":[],"product_cat":[8962,12499],"product_tag":[8942,9017,22790,31477],"product_designer":[8868],"comfabric":[],"manufacturer":[35599],"reporting_designer":[37160],"samplecomfabric":[],"designer_clubroom":[],"class_list":{"0":"post-5869288","1":"product","2":"type-product","3":"status-publish","4":"has-post-thumbnail","6":"product_cat-chaises","7":"product_cat-assises","8":"product_tag-assise","9":"product_tag-chaise","10":"product_tag-disponible-immediatement","11":"product_tag-st-curvy-fr","12":"product_designer-le-berre-vevaud-fr","13":"manufacturer-le-berre-vevaud-oficinna-22-pt-fr","14":"reporting_designer-le-berre-vevaud","16":"first","17":"instock","18":"taxable","19":"shipping-taxable","20":"purchasable","21":"product-type-variable"},"acf":[],"_links":{"self":[{"href":"https:\/\/theinvisiblecollection.com\/fr\/wp-json\/wp\/v2\/product\/5869288","targetHints":{"allow":["GET"]}}],"collection":[{"href":"https:\/\/theinvisiblecollection.com\/fr\/wp-json\/wp\/v2\/product"}],"about":[{"href":"https:\/\/theinvisiblecollection.com\/fr\/wp-json\/wp\/v2\/types\/product"}],"wp:featuredmedia":[{"embeddable":true,"href":"https:\/\/theinvisiblecollection.com\/fr\/wp-json\/wp\/v2\/media\/5872328"}],"wp:attachment":[{"href":"https:\/\/theinvisiblecollection.com\/fr\/wp-json\/wp\/v2\/media?parent=5869288"}],"wp:term":[{"taxonomy":"product_brand","embeddable":true,"href":"https:\/\/theinvisiblecollection.com\/fr\/wp-json\/wp\/v2\/product_brand?post=5869288"},{"taxonomy":"product_cat","embeddable":true,"href":"https:\/\/theinvisiblecollection.com\/fr\/wp-json\/wp\/v2\/product_cat?post=5869288"},{"taxonomy":"product_tag","embeddable":true,"href":"https:\/\/theinvisiblecollection.com\/fr\/wp-json\/wp\/v2\/product_tag?post=5869288"},{"taxonomy":"product_designer","embeddable":true,"href":"https:\/\/theinvisiblecollection.com\/fr\/wp-json\/wp\/v2\/product_designer?post=5869288"},{"taxonomy":"comfabric","embeddable":true,"href":"https:\/\/theinvisiblecollection.com\/fr\/wp-json\/wp\/v2\/comfabric?post=5869288"},{"taxonomy":"manufacturer","embeddable":true,"href":"https:\/\/theinvisiblecollection.com\/fr\/wp-json\/wp\/v2\/manufacturer?post=5869288"},{"taxonomy":"reporting_designer","embeddable":true,"href":"https:\/\/theinvisiblecollection.com\/fr\/wp-json\/wp\/v2\/reporting_designer?post=5869288"},{"taxonomy":"samplecomfabric","embeddable":true,"href":"https:\/\/theinvisiblecollection.com\/fr\/wp-json\/wp\/v2\/samplecomfabric?post=5869288"},{"taxonomy":"clubroom_product_designer","embeddable":true,"href":"https:\/\/theinvisiblecollection.com\/fr\/wp-json\/wp\/v2\/designer_clubroom?post=5869288"}],"curies":[{"name":"wp","href":"https:\/\/api.w.org\/{rel}","templated":true}]}}

<p>Inspirée de la transformation progressive des roches volcaniques, s’éclaircissant et se patinant au fil du temps, la chaise Albori, issue de la collection Radice, amorce une transition poétique vers la lumière tout en préservant l’esprit minéral et sculptural qui caractérise le travail du duo Le Berre Vevaud. La forme sculpturale des chaises à trois pieds crée un équilibre visuel unique tout en offrant un profil de stabilité différent de celui des chaises à quatre pieds classiques.</p>

<p>Inspirée de la transformation progressive des roches volcaniques, s’éclaircissant et se patinant au fil du temps, la chaise Albori, issue de la collection Radice, amorce une transition poétique vers la lumière tout en préservant l’esprit minéral et sculptural qui caractérise le travail du duo Le Berre Vevaud. La forme sculpturale des chaises à trois pieds [&hellip;]</p>
