{"id":5885442,"date":"2026-02-02T17:56:36","date_gmt":"2026-02-02T17:56:36","guid":{"rendered":"https:\/\/theinvisiblecollection.com\/?post_type=product&#038;p=5885442"},"modified":"2026-05-01T07:37:05","modified_gmt":"2026-05-01T07:37:05","slug":"garce-dimofski-miroir-noa","status":"publish","type":"product","link":"https:\/\/theinvisiblecollection.com\/fr\/produit\/garce-dimofski-miroir-noa\/","title":{"rendered":"Miroir Noa"},"content":{"rendered":"<p class=\"preFade fadeIn\" data-rte-preserve-empty=\"true\">Le miroir Noa de Garc\u00e9 Dimofski est encadr\u00e9 de c\u00e9ramique sculpt\u00e9e \u00e0 la main, dont la surface irr\u00e9guli\u00e8re r\u00e9v\u00e8le de subtiles variations de tons et un caract\u00e8re brut et min\u00e9ral. La silhouette organique conf\u00e8re \u00e0 la pi\u00e8ce \u00e0 la fois force et fluidit\u00e9, faisant \u00e9cho aux formes naturelles tout en adoptant une esth\u00e9tique contemporaine raffin\u00e9e. Le jeu de textures et de patines sur la c\u00e9ramique rehausse la qualit\u00e9 lumineuse du verre, sculptant des reflets avec profondeur et nuance.<\/p>\n","protected":false},"excerpt":{"rendered":"<p>Le miroir Noa de Garc\u00e9 Dimofski est encadr\u00e9 de c\u00e9ramique sculpt\u00e9e \u00e0 la main, dont la surface irr\u00e9guli\u00e8re r\u00e9v\u00e8le de subtiles variations de tons et un caract\u00e8re brut et min\u00e9ral. La silhouette organique conf\u00e8re \u00e0 la pi\u00e8ce \u00e0 la fois force et fluidit\u00e9, faisant \u00e9cho aux formes naturelles tout en adoptant une esth\u00e9tique contemporaine raffin\u00e9e. [&hellip;]<\/p>\n","protected":false},"featured_media":5885440,"template":"","meta":{"_acf_changed":false,"content-type":"","_themeisle_gutenberg_block_has_review":false},"product_brand":[],"product_cat":[8225,7517],"product_tag":[9644,31475,9089],"product_designer":[15857],"comfabric":[],"manufacturer":[22038],"reporting_designer":[37464],"samplecomfabric":[],"designer_clubroom":[],"class_list":{"0":"post-5885442","1":"product","2":"type-product","3":"status-publish","4":"has-post-thumbnail","6":"product_cat-miroirs-fr","7":"product_cat-deco-fr","8":"product_tag-necessaires","9":"product_tag-st-ceramic-fr","10":"product_tag-miroir-fr-3","11":"product_designer-garce-dimofski-fr","12":"manufacturer-garc-dimofski-atelier-so-pedro-da-cova-fr","13":"reporting_designer-garce-dimofski-fr","15":"first","16":"instock","17":"taxable","18":"shipping-taxable","19":"purchasable","20":"product-type-simple"},"acf":[],"_links":{"self":[{"href":"https:\/\/theinvisiblecollection.com\/fr\/wp-json\/wp\/v2\/product\/5885442","targetHints":{"allow":["GET"]}}],"collection":[{"href":"https:\/\/theinvisiblecollection.com\/fr\/wp-json\/wp\/v2\/product"}],"about":[{"href":"https:\/\/theinvisiblecollection.com\/fr\/wp-json\/wp\/v2\/types\/product"}],"wp:featuredmedia":[{"embeddable":true,"href":"https:\/\/theinvisiblecollection.com\/fr\/wp-json\/wp\/v2\/media\/5885440"}],"wp:attachment":[{"href":"https:\/\/theinvisiblecollection.com\/fr\/wp-json\/wp\/v2\/media?parent=5885442"}],"wp:term":[{"taxonomy":"product_brand","embeddable":true,"href":"https:\/\/theinvisiblecollection.com\/fr\/wp-json\/wp\/v2\/product_brand?post=5885442"},{"taxonomy":"product_cat","embeddable":true,"href":"https:\/\/theinvisiblecollection.com\/fr\/wp-json\/wp\/v2\/product_cat?post=5885442"},{"taxonomy":"product_tag","embeddable":true,"href":"https:\/\/theinvisiblecollection.com\/fr\/wp-json\/wp\/v2\/product_tag?post=5885442"},{"taxonomy":"product_designer","embeddable":true,"href":"https:\/\/theinvisiblecollection.com\/fr\/wp-json\/wp\/v2\/product_designer?post=5885442"},{"taxonomy":"comfabric","embeddable":true,"href":"https:\/\/theinvisiblecollection.com\/fr\/wp-json\/wp\/v2\/comfabric?post=5885442"},{"taxonomy":"manufacturer","embeddable":true,"href":"https:\/\/theinvisiblecollection.com\/fr\/wp-json\/wp\/v2\/manufacturer?post=5885442"},{"taxonomy":"reporting_designer","embeddable":true,"href":"https:\/\/theinvisiblecollection.com\/fr\/wp-json\/wp\/v2\/reporting_designer?post=5885442"},{"taxonomy":"samplecomfabric","embeddable":true,"href":"https:\/\/theinvisiblecollection.com\/fr\/wp-json\/wp\/v2\/samplecomfabric?post=5885442"},{"taxonomy":"clubroom_product_designer","embeddable":true,"href":"https:\/\/theinvisiblecollection.com\/fr\/wp-json\/wp\/v2\/designer_clubroom?post=5885442"}],"curies":[{"name":"wp","href":"https:\/\/api.w.org\/{rel}","templated":true}]}}

<p class="preFade fadeIn" data-rte-preserve-empty="true">Le miroir Noa de Garcé Dimofski est encadré de céramique sculptée à la main, dont la surface irrégulière révèle de subtiles variations de tons et un caractère brut et minéral. La silhouette organique confère à la pièce à la fois force et fluidité, faisant écho aux formes naturelles tout en adoptant une esthétique contemporaine raffinée. Le jeu de textures et de patines sur la céramique rehausse la qualité lumineuse du verre, sculptant des reflets avec profondeur et nuance.</p>

<p>Le miroir Noa de Garcé Dimofski est encadré de céramique sculptée à la main, dont la surface irrégulière révèle de subtiles variations de tons et un caractère brut et minéral. La silhouette organique confère à la pièce à la fois force et fluidité, faisant écho aux formes naturelles tout en adoptant une esthétique contemporaine raffinée. [&hellip;]</p>
