{"id":5895937,"date":"2026-03-09T14:15:58","date_gmt":"2026-03-09T14:15:58","guid":{"rendered":"https:\/\/theinvisiblecollection.com\/?post_type=product&#038;p=5895937"},"modified":"2026-05-01T07:37:02","modified_gmt":"2026-05-01T07:37:02","slug":"fleur-delesalle-canape-hug-arrondi","status":"publish","type":"product","link":"https:\/\/theinvisiblecollection.com\/fr\/produit\/fleur-delesalle-canape-hug-arrondi\/","title":{"rendered":"Canap\u00e9 Hug Arrondi"},"content":{"rendered":"<p data-start=\"0\" data-end=\"190\">Le canap\u00e9 Hug de Fleur Delesalle vous enveloppe comme une douce \u00e9treinte. Vu de profil, son assise et son dossier s\u2019entrelacent tels deux bras qui se rejoignent dans un geste r\u00e9confortant.<\/p>\n<p data-start=\"192\" data-end=\"478\" data-is-last-node=\"\" data-is-only-node=\"\">Tout en rondeur et en douceur, son design repose sur une subtile imbrication des formes, o\u00f9 l\u2019assise et le dossier s\u2019unissent dans un mouvement continu, comme une \u00e9treinte qui ne se rel\u00e2che jamais. Une expression de sophistication chaleureuse, alliant avec harmonie confort et \u00e9l\u00e9gance.<\/p>\n","protected":false},"excerpt":{"rendered":"<p>Table basse avec plateau en laque<br \/>\n\u00c9galement disponible en <a href=\"https:\/\/theinvisiblecollection.com\/fr\/produit\/fleur-delesalle-table-basse-poppy-carrara\/\" target=\"_blank\" rel=\"noopener\"><span style=\"text-decoration: underline;\">marbre carrara<\/span><\/a> et en <a href=\"https:\/\/theinvisiblecollection.com\/fr\/produit\/fleur-delesalle-table-basse-poppy-onyx\/\" target=\"_blank\" rel=\"noopener\"><span style=\"text-decoration: underline;\">onyx<\/span><\/a><br \/>\nBase en ch\u00eane<\/p>\n<p>L 100 x l 130 x H 38 cm<\/p>\n<p>Fabriqu\u00e9e \u00e0 la main en Italie<br \/>\nD\u00e9lais de fabrication : 8 semaines<\/p>\n<p class=\"p1\"><span style=\"text-decoration: underline;\"><span class=\"s1\"><a href=\"https:\/\/www.theinvisiblecollection.com\/fr\/demande-de-devis\/?product_id=1736922\">Contactez-nous pour toute demande de devis ou de renseignements<\/a><\/span><\/span><\/p>\n","protected":false},"featured_media":5895959,"template":"","meta":{"_acf_changed":false,"content-type":"","_themeisle_gutenberg_block_has_review":false},"product_brand":[],"product_cat":[8976,12499],"product_tag":[14925,31474,31477],"product_designer":[21318],"comfabric":[],"manufacturer":[26712],"reporting_designer":[37482],"samplecomfabric":[],"designer_clubroom":[],"class_list":{"0":"post-5895937","1":"product","2":"type-product","3":"status-publish","4":"has-post-thumbnail","6":"product_cat-canapes","7":"product_cat-assises","8":"product_tag-hpfav-fr","9":"product_tag-co-white-fr","10":"product_tag-st-curvy-fr","11":"pa_size-moyen-fr","12":"pa_size-petit-fr","13":"product_designer-fleur-delesalle-fr","14":"manufacturer-laurent-transport-fr","15":"reporting_designer-fleur-delesalle","17":"first","18":"instock","19":"taxable","20":"shipping-taxable","21":"purchasable","22":"product-type-variable"},"acf":[],"_links":{"self":[{"href":"https:\/\/theinvisiblecollection.com\/fr\/wp-json\/wp\/v2\/product\/5895937","targetHints":{"allow":["GET"]}}],"collection":[{"href":"https:\/\/theinvisiblecollection.com\/fr\/wp-json\/wp\/v2\/product"}],"about":[{"href":"https:\/\/theinvisiblecollection.com\/fr\/wp-json\/wp\/v2\/types\/product"}],"wp:featuredmedia":[{"embeddable":true,"href":"https:\/\/theinvisiblecollection.com\/fr\/wp-json\/wp\/v2\/media\/5895959"}],"wp:attachment":[{"href":"https:\/\/theinvisiblecollection.com\/fr\/wp-json\/wp\/v2\/media?parent=5895937"}],"wp:term":[{"taxonomy":"product_brand","embeddable":true,"href":"https:\/\/theinvisiblecollection.com\/fr\/wp-json\/wp\/v2\/product_brand?post=5895937"},{"taxonomy":"product_cat","embeddable":true,"href":"https:\/\/theinvisiblecollection.com\/fr\/wp-json\/wp\/v2\/product_cat?post=5895937"},{"taxonomy":"product_tag","embeddable":true,"href":"https:\/\/theinvisiblecollection.com\/fr\/wp-json\/wp\/v2\/product_tag?post=5895937"},{"taxonomy":"product_designer","embeddable":true,"href":"https:\/\/theinvisiblecollection.com\/fr\/wp-json\/wp\/v2\/product_designer?post=5895937"},{"taxonomy":"comfabric","embeddable":true,"href":"https:\/\/theinvisiblecollection.com\/fr\/wp-json\/wp\/v2\/comfabric?post=5895937"},{"taxonomy":"manufacturer","embeddable":true,"href":"https:\/\/theinvisiblecollection.com\/fr\/wp-json\/wp\/v2\/manufacturer?post=5895937"},{"taxonomy":"reporting_designer","embeddable":true,"href":"https:\/\/theinvisiblecollection.com\/fr\/wp-json\/wp\/v2\/reporting_designer?post=5895937"},{"taxonomy":"samplecomfabric","embeddable":true,"href":"https:\/\/theinvisiblecollection.com\/fr\/wp-json\/wp\/v2\/samplecomfabric?post=5895937"},{"taxonomy":"clubroom_product_designer","embeddable":true,"href":"https:\/\/theinvisiblecollection.com\/fr\/wp-json\/wp\/v2\/designer_clubroom?post=5895937"}],"curies":[{"name":"wp","href":"https:\/\/api.w.org\/{rel}","templated":true}]}}

Canapé Hug Arrondi

<p data-start="0" data-end="190">Le canapé Hug de Fleur Delesalle vous enveloppe comme une douce étreinte. Vu de profil, son assise et son dossier s’entrelacent tels deux bras qui se rejoignent dans un geste réconfortant.</p>
<p data-start="192" data-end="478" data-is-last-node="" data-is-only-node="">Tout en rondeur et en douceur, son design repose sur une subtile imbrication des formes, où l’assise et le dossier s’unissent dans un mouvement continu, comme une étreinte qui ne se relâche jamais. Une expression de sophistication chaleureuse, alliant avec harmonie confort et élégance.</p>

<p>Table basse avec plateau en laque<br />
Également disponible en <a href="https://theinvisiblecollection.com/fr/produit/fleur-delesalle-table-basse-poppy-carrara/" target="_blank" rel="noopener"><span style="text-decoration: underline;">marbre carrara</span></a> et en <a href="https://theinvisiblecollection.com/fr/produit/fleur-delesalle-table-basse-poppy-onyx/" target="_blank" rel="noopener"><span style="text-decoration: underline;">onyx</span></a><br />
Base en chêne</p>
<p>L 100 x l 130 x H 38 cm</p>
<p>Fabriquée à la main en Italie<br />
Délais de fabrication : 8 semaines</p>
<p class="p1"><span style="text-decoration: underline;"><span class="s1"><a href="https://www.theinvisiblecollection.com/fr/demande-de-devis/?product_id=1736922">Contactez-nous pour toute demande de devis ou de renseignements</a></span></span></p>
