{"id":5899830,"date":"2026-04-02T08:26:36","date_gmt":"2026-04-02T08:26:36","guid":{"rendered":"https:\/\/theinvisiblecollection.com\/?post_type=product&#038;p=5899830"},"modified":"2026-05-01T07:37:02","modified_gmt":"2026-05-01T07:37:02","slug":"le-berre-vevaud-table-aurora","status":"publish","type":"product","link":"https:\/\/theinvisiblecollection.com\/fr\/produit\/le-berre-vevaud-table-aurora\/","title":{"rendered":"Table Aurora"},"content":{"rendered":"<p style=\"text-align: justify;\">Inspir\u00e9e de la transformation progressive des roches volcaniques, s&#8217;\u00e9claircissant et se patinant au fil du temps, la collection Radice amorce une transition po\u00e9tique vers la lumi\u00e8re tout en conservant l&#8217;esprit min\u00e9ral et sculptural qui caract\u00e9rise le travail du duo Le Berre Vevaud.<\/p>\n","protected":false},"excerpt":{"rendered":"<p>Inspir\u00e9e de la transformation progressive des roches volcaniques, s&#8217;\u00e9claircissant et se patinant au fil du temps, la collection Radice amorce une transition po\u00e9tique vers la lumi\u00e8re tout en conservant l&#8217;esprit min\u00e9ral et sculptural qui caract\u00e9rise le travail du duo Le Berre Vevaud.<\/p>\n","protected":false},"featured_media":5899815,"template":"","meta":{"_acf_changed":false,"content-type":"","_themeisle_gutenberg_block_has_review":false},"product_brand":[],"product_cat":[8977,12503],"product_tag":[],"product_designer":[8868],"comfabric":[],"manufacturer":[35599],"reporting_designer":[37160],"samplecomfabric":[],"designer_clubroom":[],"class_list":{"0":"post-5899830","1":"product","2":"type-product","3":"status-publish","4":"has-post-thumbnail","6":"product_cat-tables-salle-a-manger","7":"product_cat-tables-fr","8":"product_designer-le-berre-vevaud-fr","9":"manufacturer-le-berre-vevaud-oficinna-22-pt-fr","10":"reporting_designer-le-berre-vevaud","12":"first","13":"instock","14":"taxable","15":"shipping-taxable","16":"purchasable","17":"product-type-simple"},"acf":[],"_links":{"self":[{"href":"https:\/\/theinvisiblecollection.com\/fr\/wp-json\/wp\/v2\/product\/5899830","targetHints":{"allow":["GET"]}}],"collection":[{"href":"https:\/\/theinvisiblecollection.com\/fr\/wp-json\/wp\/v2\/product"}],"about":[{"href":"https:\/\/theinvisiblecollection.com\/fr\/wp-json\/wp\/v2\/types\/product"}],"wp:featuredmedia":[{"embeddable":true,"href":"https:\/\/theinvisiblecollection.com\/fr\/wp-json\/wp\/v2\/media\/5899815"}],"wp:attachment":[{"href":"https:\/\/theinvisiblecollection.com\/fr\/wp-json\/wp\/v2\/media?parent=5899830"}],"wp:term":[{"taxonomy":"product_brand","embeddable":true,"href":"https:\/\/theinvisiblecollection.com\/fr\/wp-json\/wp\/v2\/product_brand?post=5899830"},{"taxonomy":"product_cat","embeddable":true,"href":"https:\/\/theinvisiblecollection.com\/fr\/wp-json\/wp\/v2\/product_cat?post=5899830"},{"taxonomy":"product_tag","embeddable":true,"href":"https:\/\/theinvisiblecollection.com\/fr\/wp-json\/wp\/v2\/product_tag?post=5899830"},{"taxonomy":"product_designer","embeddable":true,"href":"https:\/\/theinvisiblecollection.com\/fr\/wp-json\/wp\/v2\/product_designer?post=5899830"},{"taxonomy":"comfabric","embeddable":true,"href":"https:\/\/theinvisiblecollection.com\/fr\/wp-json\/wp\/v2\/comfabric?post=5899830"},{"taxonomy":"manufacturer","embeddable":true,"href":"https:\/\/theinvisiblecollection.com\/fr\/wp-json\/wp\/v2\/manufacturer?post=5899830"},{"taxonomy":"reporting_designer","embeddable":true,"href":"https:\/\/theinvisiblecollection.com\/fr\/wp-json\/wp\/v2\/reporting_designer?post=5899830"},{"taxonomy":"samplecomfabric","embeddable":true,"href":"https:\/\/theinvisiblecollection.com\/fr\/wp-json\/wp\/v2\/samplecomfabric?post=5899830"},{"taxonomy":"clubroom_product_designer","embeddable":true,"href":"https:\/\/theinvisiblecollection.com\/fr\/wp-json\/wp\/v2\/designer_clubroom?post=5899830"}],"curies":[{"name":"wp","href":"https:\/\/api.w.org\/{rel}","templated":true}]}}

<p style="text-align: justify;">Inspirée de la transformation progressive des roches volcaniques, s&#8217;éclaircissant et se patinant au fil du temps, la collection Radice amorce une transition poétique vers la lumière tout en conservant l&#8217;esprit minéral et sculptural qui caractérise le travail du duo Le Berre Vevaud.</p>

<p>Inspirée de la transformation progressive des roches volcaniques, s&#8217;éclaircissant et se patinant au fil du temps, la collection Radice amorce une transition poétique vers la lumière tout en conservant l&#8217;esprit minéral et sculptural qui caractérise le travail du duo Le Berre Vevaud.</p>
