{"id":62354,"date":"2020-10-02T19:47:12","date_gmt":"2020-10-02T18:47:12","guid":{"rendered":"https:\/\/theinvisiblecollection.com\/?post_type=product&#038;p=62354"},"modified":"2026-05-01T07:39:27","modified_gmt":"2026-05-01T07:39:27","slug":"ozone-applique-line-v","status":"publish","type":"product","link":"https:\/\/theinvisiblecollection.com\/fr\/produit\/ozone-applique-line-v\/","title":{"rendered":"Applique Line V"},"content":{"rendered":"<p style=\"text-align: justify;\">Les lignes \u00e9pur\u00e9es offrent des lignes intemporelles classiques, modernistes ou minimales. Les d\u00e9tails d\u2019assemblage, les finitions m\u00e9talliques et leurs performances lumineuses sont reconnus comme les plus \u00e9lev\u00e9es dans leur cat\u00e9gorie.<\/p>\n","protected":false},"excerpt":{"rendered":"<p>Design par Gounot et Jahnke<\/p>\n<p>Applique ou plafonnier avec structure en aluminium et diffusant papier blanc<br \/>\nAccroche au plafond ou mur par platine laqu\u00e9e blanc<\/p>\n<p>Deux dimensions disponibles :<\/p>\n<p>Moyen : L 8 x l 9 x H 100 cm<br \/>\nou<br \/>\nLarge : L 8 x l 9 x H 200 cm<\/p>\n<p>Fabriqu\u00e9 \u00e0 la main en France<br \/>\nD\u00e9lais de fabrication : 12 \u2013 14 semaines<\/p>\n<p class=\"p1\"><span style=\"text-decoration: underline;\"><span class=\"s1\"><a href=\"https:\/\/www.theinvisiblecollection.com\/fr\/demande-de-devis\/?product_id=62354\">Contactez-nous pour toute demande de devis ou de renseignements<\/a><\/span><\/span><\/p>\n","protected":false},"featured_media":531517,"template":"","meta":{"_acf_changed":false,"content-type":"","_themeisle_gutenberg_block_has_review":false},"product_brand":[],"product_cat":[8975,12507],"product_tag":[9450,11956,11960,22680,31474,31477,35206,8990,9200,9237,9319],"product_designer":[11898,11951],"comfabric":[],"manufacturer":[16738],"reporting_designer":[37576],"samplecomfabric":[],"designer_clubroom":[],"class_list":{"0":"post-62354","1":"product","2":"type-product","3":"status-publish","4":"has-post-thumbnail","6":"product_cat-appliques-murales","7":"product_cat-luminaires","8":"product_tag-suspension-fr-3","9":"product_tag-projecteur-fr","10":"product_tag-ozone-fr","11":"product_tag-applique-murale-fr","12":"product_tag-co-white-fr","13":"product_tag-st-curvy-fr","14":"product_tag-exclusive-fr","15":"product_tag-applique-murale","16":"product_tag-luminaire-fr-2","17":"product_tag-lampe-fr-2","18":"product_tag-plafond","19":"product_designer-ozone-fr","20":"product_designer-gounot-and-jahnke-par-ozone","21":"manufacturer-ozone-fr","22":"reporting_designer-ozone","24":"first","25":"instock","26":"taxable","27":"shipping-taxable","28":"purchasable","29":"product-type-variable"},"acf":[],"_links":{"self":[{"href":"https:\/\/theinvisiblecollection.com\/fr\/wp-json\/wp\/v2\/product\/62354","targetHints":{"allow":["GET"]}}],"collection":[{"href":"https:\/\/theinvisiblecollection.com\/fr\/wp-json\/wp\/v2\/product"}],"about":[{"href":"https:\/\/theinvisiblecollection.com\/fr\/wp-json\/wp\/v2\/types\/product"}],"wp:featuredmedia":[{"embeddable":true,"href":"https:\/\/theinvisiblecollection.com\/fr\/wp-json\/wp\/v2\/media\/531517"}],"wp:attachment":[{"href":"https:\/\/theinvisiblecollection.com\/fr\/wp-json\/wp\/v2\/media?parent=62354"}],"wp:term":[{"taxonomy":"product_brand","embeddable":true,"href":"https:\/\/theinvisiblecollection.com\/fr\/wp-json\/wp\/v2\/product_brand?post=62354"},{"taxonomy":"product_cat","embeddable":true,"href":"https:\/\/theinvisiblecollection.com\/fr\/wp-json\/wp\/v2\/product_cat?post=62354"},{"taxonomy":"product_tag","embeddable":true,"href":"https:\/\/theinvisiblecollection.com\/fr\/wp-json\/wp\/v2\/product_tag?post=62354"},{"taxonomy":"product_designer","embeddable":true,"href":"https:\/\/theinvisiblecollection.com\/fr\/wp-json\/wp\/v2\/product_designer?post=62354"},{"taxonomy":"comfabric","embeddable":true,"href":"https:\/\/theinvisiblecollection.com\/fr\/wp-json\/wp\/v2\/comfabric?post=62354"},{"taxonomy":"manufacturer","embeddable":true,"href":"https:\/\/theinvisiblecollection.com\/fr\/wp-json\/wp\/v2\/manufacturer?post=62354"},{"taxonomy":"reporting_designer","embeddable":true,"href":"https:\/\/theinvisiblecollection.com\/fr\/wp-json\/wp\/v2\/reporting_designer?post=62354"},{"taxonomy":"samplecomfabric","embeddable":true,"href":"https:\/\/theinvisiblecollection.com\/fr\/wp-json\/wp\/v2\/samplecomfabric?post=62354"},{"taxonomy":"clubroom_product_designer","embeddable":true,"href":"https:\/\/theinvisiblecollection.com\/fr\/wp-json\/wp\/v2\/designer_clubroom?post=62354"}],"curies":[{"name":"wp","href":"https:\/\/api.w.org\/{rel}","templated":true}]}}

<p style="text-align: justify;">Les lignes épurées offrent des lignes intemporelles classiques, modernistes ou minimales. Les détails d’assemblage, les finitions métalliques et leurs performances lumineuses sont reconnus comme les plus élevées dans leur catégorie.</p>

<p>Design par Gounot et Jahnke</p>
<p>Applique ou plafonnier avec structure en aluminium et diffusant papier blanc<br />
Accroche au plafond ou mur par platine laquée blanc</p>
<p>Deux dimensions disponibles :</p>
<p>Moyen : L 8 x l 9 x H 100 cm<br />
ou<br />
Large : L 8 x l 9 x H 200 cm</p>
<p>Fabriqué à la main en France<br />
Délais de fabrication : 12 – 14 semaines</p>
<p class="p1"><span style="text-decoration: underline;"><span class="s1"><a href="https://www.theinvisiblecollection.com/fr/demande-de-devis/?product_id=62354">Contactez-nous pour toute demande de devis ou de renseignements</a></span></span></p>
