{"id":63065,"date":"2025-02-21T11:05:05","date_gmt":"2025-02-21T11:05:05","guid":{"rendered":"https:\/\/theinvisiblecollection.com\/?post_type=product&#038;p=63065"},"modified":"2026-05-01T07:39:27","modified_gmt":"2026-05-01T07:39:27","slug":"ozone-lampadaire-brasilia-lh","status":"publish","type":"product","link":"https:\/\/theinvisiblecollection.com\/fr\/produit\/ozone-lampadaire-brasilia-lh\/","title":{"rendered":"Lampadaire Brasilia LH"},"content":{"rendered":"<p style=\"text-align: justify;\">Apr\u00e8s la\u00a0disparition\u00a0de Michel Boyer en 2011, les\u00a0fondateurs\u00a0d\u2019Ozone\u00a0r\u00e9\u00e9ditent la collection Brasilia en hommage\u00a0\u00e0\u00a0une\u00a0lampe\u00a0cr\u00e9\u00e9e\u00a0par\u00a0l\u2019architecte\u00a0en 1974.<\/p>\n","protected":false},"excerpt":{"rendered":"<p>Design par Michel Boyer<\/p>\n<p>Lampadaire avec structure en laiton, aluminium et acier<br \/>\nDiffusant est en polycarbonate et papier blanc<br \/>\nSocle peint en noir laqu\u00e9 et structure diffusante laqu\u00e9e blanc satin\u00e9<br \/>\nEclairage blanc chaud 2200 K \u00e0 LED, 72 W, 3800 Lumens<\/p>\n<p>L 50 x l 50 x H 110 cm<\/p>\n<p>Fabriqu\u00e9 \u00e0 la main en France<br \/>\nD\u00e9lais de fabrication : 12 \u2013 14 semaines<\/p>\n<p class=\"p1\"><span style=\"text-decoration: underline;\"><span class=\"s1\"><a href=\"https:\/\/www.theinvisiblecollection.com\/fr\/demande-de-devis\/?product_id=63065\">Contactez-nous pour toute demande de devis ou de renseignements<\/a><\/span><\/span><\/p>\n","protected":false},"featured_media":1136474,"template":"","meta":{"_acf_changed":false,"content-type":"","_themeisle_gutenberg_block_has_review":false},"product_brand":[],"product_cat":[8966,12507],"product_tag":[11235,11960,11963,22680,22790,31474,31477,35206,8990,8993,9200,9237],"product_designer":[11898,11950],"comfabric":[],"manufacturer":[16738],"reporting_designer":[37576],"samplecomfabric":[],"designer_clubroom":[],"class_list":{"0":"post-63065","1":"product","2":"type-product","3":"status-publish","4":"has-post-thumbnail","6":"product_cat-lampes-sur-pied","7":"product_cat-luminaires","8":"product_tag-reedition-fr-fr","9":"product_tag-ozone-fr","10":"product_tag-boyer-fr","11":"product_tag-applique-murale-fr","12":"product_tag-disponible-immediatement","13":"product_tag-co-white-fr","14":"product_tag-st-curvy-fr","15":"product_tag-exclusive-fr","16":"product_tag-applique-murale","17":"product_tag-salon","18":"product_tag-luminaire-fr-2","19":"product_tag-lampe-fr-2","20":"pa_finish-black-satinee","21":"pa_finish-bronze-fr","22":"pa_finish-canon-de-fusil","23":"product_designer-ozone-fr","24":"product_designer-michel-boyer-par-ozone","25":"manufacturer-ozone-fr","26":"reporting_designer-ozone","27":"exhibitions-new-york-fr","29":"first","30":"instock","31":"taxable","32":"shipping-taxable","33":"purchasable","34":"product-type-simple"},"acf":[],"_links":{"self":[{"href":"https:\/\/theinvisiblecollection.com\/fr\/wp-json\/wp\/v2\/product\/63065","targetHints":{"allow":["GET"]}}],"collection":[{"href":"https:\/\/theinvisiblecollection.com\/fr\/wp-json\/wp\/v2\/product"}],"about":[{"href":"https:\/\/theinvisiblecollection.com\/fr\/wp-json\/wp\/v2\/types\/product"}],"wp:featuredmedia":[{"embeddable":true,"href":"https:\/\/theinvisiblecollection.com\/fr\/wp-json\/wp\/v2\/media\/1136474"}],"wp:attachment":[{"href":"https:\/\/theinvisiblecollection.com\/fr\/wp-json\/wp\/v2\/media?parent=63065"}],"wp:term":[{"taxonomy":"product_brand","embeddable":true,"href":"https:\/\/theinvisiblecollection.com\/fr\/wp-json\/wp\/v2\/product_brand?post=63065"},{"taxonomy":"product_cat","embeddable":true,"href":"https:\/\/theinvisiblecollection.com\/fr\/wp-json\/wp\/v2\/product_cat?post=63065"},{"taxonomy":"product_tag","embeddable":true,"href":"https:\/\/theinvisiblecollection.com\/fr\/wp-json\/wp\/v2\/product_tag?post=63065"},{"taxonomy":"product_designer","embeddable":true,"href":"https:\/\/theinvisiblecollection.com\/fr\/wp-json\/wp\/v2\/product_designer?post=63065"},{"taxonomy":"comfabric","embeddable":true,"href":"https:\/\/theinvisiblecollection.com\/fr\/wp-json\/wp\/v2\/comfabric?post=63065"},{"taxonomy":"manufacturer","embeddable":true,"href":"https:\/\/theinvisiblecollection.com\/fr\/wp-json\/wp\/v2\/manufacturer?post=63065"},{"taxonomy":"reporting_designer","embeddable":true,"href":"https:\/\/theinvisiblecollection.com\/fr\/wp-json\/wp\/v2\/reporting_designer?post=63065"},{"taxonomy":"samplecomfabric","embeddable":true,"href":"https:\/\/theinvisiblecollection.com\/fr\/wp-json\/wp\/v2\/samplecomfabric?post=63065"},{"taxonomy":"clubroom_product_designer","embeddable":true,"href":"https:\/\/theinvisiblecollection.com\/fr\/wp-json\/wp\/v2\/designer_clubroom?post=63065"}],"curies":[{"name":"wp","href":"https:\/\/api.w.org\/{rel}","templated":true}]}}

<p style="text-align: justify;">Après la disparition de Michel Boyer en 2011, les fondateurs d’Ozone rééditent la collection Brasilia en hommage à une lampe créée par l’architecte en 1974.</p>

<p>Design par Michel Boyer</p>
<p>Lampadaire avec structure en laiton, aluminium et acier<br />
Diffusant est en polycarbonate et papier blanc<br />
Socle peint en noir laqué et structure diffusante laquée blanc satiné<br />
Eclairage blanc chaud 2200 K à LED, 72 W, 3800 Lumens</p>
<p>L 50 x l 50 x H 110 cm</p>
<p>Fabriqué à la main en France<br />
Délais de fabrication : 12 – 14 semaines</p>
<p class="p1"><span style="text-decoration: underline;"><span class="s1"><a href="https://www.theinvisiblecollection.com/fr/demande-de-devis/?product_id=63065">Contactez-nous pour toute demande de devis ou de renseignements</a></span></span></p>
