{"id":71623,"date":"2021-06-18T10:00:37","date_gmt":"2021-06-18T09:00:37","guid":{"rendered":"https:\/\/theinvisiblecollection.com\/?post_type=product&#038;p=71623"},"modified":"2026-05-01T07:39:22","modified_gmt":"2026-05-01T07:39:22","slug":"french-cliche-bougeoir-la-vision","status":"publish","type":"product","link":"https:\/\/theinvisiblecollection.com\/fr\/produit\/french-cliche-bougeoir-la-vision\/","title":{"rendered":"Bougeoir La Vision"},"content":{"rendered":"<p style=\"text-align: justify;\">Cette sculpture repr\u00e9sente un \u0153il sculpt\u00e9 par l\u2019artiste Laurent Pernot et install\u00e9 sur un socle tel un fragment historique de mus\u00e9e. Inspir\u00e9e par une th\u00e9orie de la vision d\u00e9finie par des philosophes de l\u2019Antiquit\u00e9, l\u2019iris est ici remplac\u00e9e par une flamme qui lui permet de briller, tel un feu qui s\u2019\u00e9coule de l\u2019int\u00e9rieur.<\/p>\n","protected":false},"excerpt":{"rendered":"<p>Con\u00e7u par Laurent Pernot<br \/>\nBougeoir en pierre et m\u00e9tal peint<\/p>\n<p>L 8 x H 30 cm<\/p>\n<p><span class=\"s1\">Fabriqu\u00e9 a la main en France<br \/>\n<\/span><span class=\"s1\">D\u00e9lais de production : 1 semaine<\/span><\/p>\n<p><span style=\"text-decoration: underline;\"><a href=\"https:\/\/www.theinvisiblecollection.com\/fr\/demande-de-devis\/?product_id=71623\">Contactez-nous pour toute demande de devis ou de renseignements<\/a><\/span><\/p>\n","protected":false},"featured_media":139813,"template":"","meta":{"_acf_changed":false,"content-type":"","_themeisle_gutenberg_block_has_review":false},"product_brand":[],"product_cat":[7517,12529,12531,16319],"product_tag":[8989,9211,22790,31474],"product_designer":[12327],"comfabric":[],"manufacturer":[22105],"reporting_designer":[37459],"samplecomfabric":[],"designer_clubroom":[],"class_list":{"0":"post-71623","1":"product","2":"type-product","3":"status-publish","4":"has-post-thumbnail","6":"product_cat-deco-fr","7":"product_cat-bougies-bougeoirs","8":"product_cat-objets-de-decoration","9":"product_cat-cartes-cadeaux","10":"product_tag-photophore","11":"product_tag-bougie","12":"product_tag-disponible-immediatement","13":"product_tag-co-white-fr","14":"product_designer-french-cliche-fr","15":"manufacturer-french-clich-atelier-2-fr","16":"reporting_designer-french-cliche","17":"exhibitions-new-york-fr","19":"first","20":"instock","21":"taxable","22":"shipping-taxable","23":"purchasable","24":"product-type-simple"},"acf":[],"_links":{"self":[{"href":"https:\/\/theinvisiblecollection.com\/fr\/wp-json\/wp\/v2\/product\/71623","targetHints":{"allow":["GET"]}}],"collection":[{"href":"https:\/\/theinvisiblecollection.com\/fr\/wp-json\/wp\/v2\/product"}],"about":[{"href":"https:\/\/theinvisiblecollection.com\/fr\/wp-json\/wp\/v2\/types\/product"}],"wp:featuredmedia":[{"embeddable":true,"href":"https:\/\/theinvisiblecollection.com\/fr\/wp-json\/wp\/v2\/media\/139813"}],"wp:attachment":[{"href":"https:\/\/theinvisiblecollection.com\/fr\/wp-json\/wp\/v2\/media?parent=71623"}],"wp:term":[{"taxonomy":"product_brand","embeddable":true,"href":"https:\/\/theinvisiblecollection.com\/fr\/wp-json\/wp\/v2\/product_brand?post=71623"},{"taxonomy":"product_cat","embeddable":true,"href":"https:\/\/theinvisiblecollection.com\/fr\/wp-json\/wp\/v2\/product_cat?post=71623"},{"taxonomy":"product_tag","embeddable":true,"href":"https:\/\/theinvisiblecollection.com\/fr\/wp-json\/wp\/v2\/product_tag?post=71623"},{"taxonomy":"product_designer","embeddable":true,"href":"https:\/\/theinvisiblecollection.com\/fr\/wp-json\/wp\/v2\/product_designer?post=71623"},{"taxonomy":"comfabric","embeddable":true,"href":"https:\/\/theinvisiblecollection.com\/fr\/wp-json\/wp\/v2\/comfabric?post=71623"},{"taxonomy":"manufacturer","embeddable":true,"href":"https:\/\/theinvisiblecollection.com\/fr\/wp-json\/wp\/v2\/manufacturer?post=71623"},{"taxonomy":"reporting_designer","embeddable":true,"href":"https:\/\/theinvisiblecollection.com\/fr\/wp-json\/wp\/v2\/reporting_designer?post=71623"},{"taxonomy":"samplecomfabric","embeddable":true,"href":"https:\/\/theinvisiblecollection.com\/fr\/wp-json\/wp\/v2\/samplecomfabric?post=71623"},{"taxonomy":"clubroom_product_designer","embeddable":true,"href":"https:\/\/theinvisiblecollection.com\/fr\/wp-json\/wp\/v2\/designer_clubroom?post=71623"}],"curies":[{"name":"wp","href":"https:\/\/api.w.org\/{rel}","templated":true}]}}

<p style="text-align: justify;">Cette sculpture représente un œil sculpté par l’artiste Laurent Pernot et installé sur un socle tel un fragment historique de musée. Inspirée par une théorie de la vision définie par des philosophes de l’Antiquité, l’iris est ici remplacée par une flamme qui lui permet de briller, tel un feu qui s’écoule de l’intérieur.</p>

<p>Conçu par Laurent Pernot<br />
Bougeoir en pierre et métal peint</p>
<p>L 8 x H 30 cm</p>
<p><span class="s1">Fabriqué a la main en France<br />
</span><span class="s1">Délais de production : 1 semaine</span></p>
<p><span style="text-decoration: underline;"><a href="https://www.theinvisiblecollection.com/fr/demande-de-devis/?product_id=71623">Contactez-nous pour toute demande de devis ou de renseignements</a></span></p>
