{"id":72833,"date":"2025-01-31T08:31:10","date_gmt":"2025-01-31T08:31:10","guid":{"rendered":"https:\/\/theinvisiblecollection.com\/?post_type=product&#038;p=72833"},"modified":"2026-05-01T07:39:22","modified_gmt":"2026-05-01T07:39:22","slug":"louise-liljencrantz-table-basse-cloud","status":"publish","type":"product","link":"https:\/\/theinvisiblecollection.com\/fr\/produit\/louise-liljencrantz-table-basse-cloud\/","title":{"rendered":"Table Basse Cloud"},"content":{"rendered":"<p style=\"text-align: justify;\">Table en noyer ou en ch\u00eane brut verni satin\u00e9,\u00a0\u00a0cr\u00e9\u00e9e par Louise Liljencrantz et KFK Cabinet Makers pour leur collection Veermakers qui incarne l&#8217;esth\u00e9tique et le savoir faire in\u00e9gal\u00e9 de ses fondateurs. Fabriqu\u00e9e dans des mat\u00e9riaux magnifiques &#8211; bois naturel, pierre et acier \u2013 la collection pr\u00e9sente de beaux designs, dont trois tabourets diff\u00e9rents en noyer et en ch\u00eane, la table basse Cloud en noyer ou en ch\u00eane et la table Eight en acier br\u00fbl\u00e9 \u00e0 l&#8217;huile de lin. Chaque design est anim\u00e9 par le mat\u00e9riau naturel dont il est fait, ce qui rend chaque pi\u00e8ce unique.<\/p>\n","protected":false},"excerpt":{"rendered":"<p data-pm-slice=\"1 1 []\"><span class=\"fabric-text-color-mark\" data-text-custom-color=\"#ff5630\">Collection Veermakers<\/span><br \/>\n<span class=\"fabric-text-color-mark\" data-text-custom-color=\"#ff5630\">Table basse en ch\u00eane brut miel, vernis transparent satin\u00e9<\/span><br \/>\n<span class=\"fabric-text-color-mark\" data-text-custom-color=\"#ff5630\">Pi\u00e8tement en ch\u00eane avec finition fonc\u00e9e<\/span><br \/>\n<span class=\"fabric-text-color-mark\" data-text-custom-color=\"#ff5630\">\u00c9galement disponible en noyer et pi\u00e8tement laque brillante (version plus fonc\u00e9e) ou en <\/span><a href=\"https:\/\/theinvisiblecollection.com\/fr\/produit\/louise-liljencrantz-table-basse-cloud-chunky\/\" target=\"_blank\" rel=\"noopener\"><span class=\"fabric-text-color-mark\" data-text-custom-color=\"#ff5630\"><u>acajou<\/u><\/span><\/a><br \/>\n<a href=\"https:\/\/theinvisiblecollection.com\/wp-content\/uploads\/2022\/11\/TheInvisibleCollection_Veermakers_Liljencrantz_WoodSelection_CloudCoffeeTable.jpg\" target=\"_blank\" rel=\"noopener\"><span class=\"fabric-text-color-mark\" data-text-custom-color=\"#ff5630\"><u>D\u00e9couvrez la s\u00e9lection de bois ici<\/u><\/span><\/a><br \/>\n<span class=\"fabric-text-color-mark\" data-text-custom-color=\"#ff5630\">Chaque table est unique en raison de sa nature artisanale, les formes et les teintes varient l\u00e9g\u00e8rement<\/span><br \/>\n<span class=\"fabric-text-color-mark\" data-text-custom-color=\"#ff5630\">Dimensions, finitions et bois sur-mesure sur demande<\/span><\/p>\n<p data-pm-slice=\"1 1 []\">Disponible en deux dimensions:<br \/>\nMoyen : L 145 x l 102 x H 30 cm<br \/>\nLarge : L 181 x l 126 x H 30 cm<\/p>\n<p>Fabriqu\u00e9e \u00e0 la main \u00e0 Stockholm, en Su\u00e8de<br \/>\nD\u00e9lais de fabrication : 12 &#8211; 14 semaines<\/p>\n<p class=\"p1\"><span style=\"text-decoration: underline;\"><span class=\"s1\"><a href=\"https:\/\/www.theinvisiblecollection.com\/fr\/demande-de-devis\/?product_id=72833\">Contactez-nous pour toute demande de devis ou de renseignements<\/a><\/span><\/span><\/p>\n","protected":false},"featured_media":5835606,"template":"","meta":{"_acf_changed":false,"content-type":"","_themeisle_gutenberg_block_has_review":false},"product_brand":[],"product_cat":[7509,12503],"product_tag":[9066,10268,12464,12465,14925,31477,35326,8855,9001],"product_designer":[8899],"comfabric":[],"manufacturer":[32679],"reporting_designer":[],"samplecomfabric":[],"designer_clubroom":[],"class_list":{"0":"post-72833","1":"product","2":"type-product","3":"status-publish","4":"has-post-thumbnail","6":"product_cat-tables-basses-dappoint","7":"product_cat-tables-fr","8":"product_tag-table-basse","9":"product_tag-louise-liljencrantz-fr-fr","10":"product_tag-liljencrantz-fr","11":"product_tag-walnut-fr","12":"product_tag-hpfav-fr","13":"product_tag-st-curvy-fr","14":"product_tag-st-scandinavian-fr","15":"product_tag-table-fr-3","16":"product_tag-chene","17":"pa_size-large-fr-2","18":"pa_size-moyen-fr","19":"pa_wood-plateau-en-chene-brut-pietement-en-chene-fonce","20":"pa_wood-plateau-en-noyer-pietement-en-noyer-laque-brillant","21":"product_designer-veermakers-par-louise-liljencrantz-fr","22":"manufacturer-louise-liljencrantz-finland-atelier-fr","23":"exhibitions-paris-fr","24":"exhibitions-londres-fr","26":"first","27":"instock","28":"taxable","29":"shipping-taxable","30":"purchasable","31":"product-type-variable"},"acf":[],"_links":{"self":[{"href":"https:\/\/theinvisiblecollection.com\/fr\/wp-json\/wp\/v2\/product\/72833","targetHints":{"allow":["GET"]}}],"collection":[{"href":"https:\/\/theinvisiblecollection.com\/fr\/wp-json\/wp\/v2\/product"}],"about":[{"href":"https:\/\/theinvisiblecollection.com\/fr\/wp-json\/wp\/v2\/types\/product"}],"wp:featuredmedia":[{"embeddable":true,"href":"https:\/\/theinvisiblecollection.com\/fr\/wp-json\/wp\/v2\/media\/5835606"}],"wp:attachment":[{"href":"https:\/\/theinvisiblecollection.com\/fr\/wp-json\/wp\/v2\/media?parent=72833"}],"wp:term":[{"taxonomy":"product_brand","embeddable":true,"href":"https:\/\/theinvisiblecollection.com\/fr\/wp-json\/wp\/v2\/product_brand?post=72833"},{"taxonomy":"product_cat","embeddable":true,"href":"https:\/\/theinvisiblecollection.com\/fr\/wp-json\/wp\/v2\/product_cat?post=72833"},{"taxonomy":"product_tag","embeddable":true,"href":"https:\/\/theinvisiblecollection.com\/fr\/wp-json\/wp\/v2\/product_tag?post=72833"},{"taxonomy":"product_designer","embeddable":true,"href":"https:\/\/theinvisiblecollection.com\/fr\/wp-json\/wp\/v2\/product_designer?post=72833"},{"taxonomy":"comfabric","embeddable":true,"href":"https:\/\/theinvisiblecollection.com\/fr\/wp-json\/wp\/v2\/comfabric?post=72833"},{"taxonomy":"manufacturer","embeddable":true,"href":"https:\/\/theinvisiblecollection.com\/fr\/wp-json\/wp\/v2\/manufacturer?post=72833"},{"taxonomy":"reporting_designer","embeddable":true,"href":"https:\/\/theinvisiblecollection.com\/fr\/wp-json\/wp\/v2\/reporting_designer?post=72833"},{"taxonomy":"samplecomfabric","embeddable":true,"href":"https:\/\/theinvisiblecollection.com\/fr\/wp-json\/wp\/v2\/samplecomfabric?post=72833"},{"taxonomy":"clubroom_product_designer","embeddable":true,"href":"https:\/\/theinvisiblecollection.com\/fr\/wp-json\/wp\/v2\/designer_clubroom?post=72833"}],"curies":[{"name":"wp","href":"https:\/\/api.w.org\/{rel}","templated":true}]}}

<p style="text-align: justify;">Table en noyer ou en chêne brut verni satiné,  créée par Louise Liljencrantz et KFK Cabinet Makers pour leur collection Veermakers qui incarne l&#8217;esthétique et le savoir faire inégalé de ses fondateurs. Fabriquée dans des matériaux magnifiques &#8211; bois naturel, pierre et acier – la collection présente de beaux designs, dont trois tabourets différents en noyer et en chêne, la table basse Cloud en noyer ou en chêne et la table Eight en acier brûlé à l&#8217;huile de lin. Chaque design est animé par le matériau naturel dont il est fait, ce qui rend chaque pièce unique.</p>

<p data-pm-slice="1 1 []"><span class="fabric-text-color-mark" data-text-custom-color="#ff5630">Collection Veermakers</span><br />
<span class="fabric-text-color-mark" data-text-custom-color="#ff5630">Table basse en chêne brut miel, vernis transparent satiné</span><br />
<span class="fabric-text-color-mark" data-text-custom-color="#ff5630">Piètement en chêne avec finition foncée</span><br />
<span class="fabric-text-color-mark" data-text-custom-color="#ff5630">Également disponible en noyer et piètement laque brillante (version plus foncée) ou en </span><a href="https://theinvisiblecollection.com/fr/produit/louise-liljencrantz-table-basse-cloud-chunky/" target="_blank" rel="noopener"><span class="fabric-text-color-mark" data-text-custom-color="#ff5630"><u>acajou</u></span></a><br />
<a href="https://theinvisiblecollection.com/wp-content/uploads/2022/11/TheInvisibleCollection_Veermakers_Liljencrantz_WoodSelection_CloudCoffeeTable.jpg" target="_blank" rel="noopener"><span class="fabric-text-color-mark" data-text-custom-color="#ff5630"><u>Découvrez la sélection de bois ici</u></span></a><br />
<span class="fabric-text-color-mark" data-text-custom-color="#ff5630">Chaque table est unique en raison de sa nature artisanale, les formes et les teintes varient légèrement</span><br />
<span class="fabric-text-color-mark" data-text-custom-color="#ff5630">Dimensions, finitions et bois sur-mesure sur demande</span></p>
<p data-pm-slice="1 1 []">Disponible en deux dimensions:<br />
Moyen : L 145 x l 102 x H 30 cm<br />
Large : L 181 x l 126 x H 30 cm</p>
<p>Fabriquée à la main à Stockholm, en Suède<br />
Délais de fabrication : 12 &#8211; 14 semaines</p>
<p class="p1"><span style="text-decoration: underline;"><span class="s1"><a href="https://www.theinvisiblecollection.com/fr/demande-de-devis/?product_id=72833">Contactez-nous pour toute demande de devis ou de renseignements</a></span></span></p>
