{"id":75597,"date":"2021-04-30T23:00:02","date_gmt":"2021-04-30T22:00:02","guid":{"rendered":"https:\/\/theinvisiblecollection.com\/?post_type=product&#038;p=75597"},"modified":"2026-05-01T07:39:22","modified_gmt":"2026-05-01T07:39:22","slug":"table-inside-out","status":"publish","type":"product","link":"https:\/\/theinvisiblecollection.com\/fr\/produit\/table-inside-out\/","title":{"rendered":"Table Inside Out"},"content":{"rendered":"<p style=\"text-align: justify;\">D&#8217;un design sans cesse \u00e9tonnant, Inside Out est disponible en table et console pour la collection 2020. Karen Chekerdjian pr\u00e9sente son chef d&#8217;\u0153uvre en deux nouvelles options essentielles sans perdre la valeur ajout\u00e9e apport\u00e9e par l&#8217;interchangeabilit\u00e9 de ses accessoires : cendrier, bougeoir et corbeille de fruits, \u00e9galement vendus s\u00e9par\u00e9ment. Des accessoires de design qui sont, en eux-m\u00eames, des objets exquis pour personnaliser notre environnement.\u00a0\u00a0Toujours \u00e0 la recherche de la couleur qui, plus que jamais, met en\u00a0valeur\u00a0la\u00a0puret\u00e9\u00a0des\u00a0formes.<\/p>\n","protected":false},"excerpt":{"rendered":"<p>Design par\u00a0Karen Chekerdjian<br \/>\nMarbre Bianco Arabescato<br \/>\nDimensions et mat\u00e9riaux sur-mesure sur demande<\/p>\n<p>\u00d8 120 x \u00d8 44 x H 74 cm<\/p>\n<p>R\u00e9alis\u00e9 \u00e0 la main en Italie<br \/>\nD\u00e9lais de production : 8 semaines<\/p>\n<p><span style=\"text-decoration: underline;\"><a href=\"https:\/\/www.theinvisiblecollection.com\/fr\/demande-de-devis\/?product_id=75597\" target=\"_blank\" rel=\"noopener\">Contactez-nous pour toute demande de devis ou de renseignements<\/a><\/span><\/p>\n","protected":false},"featured_media":75607,"template":"","meta":{"_acf_changed":false,"content-type":"","_themeisle_gutenberg_block_has_review":false},"product_brand":[],"product_cat":[8977,12503],"product_tag":[11257,11544,9016,9030,9059,9066,10871],"product_designer":[8892,8905],"comfabric":[],"manufacturer":[16732],"reporting_designer":[37664],"samplecomfabric":[],"designer_clubroom":[],"class_list":{"0":"post-75597","1":"product","2":"type-product","3":"status-publish","4":"has-post-thumbnail","6":"product_cat-tables-salle-a-manger","7":"product_cat-tables-fr","8":"product_tag-karen-chekerdjian-fr-2","9":"product_tag-tables-irresistibles","10":"product_tag-chambre-fr-2","11":"product_tag-marbre-fr-2","12":"product_tag-gueridon-fr-2","13":"product_tag-table-basse","14":"product_tag-nero-marquinia-fr-fr","15":"pa_material-marbre-nero-marquina-fr","16":"pa_material-marbre-rosso-levanto-fr","17":"product_designer-mmairo-fr","18":"product_designer-karen-chekerdjian-fr","19":"manufacturer-mmairo-fr","20":"reporting_designer-mmairo","22":"first","23":"instock","24":"featured","25":"taxable","26":"shipping-taxable","27":"purchasable","28":"product-type-simple"},"acf":[],"_links":{"self":[{"href":"https:\/\/theinvisiblecollection.com\/fr\/wp-json\/wp\/v2\/product\/75597","targetHints":{"allow":["GET"]}}],"collection":[{"href":"https:\/\/theinvisiblecollection.com\/fr\/wp-json\/wp\/v2\/product"}],"about":[{"href":"https:\/\/theinvisiblecollection.com\/fr\/wp-json\/wp\/v2\/types\/product"}],"wp:featuredmedia":[{"embeddable":true,"href":"https:\/\/theinvisiblecollection.com\/fr\/wp-json\/wp\/v2\/media\/75607"}],"wp:attachment":[{"href":"https:\/\/theinvisiblecollection.com\/fr\/wp-json\/wp\/v2\/media?parent=75597"}],"wp:term":[{"taxonomy":"product_brand","embeddable":true,"href":"https:\/\/theinvisiblecollection.com\/fr\/wp-json\/wp\/v2\/product_brand?post=75597"},{"taxonomy":"product_cat","embeddable":true,"href":"https:\/\/theinvisiblecollection.com\/fr\/wp-json\/wp\/v2\/product_cat?post=75597"},{"taxonomy":"product_tag","embeddable":true,"href":"https:\/\/theinvisiblecollection.com\/fr\/wp-json\/wp\/v2\/product_tag?post=75597"},{"taxonomy":"product_designer","embeddable":true,"href":"https:\/\/theinvisiblecollection.com\/fr\/wp-json\/wp\/v2\/product_designer?post=75597"},{"taxonomy":"comfabric","embeddable":true,"href":"https:\/\/theinvisiblecollection.com\/fr\/wp-json\/wp\/v2\/comfabric?post=75597"},{"taxonomy":"manufacturer","embeddable":true,"href":"https:\/\/theinvisiblecollection.com\/fr\/wp-json\/wp\/v2\/manufacturer?post=75597"},{"taxonomy":"reporting_designer","embeddable":true,"href":"https:\/\/theinvisiblecollection.com\/fr\/wp-json\/wp\/v2\/reporting_designer?post=75597"},{"taxonomy":"samplecomfabric","embeddable":true,"href":"https:\/\/theinvisiblecollection.com\/fr\/wp-json\/wp\/v2\/samplecomfabric?post=75597"},{"taxonomy":"clubroom_product_designer","embeddable":true,"href":"https:\/\/theinvisiblecollection.com\/fr\/wp-json\/wp\/v2\/designer_clubroom?post=75597"}],"curies":[{"name":"wp","href":"https:\/\/api.w.org\/{rel}","templated":true}]}}

<p style="text-align: justify;">D&#8217;un design sans cesse étonnant, Inside Out est disponible en table et console pour la collection 2020. Karen Chekerdjian présente son chef d&#8217;œuvre en deux nouvelles options essentielles sans perdre la valeur ajoutée apportée par l&#8217;interchangeabilité de ses accessoires : cendrier, bougeoir et corbeille de fruits, également vendus séparément. Des accessoires de design qui sont, en eux-mêmes, des objets exquis pour personnaliser notre environnement.  Toujours à la recherche de la couleur qui, plus que jamais, met en valeur la pureté des formes.</p>

<p>Design par Karen Chekerdjian<br />
Marbre Bianco Arabescato<br />
Dimensions et matériaux sur-mesure sur demande</p>
<p>Ø 120 x Ø 44 x H 74 cm</p>
<p>Réalisé à la main en Italie<br />
Délais de production : 8 semaines</p>
<p><span style="text-decoration: underline;"><a href="https://www.theinvisiblecollection.com/fr/demande-de-devis/?product_id=75597" target="_blank" rel="noopener">Contactez-nous pour toute demande de devis ou de renseignements</a></span></p>
